000
CDUS43 KPAH 240629
CLIEVV


CLIMATE REPORT
NATIONAL WEATHER SERVICE PADUCAH KY
127 AM CDT FRI APR 24 2015


...................................

...THE EVANSVILLE IN CLIMATE SUMMARY FOR APRIL 23 2015...

CLIMATE NORMAL PERIOD 1981 TO 2010
CLIMATE RECORD PERIOD 1896 TO 2015


WEATHER ITEM   OBSERVED TIME   RECORD YEAR NORMAL DEPARTURE LAST
                VALUE   (LST)  VALUE       VALUE  FROM      YEAR
                                                  NORMAL
..................................................................
TEMPERATURE (F)
 YESTERDAY
  MAXIMUM         63    421 PM  89    1925  70     -7       67
  MINIMUM         37    459 AM  29    1986  47    -10       44
  AVERAGE         50                        59     -9       56

PRECIPITATION (IN)
  YESTERDAY        0.00          3.95 1955   0.15  -0.15     0.00
  MONTH TO DATE    6.26                      3.24   3.02     8.05
  SINCE MAR 1     13.11                      7.48   5.63    10.90
  SINCE JAN 1     18.64                     13.75   4.89    14.85

SNOWFALL (IN)
  YESTERDAY        0.0           T    1953   0.0    0.0      0.0
  MONTH TO DATE    0.0                       0.1   -0.1      0.0
  SINCE MAR 1      8.5                       1.1    7.4      2.6
  SINCE JUL 1     18.5                      11.8    6.7     12.6
  SNOW DEPTH       0

DEGREE DAYS
 HEATING
  YESTERDAY       15                         7      8        9
  MONTH TO DATE  135                       245   -110      195
  SINCE MAR 1    754                       837    -83      908
  SINCE JUL 1   4590                      4411    179     4870

 COOLING
  YESTERDAY        0                         1     -1        0
  MONTH TO DATE   28                        15     13        5
  SINCE MAR 1     28                        18     10        5
  SINCE JAN 1     28                        18     10        5
..................................................................


WIND (MPH)
  HIGHEST WIND SPEED    21   HIGHEST WIND DIRECTION     N (340)
  HIGHEST GUST SPEED    28   HIGHEST GUST DIRECTION     N (340)
  AVERAGE WIND SPEED     6.5


SKY COVER
  AVERAGE SKY COVER 0.0


WEATHER CONDITIONS
 THE FOLLOWING WEATHER WAS RECORDED YESTERDAY.
  NO SIGNIFICANT WEATHER WAS OBSERVED.


RELATIVE HUMIDITY (PERCENT)
 HIGHEST    70
 LOWEST     20
 AVERAGE    45

..........................................................


THE EVANSVILLE IN CLIMATE NORMALS FOR TODAY
                         NORMAL    RECORD    YEAR
 MAXIMUM TEMPERATURE (F)   71        89      1925
 MINIMUM TEMPERATURE (F)   47        30      1963
                                             1910


SUNRISE AND SUNSET
APRIL 24 2015.........SUNRISE   603 AM CDT   SUNSET   734 PM CDT
APRIL 25 2015.........SUNRISE   602 AM CDT   SUNSET   735 PM CDT


-  INDICATES NEGATIVE NUMBERS.
R  INDICATES RECORD WAS SET OR TIED.
MM INDICATES DATA IS MISSING.
T  INDICATES TRACE AMOUNT.




$$
