000
CDUS43 KPAH 170630
CLIEVV


CLIMATE REPORT
NATIONAL WEATHER SERVICE PADUCAH KY
127 AM CDT FRI APR 17 2015


...................................

...THE EVANSVILLE IN CLIMATE SUMMARY FOR APRIL 16 2015...

CLIMATE NORMAL PERIOD 1981 TO 2010
CLIMATE RECORD PERIOD 1896 TO 2015


WEATHER ITEM   OBSERVED TIME   RECORD YEAR NORMAL DEPARTURE LAST
                VALUE   (LST)  VALUE       VALUE  FROM      YEAR
                                                  NORMAL
..................................................................
TEMPERATURE (F)
 YESTERDAY
  MAXIMUM         75    401 PM  90    1967  68      7       55
  MINIMUM         55   1248 AM  28    1962  45     10       32
  AVERAGE         65                        56      9       44

PRECIPITATION (IN)
  YESTERDAY        0.12          1.60 1982   0.14  -0.02     0.00
  MONTH TO DATE    4.25                      2.17   2.08     8.03
  SINCE MAR 1     11.10                      6.41   4.69    10.88
  SINCE JAN 1     16.63                     12.68   3.95    14.83

SNOWFALL (IN)
  YESTERDAY        0.0           T    1961   0.0    0.0      0.0
  MONTH TO DATE    0.0                       0.1   -0.1      0.0
  SINCE MAR 1      8.5                       1.1    7.4      2.6
  SINCE JUL 1     18.5                      11.8    6.7     12.6
  SNOW DEPTH       0

DEGREE DAYS
 HEATING
  YESTERDAY        0                         9     -9       21
  MONTH TO DATE   82                       187   -105      161
  SINCE MAR 1    701                       779    -78      874
  SINCE JUL 1   4537                      4353    184     4836

 COOLING
  YESTERDAY        0                         1     -1        0
  MONTH TO DATE   21                         8     13        5
  SINCE MAR 1     21                        11     10        5
  SINCE JAN 1     21                        11     10        5
..................................................................


WIND (MPH)
  HIGHEST WIND SPEED    10   HIGHEST WIND DIRECTION    SW (240)
  HIGHEST GUST SPEED    13   HIGHEST GUST DIRECTION     W (250)
  AVERAGE WIND SPEED     3.4


SKY COVER
  AVERAGE SKY COVER 0.5


WEATHER CONDITIONS
 THE FOLLOWING WEATHER WAS RECORDED YESTERDAY.
  THUNDERSTORM
  HEAVY RAIN
  LIGHT RAIN
  FOG
  FOG W/VISIBILITY <= 1/4 MILE


RELATIVE HUMIDITY (PERCENT)
 HIGHEST   100
 LOWEST     61
 AVERAGE    81

..........................................................


THE EVANSVILLE IN CLIMATE NORMALS FOR TODAY
                         NORMAL    RECORD    YEAR
 MAXIMUM TEMPERATURE (F)   68        88      1977
 MINIMUM TEMPERATURE (F)   45        28      1951


SUNRISE AND SUNSET
APRIL 17 2015.........SUNRISE   612 AM CDT   SUNSET   728 PM CDT
APRIL 18 2015.........SUNRISE   611 AM CDT   SUNSET   729 PM CDT


-  INDICATES NEGATIVE NUMBERS.
R  INDICATES RECORD WAS SET OR TIED.
MM INDICATES DATA IS MISSING.
T  INDICATES TRACE AMOUNT.




$$
