000
CDUS43 KPAH 060648
CLIEVV


CLIMATE REPORT
NATIONAL WEATHER SERVICE PADUCAH KY
143 AM CDT WED MAY 6 2015


...................................

...THE EVANSVILLE IN CLIMATE SUMMARY FOR MAY 5 2015...

CLIMATE NORMAL PERIOD 1981 TO 2010
CLIMATE RECORD PERIOD 1896 TO 2015


WEATHER ITEM   OBSERVED TIME   RECORD YEAR NORMAL DEPARTURE LAST
                VALUE   (LST)  VALUE       VALUE  FROM      YEAR
                                                  NORMAL
..................................................................
TEMPERATURE (F)
 YESTERDAY
  MAXIMUM         85    333 PM  93    1959  74     11       87
                                      1952
  MINIMUM         59    543 AM  36    1957  51      8       55
                                      1944
  AVERAGE         72                        62     10       71

PRECIPITATION (IN)
  YESTERDAY        0.00          1.16 1999   0.18  -0.18     0.00
  MONTH TO DATE    0.00                      0.86  -0.86      T
  SINCE MAR 1     13.47                      9.47   4.00    13.82
  SINCE JAN 1     19.00                     15.74   3.26    17.77

SNOWFALL (IN)
  YESTERDAY        0.0           0.0  2002   0.0    0.0      0.0
                                      2001
  MONTH TO DATE    0.0                       0.0    0.0      0.0
  SINCE MAR 1      8.5                       1.1    7.4      2.6
  SINCE JUL 1     18.5                      11.8    6.7     12.6
  SNOW DEPTH       0

DEGREE DAYS
 HEATING
  YESTERDAY        0                         4     -4        0
  MONTH TO DATE   12                        23    -11       32
  SINCE MAR 1    827                       904    -77      958
  SINCE JUL 1   4663                      4478    185     4920

 COOLING
  YESTERDAY        7                         2      5        6
  MONTH TO DATE   16                         7      9        7
  SINCE MAR 1     44                        34     10       17
  SINCE JAN 1     44                        34     10       17
..................................................................


WIND (MPH)
  HIGHEST WIND SPEED    16   HIGHEST WIND DIRECTION    SW (230)
  HIGHEST GUST SPEED    19   HIGHEST GUST DIRECTION    SW (230)
  AVERAGE WIND SPEED     4.6


SKY COVER
  AVERAGE SKY COVER 0.1


WEATHER CONDITIONS
 THE FOLLOWING WEATHER WAS RECORDED YESTERDAY.
  FOG
  HAZE


RELATIVE HUMIDITY (PERCENT)
 HIGHEST    84
 LOWEST     32
 AVERAGE    58

..........................................................


THE EVANSVILLE IN CLIMATE NORMALS FOR TODAY
                         NORMAL    RECORD    YEAR
 MAXIMUM TEMPERATURE (F)   74        91      2012
                                             1949
 MINIMUM TEMPERATURE (F)   51        34      1944


SUNRISE AND SUNSET
MAY  6 2015...........SUNRISE   549 AM CDT   SUNSET   745 PM CDT
MAY  7 2015...........SUNRISE   548 AM CDT   SUNSET   746 PM CDT


-  INDICATES NEGATIVE NUMBERS.
R  INDICATES RECORD WAS SET OR TIED.
MM INDICATES DATA IS MISSING.
T  INDICATES TRACE AMOUNT.




$$
