000
CDUS43 KPAH 250636
CLIPAH


CLIMATE REPORT
NATIONAL WEATHER SERVICE PADUCAH KY
133 AM CDT SAT APR 25 2015


...................................

...THE PADUCAH KY CLIMATE SUMMARY FOR APRIL 24 2015...

CLIMATE NORMAL PERIOD 1981 TO 2010
CLIMATE RECORD PERIOD 1937 TO 2015


WEATHER ITEM   OBSERVED TIME   RECORD YEAR NORMAL DEPARTURE LAST
                VALUE   (LST)  VALUE       VALUE  FROM      YEAR
                                                  NORMAL
..................................................................
TEMPERATURE (F)
 YESTERDAY
  MAXIMUM         64   1032 AM  88    1965  72     -8       80
  MINIMUM         42    451 AM  33    1963  49     -7       50
  AVERAGE         53                        61     -8       65

PRECIPITATION (IN)
  YESTERDAY        T             3.87 2011   0.18  -0.18     0.18
  MONTH TO DATE    5.88                      3.73   2.15     5.01
  SINCE MAR 1     14.61                      7.66   6.95     8.66
  SINCE JAN 1     21.90                     15.25   6.65    13.84

SNOWFALL (IN)
  YESTERDAY        0.0           0.0  2002   0.0    0.0      0.0
                                      2001
  MONTH TO DATE    0.0                       0.0    0.0      0.0
  SINCE MAR 1     12.1                       0.6   11.5      5.6
  SINCE JUL 1     28.6                       9.1   19.5     18.5
  SNOW DEPTH       0

DEGREE DAYS
 HEATING
  YESTERDAY       12                         6      6        0
  MONTH TO DATE  121                       215    -94      166
  SINCE MAR 1    716                       738    -22      812
  SINCE JUL 1   4385                      4034    351     4467

 COOLING
  YESTERDAY        0                         2     -2        0
  MONTH TO DATE   38                        26     12       23
  SINCE MAR 1     39                        33      6       23
  SINCE JAN 1     39                        33      6       23
..................................................................


WIND (MPH)
  HIGHEST WIND SPEED    15   HIGHEST WIND DIRECTION    SE (130)
  HIGHEST GUST SPEED    19   HIGHEST GUST DIRECTION     S (160)
  AVERAGE WIND SPEED     5.9


SKY COVER
  POSSIBLE SUNSHINE  MM
  AVERAGE SKY COVER 0.6


WEATHER CONDITIONS
 THE FOLLOWING WEATHER WAS RECORDED YESTERDAY.
  NO SIGNIFICANT WEATHER WAS OBSERVED.


RELATIVE HUMIDITY (PERCENT)
 HIGHEST    89           300 AM
 LOWEST     32          1000 AM
 AVERAGE    61

..........................................................


THE PADUCAH KY CLIMATE NORMALS FOR TODAY
                         NORMAL    RECORD    YEAR
 MAXIMUM TEMPERATURE (F)   72        88      1986
 MINIMUM TEMPERATURE (F)   50        32      2013


SUNRISE AND SUNSET
APRIL 25 2015.........SUNRISE   608 AM CDT   SUNSET   739 PM CDT
APRIL 26 2015.........SUNRISE   607 AM CDT   SUNSET   740 PM CDT


-  INDICATES NEGATIVE NUMBERS.
R  INDICATES RECORD WAS SET OR TIED.
MM INDICATES DATA IS MISSING.
T  INDICATES TRACE AMOUNT.

.........................................................

***** AGRICULTURAL DATA *****

SOIL TEMPERATURES AT A DEPTH OF FOUR INCHES

UNDER GRASS...  MAXIMUM: 61  MINIMUM: 60

$$
