000
CDUS43 KPAH 010629
CLIPAH


CLIMATE REPORT
NATIONAL WEATHER SERVICE PADUCAH KY
127 AM CDT FRI MAY 1 2015


...................................

...THE PADUCAH KY CLIMATE SUMMARY FOR APRIL 30 2015...

CLIMATE NORMAL PERIOD 1981 TO 2010
CLIMATE RECORD PERIOD 1937 TO 2015


WEATHER ITEM   OBSERVED TIME   RECORD YEAR NORMAL DEPARTURE LAST
                VALUE   (LST)  VALUE       VALUE  FROM      YEAR
                                                  NORMAL
..................................................................
TEMPERATURE (F)
 YESTERDAY
  MAXIMUM         73    134 PM  88    2007  74     -1       58
  MINIMUM         44    532 AM  35    1969  51     -7       45
  AVERAGE         59                        63     -4       52

PRECIPITATION (IN)
  YESTERDAY        0.00          2.14 1983   0.17  -0.17     0.00
  MONTH TO DATE    5.89                      4.76   1.13     8.47
  SINCE MAR 1     14.62                      8.69   5.93    12.12
  SINCE JAN 1     21.91                     16.28   5.63    17.30

SNOWFALL (IN)
  YESTERDAY        0.0           T    2006   0.0    0.0      0.0
                                      1990
  MONTH TO DATE    0.0                       T      0.0      0.0
  SINCE MAR 1     12.1                       0.6   11.5      5.6
  SINCE JUL 1     28.6                       9.1   19.5     18.5
  SNOW DEPTH       0

DEGREE DAYS
 HEATING
  YESTERDAY        6                         4      2       13
  MONTH TO DATE  161                       244    -83      183
  SINCE MAR 1    756                       768    -12      829
  SINCE JUL 1   4425                      4064    361     4484

 COOLING
  YESTERDAY        0                         2     -2        0
  MONTH TO DATE   41                        35      6       30
  SINCE MAR 1     42                        42      0       30
  SINCE JAN 1     42                        42      0       30
..................................................................


WIND (MPH)
  HIGHEST WIND SPEED    21   HIGHEST WIND DIRECTION     N (360)
  HIGHEST GUST SPEED    27   HIGHEST GUST DIRECTION     N (10)
  AVERAGE WIND SPEED     8.6


SKY COVER
  POSSIBLE SUNSHINE  MM
  AVERAGE SKY COVER 0.2


WEATHER CONDITIONS
 THE FOLLOWING WEATHER WAS RECORDED YESTERDAY.
  NO SIGNIFICANT WEATHER WAS OBSERVED.


RELATIVE HUMIDITY (PERCENT)
 HIGHEST    92           300 AM
 LOWEST     28           400 PM
 AVERAGE    60

..........................................................


THE PADUCAH KY CLIMATE NORMALS FOR TODAY
                         NORMAL    RECORD    YEAR
 MAXIMUM TEMPERATURE (F)   74        90      1951
 MINIMUM TEMPERATURE (F)   52        34      1963


SUNRISE AND SUNSET
MAY  1 2015...........SUNRISE   601 AM CDT   SUNSET   744 PM CDT
MAY  2 2015...........SUNRISE   600 AM CDT   SUNSET   745 PM CDT


-  INDICATES NEGATIVE NUMBERS.
R  INDICATES RECORD WAS SET OR TIED.
MM INDICATES DATA IS MISSING.
T  INDICATES TRACE AMOUNT.

.........................................................

***** AGRICULTURAL DATA *****

SOIL TEMPERATURES AT A DEPTH OF FOUR INCHES

UNDER GRASS...  MAXIMUM: 60  MINIMUM: 59


$$
