000
CDUS43 KPAH 240629
CLIPAH


CLIMATE REPORT
NATIONAL WEATHER SERVICE PADUCAH KY
127 AM CDT FRI APR 24 2015


...................................

...THE PADUCAH KY CLIMATE SUMMARY FOR APRIL 23 2015...

CLIMATE NORMAL PERIOD 1981 TO 2010
CLIMATE RECORD PERIOD 1937 TO 2015


WEATHER ITEM   OBSERVED TIME   RECORD YEAR NORMAL DEPARTURE LAST
                VALUE   (LST)  VALUE       VALUE  FROM      YEAR
                                                  NORMAL
..................................................................
TEMPERATURE (F)
 YESTERDAY
  MAXIMUM         68    324 PM  87    1965  72     -4       71
  MINIMUM         37    447 AM  30    1986  49    -12       43
  AVERAGE         53                        60     -7       57

PRECIPITATION (IN)
  YESTERDAY        0.00          1.73 1966   0.17  -0.17     0.00
  MONTH TO DATE    5.88                      3.55   2.33     4.83
  SINCE MAR 1     14.61                      7.48   7.13     8.48
  SINCE JAN 1     21.90                     15.07   6.83    13.66

SNOWFALL (IN)
  YESTERDAY        0.0         602.0  2009   0.0    0.0      0.0
  MONTH TO DATE    0.0                       0.0    0.0      0.0
  SINCE MAR 1     12.1                       0.6   11.5      5.6
  SINCE JUL 1     28.6                       9.1   19.5     18.5
  SNOW DEPTH       0

DEGREE DAYS
 HEATING
  YESTERDAY       12                         6      6        8
  MONTH TO DATE  109                       209   -100      166
  SINCE MAR 1    704                       732    -28      812
  SINCE JUL 1   4373                      4028    345     4467

 COOLING
  YESTERDAY        0                         2     -2        0
  MONTH TO DATE   38                        24     14       23
  SINCE MAR 1     39                        31      8       23
  SINCE JAN 1     39                        31      8       23
..................................................................


WIND (MPH)
  HIGHEST WIND SPEED    15   HIGHEST WIND DIRECTION     N (10)
  HIGHEST GUST SPEED    20   HIGHEST GUST DIRECTION     N (340)
  AVERAGE WIND SPEED     3.8


SKY COVER
  POSSIBLE SUNSHINE  MM
  AVERAGE SKY COVER 0.0


WEATHER CONDITIONS
 THE FOLLOWING WEATHER WAS RECORDED YESTERDAY.
  NO SIGNIFICANT WEATHER WAS OBSERVED.


RELATIVE HUMIDITY (PERCENT)
 HIGHEST    92           500 AM
 LOWEST     24           400 PM
 AVERAGE    58

..........................................................


THE PADUCAH KY CLIMATE NORMALS FOR TODAY
                         NORMAL    RECORD    YEAR
 MAXIMUM TEMPERATURE (F)   72        88      1965
 MINIMUM TEMPERATURE (F)   49        33      1963


SUNRISE AND SUNSET
APRIL 24 2015.........SUNRISE   609 AM CDT   SUNSET   738 PM CDT
APRIL 25 2015.........SUNRISE   608 AM CDT   SUNSET   739 PM CDT


-  INDICATES NEGATIVE NUMBERS.
R  INDICATES RECORD WAS SET OR TIED.
MM INDICATES DATA IS MISSING.
T  INDICATES TRACE AMOUNT.

.........................................................

***** AGRICULTURAL DATA *****

SOIL TEMPERATURES AT A DEPTH OF FOUR INCHES

UNDER GRASS...  MAXIMUM: 61  MINIMUM: 60


$$
