000
CDUS43 KPAH 150631
CLIPAH


CLIMATE REPORT
NATIONAL WEATHER SERVICE PADUCAH KY
129 AM CDT WED APR 15 2015


...................................

...THE PADUCAH KY CLIMATE SUMMARY FOR APRIL 14 2015...

CLIMATE NORMAL PERIOD 1981 TO 2010
CLIMATE RECORD PERIOD 1937 TO 2015


WEATHER ITEM   OBSERVED TIME   RECORD YEAR NORMAL DEPARTURE LAST
                VALUE   (LST)  VALUE       VALUE  FROM      YEAR
                                                  NORMAL
..................................................................
TEMPERATURE (F)
 YESTERDAY
  MAXIMUM         66    417 PM  87    2006  69     -3       63
                                      1941
  MINIMUM         52    614 AM  25    1950  46      6       39
  AVERAGE         59                        58      1       51

PRECIPITATION (IN)
  YESTERDAY        1.00R         0.93 1993   0.15   0.85     0.60
  MONTH TO DATE    4.91                      2.03   2.88     4.73
  SINCE MAR 1     13.64                      5.96   7.68     8.38
  SINCE JAN 1     20.93                     13.55   7.38    13.56

SNOWFALL (IN)
  YESTERDAY        0.0           T    1980   0.0    0.0      0.0
  MONTH TO DATE    0.0                       0.0    0.0      0.0
  SINCE MAR 1     12.1                       0.6   11.5      5.6
  SINCE JUL 1     28.6                       9.1   19.5     18.5
  SNOW DEPTH       0

DEGREE DAYS
 HEATING
  YESTERDAY        6                         9     -3       14
  MONTH TO DATE   67                       145    -78       96
  SINCE MAR 1    662                       668     -6      742
  SINCE JUL 1   4331                      3964    367     4397

 COOLING
  YESTERDAY        0                         1     -1        0
  MONTH TO DATE   31                        14     17       21
  SINCE MAR 1     32                        21     11       21
  SINCE JAN 1     32                        21     11       21
..................................................................


WIND (MPH)
  HIGHEST WIND SPEED    26   HIGHEST WIND DIRECTION    NE (50)
  HIGHEST GUST SPEED    33   HIGHEST GUST DIRECTION    NE (40)
  AVERAGE WIND SPEED    10.5


SKY COVER
  POSSIBLE SUNSHINE  MM
  AVERAGE SKY COVER 1.0


WEATHER CONDITIONS
 THE FOLLOWING WEATHER WAS RECORDED YESTERDAY.
  HEAVY RAIN
  RAIN
  LIGHT RAIN
  FOG


RELATIVE HUMIDITY (PERCENT)
 HIGHEST    93          1200 AM
 LOWEST     52           100 PM
 AVERAGE    73

..........................................................


THE PADUCAH KY CLIMATE NORMALS FOR TODAY
                         NORMAL    RECORD    YEAR
 MAXIMUM TEMPERATURE (F)   69        88      1977
 MINIMUM TEMPERATURE (F)   46        29      2008
                                             1950
                                             1943


SUNRISE AND SUNSET
APRIL 15 2015.........SUNRISE   621 AM CDT   SUNSET   730 PM CDT
APRIL 16 2015.........SUNRISE   620 AM CDT   SUNSET   731 PM CDT


-  INDICATES NEGATIVE NUMBERS.
R  INDICATES RECORD WAS SET OR TIED.
MM INDICATES DATA IS MISSING.
T  INDICATES TRACE AMOUNT.




$$
