000
CDUS43 KPAH 282134
CLIPAH


CLIMATE REPORT
NATIONAL WEATHER SERVICE PADUCAH KY
432 PM CDT TUE APR 28 2015


...................................

...THE PADUCAH KY CLIMATE SUMMARY FOR APRIL 28 2015...
VALID TODAY AS OF 0400 PM LOCAL TIME.

CLIMATE NORMAL PERIOD 1981 TO 2010
CLIMATE RECORD PERIOD 1937 TO 2015


WEATHER ITEM   OBSERVED TIME   RECORD YEAR NORMAL DEPARTURE LAST
                VALUE   (LST)  VALUE       VALUE  FROM      YEAR
                                                  NORMAL
..................................................................
TEMPERATURE (F)
 TODAY
  MAXIMUM         64    111 PM  87    1943  73     -9       72
  MINIMUM         43    521 AM  32    1992  51     -8       60
  AVERAGE         54                        62     -8       66

PRECIPITATION (IN)
  TODAY            0.00          1.55 2014   0.17  -0.17     1.55
  MONTH TO DATE    5.89                      4.42   1.47     8.40
  SINCE MAR 1     14.62                      8.35   6.27    12.05
  SINCE JAN 1     21.91                     15.94   5.97    17.23

SNOWFALL (IN)
  TODAY            0.0                                       0.0
  MONTH TO DATE    0.0                                       0.0
  SINCE JUL 1     28.6                                      18.5
  SNOW DEPTH       0

..................................................................


WIND (MPH)
  HIGHEST WIND SPEED    17   HIGHEST WIND DIRECTION     E (70)
  HIGHEST GUST SPEED    21   HIGHEST GUST DIRECTION    NE (60)




RELATIVE HUMIDITY (PERCENT)
 HIGHEST    83
 LOWEST     43

..........................................................


THE PADUCAH KY CLIMATE NORMALS FOR TOMORROW
                         NORMAL    RECORD    YEAR
 MAXIMUM TEMPERATURE (F)   74        89      1987
 MINIMUM TEMPERATURE (F)   51        33      2008


SUNRISE AND SUNSET
APRIL 28 2015.........SUNRISE   604 AM CDT   SUNSET   741 PM CDT
APRIL 29 2015.........SUNRISE   603 AM CDT   SUNSET   742 PM CDT


-  INDICATES NEGATIVE NUMBERS.
R  INDICATES RECORD WAS SET OR TIED.
MM INDICATES DATA IS MISSING.
T  INDICATES TRACE AMOUNT.




$$
