000
CDUS43 KPAH 120630
CLIPAH


CLIMATE REPORT
NATIONAL WEATHER SERVICE PADUCAH KY
127 AM CDT SUN APR 12 2015

...................................

...THE PADUCAH KY CLIMATE SUMMARY FOR APRIL 11 2015...

CLIMATE NORMAL PERIOD 1981 TO 2010
CLIMATE RECORD PERIOD 1937 TO 2015

WEATHER ITEM   OBSERVED TIME   RECORD YEAR NORMAL DEPARTURE LAST
                VALUE   (LST)  VALUE       VALUE  FROM      YEAR
                                                  NORMAL
..................................................................
TEMPERATURE (F)
 YESTERDAY
  MAXIMUM         71    356 PM  87    2001  68      3       75
  MINIMUM         46    545 AM  25    1989  45      1       56
  AVERAGE         59                        56      3       66

PRECIPITATION (IN)
  YESTERDAY        0.00          2.67 1944   0.14  -0.14     0.04
  MONTH TO DATE    2.63                      1.59   1.04     3.19
  SINCE MAR 1     11.36                      5.52   5.84     6.84
  SINCE JAN 1     18.65                     13.11   5.54    12.02

SNOWFALL (IN)
  YESTERDAY        0.0           T    1990   0.0    0.0      0.0
  MONTH TO DATE    0.0                       0.0    0.0      0.0
  SINCE MAR 1     12.1                       0.6   11.5      5.6
  SINCE JUL 1     28.6                       9.1   19.5     18.5
  SNOW DEPTH       0

DEGREE DAYS
 HEATING
  YESTERDAY        6                         9     -3        0
  MONTH TO DATE   61                       118    -57       82
  SINCE MAR 1    656                       641     15      728
  SINCE JUL 1   4325                      3937    388     4383

 COOLING
  YESTERDAY        0                         1     -1        1
  MONTH TO DATE   29                        11     18       13
  SINCE MAR 1     30                        18     12       13
  SINCE JAN 1     30                        18     12       13
..................................................................

WIND (MPH)
  HIGHEST WIND SPEED    12   HIGHEST WIND DIRECTION    NE (60)
  HIGHEST GUST SPEED    15   HIGHEST GUST DIRECTION     E (80)
  AVERAGE WIND SPEED     3.5

SKY COVER
  POSSIBLE SUNSHINE  MM
  AVERAGE SKY COVER 0.0

WEATHER CONDITIONS
 THE FOLLOWING WEATHER WAS RECORDED YESTERDAY.
  NO SIGNIFICANT WEATHER WAS OBSERVED.

RELATIVE HUMIDITY (PERCENT)
 HIGHEST    86           100 AM
 LOWEST     28           400 PM
 AVERAGE    57
..........................................................

THE PADUCAH KY CLIMATE NORMALS FOR TODAY
                         NORMAL    RECORD    YEAR
 MAXIMUM TEMPERATURE (F)   68        84      1977
                                             1941
 MINIMUM TEMPERATURE (F)   45        26      1990

SUNRISE AND SUNSET
APRIL 12 2015.........SUNRISE   625 AM CDT   SUNSET   727 PM CDT
APRIL 13 2015.........SUNRISE   624 AM CDT   SUNSET   728 PM CDT

-  INDICATES NEGATIVE NUMBERS.
R  INDICATES RECORD WAS SET OR TIED.
MM INDICATES DATA IS MISSING.
T  INDICATES TRACE AMOUNT.

$$
