000
CDUS43 KPAH 270629
CLIPAH


CLIMATE REPORT
NATIONAL WEATHER SERVICE PADUCAH KY
127 AM CDT MON APR 27 2015


...................................

...THE PADUCAH KY CLIMATE SUMMARY FOR APRIL 26 2015...

CLIMATE NORMAL PERIOD 1981 TO 2010
CLIMATE RECORD PERIOD 1937 TO 2015


WEATHER ITEM   OBSERVED TIME   RECORD YEAR NORMAL DEPARTURE LAST
                VALUE   (LST)  VALUE       VALUE  FROM      YEAR
                                                  NORMAL
..................................................................
TEMPERATURE (F)
 YESTERDAY
  MAXIMUM         66    348 PM  88    1989  73     -7       81
  MINIMUM         49   1159 PM  35    1988  50     -1       48
  AVERAGE         58                        61     -3       65

PRECIPITATION (IN)
  YESTERDAY        0.00          1.48 1985   0.18  -0.18     0.00
  MONTH TO DATE    5.89                      4.08   1.81     5.01
  SINCE MAR 1     14.62                      8.01   6.61     8.66
  SINCE JAN 1     21.91                     15.60   6.31    13.84

SNOWFALL (IN)
  YESTERDAY        0.0           0.0  2002   0.0    0.0      0.0
                                      2001
  MONTH TO DATE    0.0                       0.0    0.0      0.0
  SINCE MAR 1     12.1                       0.6   11.5      5.6
  SINCE JUL 1     28.6                       9.1   19.5     18.5
  SNOW DEPTH       0

DEGREE DAYS
 HEATING
  YESTERDAY        7                         5      2        0
  MONTH TO DATE  128                       225    -97      166
  SINCE MAR 1    723                       748    -25      812
  SINCE JUL 1   4392                      4044    348     4467

 COOLING
  YESTERDAY        0                         2     -2        0
  MONTH TO DATE   41                        30     11       24
  SINCE MAR 1     42                        37      5       24
  SINCE JAN 1     42                        37      5       24
..................................................................


WIND (MPH)
  HIGHEST WIND SPEED    17   HIGHEST WIND DIRECTION    NE (30)
  HIGHEST GUST SPEED    21   HIGHEST GUST DIRECTION     N (10)
  AVERAGE WIND SPEED    10.3


SKY COVER
  POSSIBLE SUNSHINE  MM
  AVERAGE SKY COVER 0.6


WEATHER CONDITIONS
 THE FOLLOWING WEATHER WAS RECORDED YESTERDAY.
  FOG
  HAZE


RELATIVE HUMIDITY (PERCENT)
 HIGHEST    93           200 AM
 LOWEST     40           500 PM
 AVERAGE    67

..........................................................


THE PADUCAH KY CLIMATE NORMALS FOR TODAY
                         NORMAL    RECORD    YEAR
 MAXIMUM TEMPERATURE (F)   73        89      1989
 MINIMUM TEMPERATURE (F)   50        36      1946


SUNRISE AND SUNSET
APRIL 27 2015.........SUNRISE   606 AM CDT   SUNSET   740 PM CDT
APRIL 28 2015.........SUNRISE   604 AM CDT   SUNSET   741 PM CDT


-  INDICATES NEGATIVE NUMBERS.
R  INDICATES RECORD WAS SET OR TIED.
MM INDICATES DATA IS MISSING.
T  INDICATES TRACE AMOUNT.


.........................................................

***** AGRICULTURAL DATA *****

SOIL TEMPERATURES AT A DEPTH OF FOUR INCHES

UNDER GRASS...  MAXIMUM: 61  MINIMUM: 60

$$
