000
CDUS43 KPAH 110630
CLIPAH


CLIMATE REPORT
NATIONAL WEATHER SERVICE PADUCAH KY
127 AM CDT SAT APR 11 2015

...................................

...THE PADUCAH KY CLIMATE SUMMARY FOR APRIL 10 2015...

CLIMATE NORMAL PERIOD 1981 TO 2010
CLIMATE RECORD PERIOD 1937 TO 2015

WEATHER ITEM   OBSERVED TIME   RECORD YEAR NORMAL DEPARTURE LAST
                VALUE   (LST)  VALUE       VALUE  FROM      YEAR
                                                  NORMAL
..................................................................
TEMPERATURE (F)
 YESTERDAY
  MAXIMUM         67    348 PM  89    1995  68     -1       82
  MINIMUM         48   1153 PM  25    1982  45      3       53
                                      1960
  AVERAGE         58                        56      2       68

PRECIPITATION (IN)
  YESTERDAY        T             1.70 2008   0.15  -0.15     0.00
  MONTH TO DATE    2.63                      1.45   1.18     3.15
  SINCE MAR 1     11.36                      5.38   5.98     6.80
  SINCE JAN 1     18.65                     12.97   5.68    11.98

SNOWFALL (IN)
  YESTERDAY        0.0           T    1990   0.0    0.0      0.0
  MONTH TO DATE    0.0                       0.0    0.0      0.0
  SINCE MAR 1     12.1                       0.6   11.5      5.6
  SINCE JUL 1     28.6                       9.1   19.5     18.5
  SNOW DEPTH       0

DEGREE DAYS
 HEATING
  YESTERDAY        7                        10     -3        0
  MONTH TO DATE   55                       109    -54       82
  SINCE MAR 1    650                       632     18      728
  SINCE JUL 1   4319                      3928    391     4383

 COOLING
  YESTERDAY        0                         1     -1        3
  MONTH TO DATE   29                        10     19       12
  SINCE MAR 1     30                        17     13       12
  SINCE JAN 1     30                        17     13       12
..................................................................

WIND (MPH)
  HIGHEST WIND SPEED    17   HIGHEST WIND DIRECTION    NW (320)
  HIGHEST GUST SPEED    26   HIGHEST GUST DIRECTION     N (10)
  AVERAGE WIND SPEED     6.1

SKY COVER
  POSSIBLE SUNSHINE  MM
  AVERAGE SKY COVER 0.2

WEATHER CONDITIONS
 THE FOLLOWING WEATHER WAS RECORDED YESTERDAY.
  LIGHT RAIN

RELATIVE HUMIDITY (PERCENT)
 HIGHEST    87          1200 AM
 LOWEST     34           300 PM
 AVERAGE    61
..........................................................

THE PADUCAH KY CLIMATE NORMALS FOR TODAY
                         NORMAL    RECORD    YEAR
 MAXIMUM TEMPERATURE (F)   68        87      2001
 MINIMUM TEMPERATURE (F)   45        25      1989

SUNRISE AND SUNSET
APRIL 11 2015.........SUNRISE   627 AM CDT   SUNSET   726 PM CDT
APRIL 12 2015.........SUNRISE   625 AM CDT   SUNSET   727 PM CDT

-  INDICATES NEGATIVE NUMBERS.
R  INDICATES RECORD WAS SET OR TIED.
MM INDICATES DATA IS MISSING.
T  INDICATES TRACE AMOUNT.

$$
