000
CDUS43 KPAH 140628
CLIPAH


CLIMATE REPORT
NATIONAL WEATHER SERVICE PADUCAH KY
127 AM CDT TUE APR 14 2015


...................................

...THE PADUCAH KY CLIMATE SUMMARY FOR APRIL 13 2015...

CLIMATE NORMAL PERIOD 1981 TO 2010
CLIMATE RECORD PERIOD 1937 TO 2015


WEATHER ITEM   OBSERVED TIME   RECORD YEAR NORMAL DEPARTURE LAST
                VALUE   (LST)  VALUE       VALUE  FROM      YEAR
                                                  NORMAL
..................................................................
TEMPERATURE (F)
 YESTERDAY
  MAXIMUM         74    921 AM  88    1941  69      5       77
  MINIMUM         58   1159 PM  29    1957  46     12       61
  AVERAGE         66                        57      9       69

PRECIPITATION (IN)
  YESTERDAY        1.28          2.90 1983   0.14   1.14     0.94
  MONTH TO DATE    3.91                      1.88   2.03     4.13
  SINCE MAR 1     12.64                      5.81   6.83     7.78
  SINCE JAN 1     19.93                     13.40   6.53    12.96

SNOWFALL (IN)
  YESTERDAY        0.0           T    2008   0.0    0.0      0.0
  MONTH TO DATE    0.0                       0.0    0.0      0.0
  SINCE MAR 1     12.1                       0.6   11.5      5.6
  SINCE JUL 1     28.6                       9.1   19.5     18.5
  SNOW DEPTH       0

DEGREE DAYS
 HEATING
  YESTERDAY        0                         9     -9        0
  MONTH TO DATE   61                       136    -75       82
  SINCE MAR 1    656                       659     -3      728
  SINCE JUL 1   4325                      3955    370     4383

 COOLING
  YESTERDAY        1                         1      0        4
  MONTH TO DATE   31                        13     18       21
  SINCE MAR 1     32                        20     12       21
  SINCE JAN 1     32                        20     12       21
..................................................................


WIND (MPH)
  HIGHEST WIND SPEED    21   HIGHEST WIND DIRECTION    NE (30)
  HIGHEST GUST SPEED    26   HIGHEST GUST DIRECTION    NE (30)
  AVERAGE WIND SPEED     9.4


SKY COVER
  POSSIBLE SUNSHINE  MM
  AVERAGE SKY COVER 0.8


WEATHER CONDITIONS
 THE FOLLOWING WEATHER WAS RECORDED YESTERDAY.
  HEAVY RAIN
  RAIN
  LIGHT RAIN
  FOG


RELATIVE HUMIDITY (PERCENT)
 HIGHEST    93           300 PM
 LOWEST     44          1200 AM
 AVERAGE    69

..........................................................


THE PADUCAH KY CLIMATE NORMALS FOR TODAY
                         NORMAL    RECORD    YEAR
 MAXIMUM TEMPERATURE (F)   69        87      2006
                                             1941
 MINIMUM TEMPERATURE (F)   46        25      1950


SUNRISE AND SUNSET
APRIL 14 2015.........SUNRISE   623 AM CDT   SUNSET   729 PM CDT
APRIL 15 2015.........SUNRISE   621 AM CDT   SUNSET   730 PM CDT


-  INDICATES NEGATIVE NUMBERS.
R  INDICATES RECORD WAS SET OR TIED.
MM INDICATES DATA IS MISSING.
T  INDICATES TRACE AMOUNT.

&&
.........................................................

***** AGRICULTURAL DATA *****

SOIL TEMPERATURES AT A DEPTH OF FOUR INCHES

UNDER GRASS...  MAXIMUM: 61  MINIMUM: 60

$$
