000
CDUS43 KPAH 220633
CLIPAH


CLIMATE REPORT
NATIONAL WEATHER SERVICE PADUCAH KY
131 AM CDT WED APR 22 2015


...................................

...THE PADUCAH KY CLIMATE SUMMARY FOR APRIL 21 2015...

CLIMATE NORMAL PERIOD 1981 TO 2010
CLIMATE RECORD PERIOD 1937 TO 2015


WEATHER ITEM   OBSERVED TIME   RECORD YEAR NORMAL DEPARTURE LAST
                VALUE   (LST)  VALUE       VALUE  FROM      YEAR
                                                  NORMAL
..................................................................
TEMPERATURE (F)
 YESTERDAY
  MAXIMUM         70    221 PM  90    1987  71     -1       78
                                      1946
  MINIMUM         43    400 AM  30    1943  48     -5       55
  AVERAGE         57                        60     -3       67

PRECIPITATION (IN)
  YESTERDAY        0.20          2.13 1951   0.18   0.02     0.05
  MONTH TO DATE    5.88                      3.21   2.67     4.78
  SINCE MAR 1     14.61                      7.14   7.47     8.43
  SINCE JAN 1     21.90                     14.73   7.17    13.61

SNOWFALL (IN)
  YESTERDAY        0.0           0.0  2002   0.0    0.0      0.0
                                      2001
  MONTH TO DATE    0.0                       0.0    0.0      0.0
  SINCE MAR 1     12.1                       0.6   11.5      5.6
  SINCE JUL 1     28.6                       9.1   19.5     18.5
  SNOW DEPTH       0

DEGREE DAYS
 HEATING
  YESTERDAY        8                         7      1        0
  MONTH TO DATE   86                       197   -111      155
  SINCE MAR 1    681                       720    -39      801
  SINCE JUL 1   4350                      4016    334     4456

 COOLING
  YESTERDAY        0                         1     -1        2
  MONTH TO DATE   38                        21     17       23
  SINCE MAR 1     39                        28     11       23
  SINCE JAN 1     39                        28     11       23
..................................................................


WIND (MPH)
  HIGHEST WIND SPEED    32   HIGHEST WIND DIRECTION     W (270)
  HIGHEST GUST SPEED    43   HIGHEST GUST DIRECTION     W (280)
  AVERAGE WIND SPEED    11.3


SKY COVER
  POSSIBLE SUNSHINE  MM
  AVERAGE SKY COVER 0.3


WEATHER CONDITIONS
 THE FOLLOWING WEATHER WAS RECORDED YESTERDAY.
  THUNDERSTORM
  LIGHT RAIN
  FOG


RELATIVE HUMIDITY (PERCENT)
 HIGHEST    89           800 PM
 LOWEST     35           300 PM
 AVERAGE    62

..........................................................


THE PADUCAH KY CLIMATE NORMALS FOR TODAY
                         NORMAL    RECORD    YEAR
 MAXIMUM TEMPERATURE (F)   72        88      1980
 MINIMUM TEMPERATURE (F)   49        31      1993


SUNRISE AND SUNSET
APRIL 22 2015.........SUNRISE   612 AM CDT   SUNSET   736 PM CDT
APRIL 23 2015.........SUNRISE   611 AM CDT   SUNSET   737 PM CDT


-  INDICATES NEGATIVE NUMBERS.
R  INDICATES RECORD WAS SET OR TIED.
MM INDICATES DATA IS MISSING.
T  INDICATES TRACE AMOUNT.

.........................................................

***** AGRICULTURAL DATA *****

SOIL TEMPERATURES AT A DEPTH OF FOUR INCHES

UNDER GRASS...  MAXIMUM: 63  MINIMUM: 61


$$
