000
CDUS43 KPAH 170630
CLIPAH


CLIMATE REPORT
NATIONAL WEATHER SERVICE PADUCAH KY
127 AM CDT FRI APR 17 2015


...................................

...THE PADUCAH KY CLIMATE SUMMARY FOR APRIL 16 2015...

CLIMATE NORMAL PERIOD 1981 TO 2010
CLIMATE RECORD PERIOD 1937 TO 2015


WEATHER ITEM   OBSERVED TIME   RECORD YEAR NORMAL DEPARTURE LAST
                VALUE   (LST)  VALUE       VALUE  FROM      YEAR
                                                  NORMAL
..................................................................
TEMPERATURE (F)
 YESTERDAY
  MAXIMUM         76    428 PM  87    1977  70      6       60
  MINIMUM         57    431 AM  27    1962  47     10       32
  AVERAGE         67                        58      9       46

PRECIPITATION (IN)
  YESTERDAY        0.00          3.34 1939   0.17  -0.17     0.00
  MONTH TO DATE    4.96                      2.35   2.61     4.73
  SINCE MAR 1     13.69                      6.28   7.41     8.38
  SINCE JAN 1     20.98                     13.87   7.11    13.56

SNOWFALL (IN)
  YESTERDAY        0.0          MM      MM   0.0    0.0      0.0
  MONTH TO DATE    0.0                       0.0    0.0      0.0
  SINCE MAR 1     12.1                       0.6   11.5      5.6
  SINCE JUL 1     28.6                       9.1   19.5     18.5
  SNOW DEPTH       0

DEGREE DAYS
 HEATING
  YESTERDAY        0                         8     -8       19
  MONTH TO DATE   67                       161    -94      137
  SINCE MAR 1    662                       684    -22      783
  SINCE JUL 1   4331                      3980    351     4438

 COOLING
  YESTERDAY        2                         1      1        0
  MONTH TO DATE   33                        16     17       21
  SINCE MAR 1     34                        23     11       21
  SINCE JAN 1     34                        23     11       21
..................................................................


WIND (MPH)
  HIGHEST WIND SPEED    10   HIGHEST WIND DIRECTION     W (280)
  HIGHEST GUST SPEED    13   HIGHEST GUST DIRECTION     N (360)
  AVERAGE WIND SPEED     3.5


SKY COVER
  POSSIBLE SUNSHINE  MM
  AVERAGE SKY COVER 0.6


WEATHER CONDITIONS
 THE FOLLOWING WEATHER WAS RECORDED YESTERDAY.
  FOG
  FOG W/VISIBILITY <= 1/4 MILE


RELATIVE HUMIDITY (PERCENT)
 HIGHEST   100           400 AM
 LOWEST     58           500 PM
 AVERAGE    79

..........................................................


THE PADUCAH KY CLIMATE NORMALS FOR TODAY
                         NORMAL    RECORD    YEAR
 MAXIMUM TEMPERATURE (F)   70        87      1977
 MINIMUM TEMPERATURE (F)   47        29      1951


SUNRISE AND SUNSET
APRIL 17 2015.........SUNRISE   618 AM CDT   SUNSET   731 PM CDT
APRIL 18 2015.........SUNRISE   617 AM CDT   SUNSET   732 PM CDT


-  INDICATES NEGATIVE NUMBERS.
R  INDICATES RECORD WAS SET OR TIED.
MM INDICATES DATA IS MISSING.
T  INDICATES TRACE AMOUNT.

.........................................................

***** AGRICULTURAL DATA *****

SOIL TEMPERATURES AT A DEPTH OF FOUR INCHES

UNDER GRASS...  MAXIMUM: 61  MINIMUM: 60


$$
