000
CDUS43 KPAH 230635
CLIPAH


CLIMATE REPORT
NATIONAL WEATHER SERVICE PADUCAH KY
132 AM CDT THU APR 23 2015


...................................

...THE PADUCAH KY CLIMATE SUMMARY FOR APRIL 22 2015...

CLIMATE NORMAL PERIOD 1981 TO 2010
CLIMATE RECORD PERIOD 1937 TO 2015


WEATHER ITEM   OBSERVED TIME   RECORD YEAR NORMAL DEPARTURE LAST
                VALUE   (LST)  VALUE       VALUE  FROM      YEAR
                                                  NORMAL
..................................................................
TEMPERATURE (F)
 YESTERDAY
  MAXIMUM         64    418 PM  88    1980  72     -8       75
  MINIMUM         43   1159 PM  31    1993  49     -6       49
  AVERAGE         54                        60     -6       62

PRECIPITATION (IN)
  YESTERDAY        T             1.44 1973   0.17  -0.17     0.05
  MONTH TO DATE    5.88                      3.38   2.50     4.83
  SINCE MAR 1     14.61                      7.31   7.30     8.48
  SINCE JAN 1     21.90                     14.90   7.00    13.66

SNOWFALL (IN)
  YESTERDAY        0.0           T    2011   0.0    0.0      0.0
  MONTH TO DATE    0.0                       0.0    0.0      0.0
  SINCE MAR 1     12.1                       0.6   11.5      5.6
  SINCE JUL 1     28.6                       9.1   19.5     18.5
  SNOW DEPTH       0

DEGREE DAYS
 HEATING
  YESTERDAY       11                         6      5        3
  MONTH TO DATE   97                       203   -106      158
  SINCE MAR 1    692                       726    -34      804
  SINCE JUL 1   4361                      4022    339     4459

 COOLING
  YESTERDAY        0                         1     -1        0
  MONTH TO DATE   38                        22     16       23
  SINCE MAR 1     39                        29     10       23
  SINCE JAN 1     39                        29     10       23
..................................................................


WIND (MPH)
  HIGHEST WIND SPEED    15   HIGHEST WIND DIRECTION     W (290)
  HIGHEST GUST SPEED    22   HIGHEST GUST DIRECTION    NW (330)
  AVERAGE WIND SPEED     7.6


SKY COVER
  POSSIBLE SUNSHINE  MM
  AVERAGE SKY COVER 0.2


WEATHER CONDITIONS
 THE FOLLOWING WEATHER WAS RECORDED YESTERDAY.
  LIGHT RAIN


RELATIVE HUMIDITY (PERCENT)
 HIGHEST    89           600 AM
 LOWEST     34           100 PM
 AVERAGE    62

..........................................................


THE PADUCAH KY CLIMATE NORMALS FOR TODAY
                         NORMAL    RECORD    YEAR
 MAXIMUM TEMPERATURE (F)   72        87      1965
 MINIMUM TEMPERATURE (F)   49        30      1986


SUNRISE AND SUNSET
APRIL 23 2015.........SUNRISE   611 AM CDT   SUNSET   737 PM CDT
APRIL 24 2015.........SUNRISE   609 AM CDT   SUNSET   738 PM CDT


-  INDICATES NEGATIVE NUMBERS.
R  INDICATES RECORD WAS SET OR TIED.
MM INDICATES DATA IS MISSING.
T  INDICATES TRACE AMOUNT.

.........................................................

***** AGRICULTURAL DATA *****

SOIL TEMPERATURES AT A DEPTH OF FOUR INCHES

UNDER GRASS...  MAXIMUM: 61  MINIMUM: 60

$$
