000
CDUS43 KPAH 030629
CLIPAH

CLIMATE REPORT
NATIONAL WEATHER SERVICE PADUCAH KY
127 AM CDT SUN MAY 3 2015

...................................

...THE PADUCAH KY CLIMATE SUMMARY FOR MAY 2 2015...

CLIMATE NORMAL PERIOD 1981 TO 2010
CLIMATE RECORD PERIOD 1937 TO 2015

WEATHER ITEM   OBSERVED TIME   RECORD YEAR NORMAL DEPARTURE LAST
                VALUE   (LST)  VALUE       VALUE  FROM      YEAR
                                                  NORMAL
..................................................................
TEMPERATURE (F)
 YESTERDAY
  MAXIMUM         76    420 PM  90    2012  74      2       66
                                      1952
  MINIMUM         43    455 AM  35    1961  52     -9       42
                                      1960
  AVERAGE         60                        63     -3       54

PRECIPITATION (IN)
  YESTERDAY        0.00          4.05 1983   0.17  -0.17     0.00
  MONTH TO DATE    0.00                      0.34  -0.34     0.00
  SINCE MAR 1     14.62                      9.03   5.59    12.12
  SINCE JAN 1     21.91                     16.62   5.29    17.30

SNOWFALL (IN)
  YESTERDAY        0.0           0.0  2002   0.0    0.0      0.0
                                      2001
  MONTH TO DATE    0.0                       0.0    0.0      0.0
  SINCE MAR 1     12.1                       0.6   11.5      5.6
  SINCE JUL 1     28.6                       9.1   19.5     18.5
  SNOW DEPTH       0

DEGREE DAYS
 HEATING
  YESTERDAY        5                         4      1       11
  MONTH TO DATE   15                         8      7       20
  SINCE MAR 1    771                       776     -5      849
  SINCE JUL 1   4440                      4072    368     4504

 COOLING
  YESTERDAY        0                         2     -2        0
  MONTH TO DATE    0                         4     -4        0
  SINCE MAR 1     42                        46     -4       30
  SINCE JAN 1     42                        46     -4       30
..................................................................

WIND (MPH)
  HIGHEST WIND SPEED    12   HIGHEST WIND DIRECTION     W (250)
  HIGHEST GUST SPEED    15   HIGHEST GUST DIRECTION    SW (220)
  AVERAGE WIND SPEED     2.5

SKY COVER
  POSSIBLE SUNSHINE  MM
  AVERAGE SKY COVER 0.0

WEATHER CONDITIONS
 THE FOLLOWING WEATHER WAS RECORDED YESTERDAY.
  FOG

RELATIVE HUMIDITY (PERCENT)
 HIGHEST    96           500 AM
 LOWEST     33           300 PM
 AVERAGE    65
..........................................................

THE PADUCAH KY CLIMATE NORMALS FOR TODAY
                         NORMAL    RECORD    YEAR
 MAXIMUM TEMPERATURE (F)   75        90      1938
 MINIMUM TEMPERATURE (F)   52        37      2005
                                             1971
                                             1967

SUNRISE AND SUNSET
MAY  3 2015...........SUNRISE   559 AM CDT   SUNSET   746 PM CDT
MAY  4 2015...........SUNRISE   558 AM CDT   SUNSET   747 PM CDT

-  INDICATES NEGATIVE NUMBERS.
R  INDICATES RECORD WAS SET OR TIED.
MM INDICATES DATA IS MISSING.
T  INDICATES TRACE AMOUNT.

&&
.........................................................

***** AGRICULTURAL DATA *****

SOIL TEMPERATURES AT A DEPTH OF FOUR INCHES

UNDER GRASS...  MAXIMUM: 61  MINIMUM: 60

$$
