000
CDUS43 KPAH 010631
CLIPAH

CLIMATE REPORT
NATIONAL WEATHER SERVICE PADUCAH KY
127 AM CDT WED APR 1 2015

...................................

...THE PADUCAH KY CLIMATE SUMMARY FOR MARCH 31 2015...

CLIMATE NORMAL PERIOD 1981 TO 2010
CLIMATE RECORD PERIOD 1937 TO 2015

WEATHER ITEM   OBSERVED TIME   RECORD YEAR NORMAL DEPARTURE LAST
                VALUE   (LST)  VALUE       VALUE  FROM      YEAR
                                                  NORMAL
..................................................................
TEMPERATURE (F)
 YESTERDAY
  MAXIMUM         79    258 PM  84    1986  64     15       73
  MINIMUM         50    611 AM  22    1944  42      8       36
  AVERAGE         65                        53     12       55

PRECIPITATION (IN)
  YESTERDAY        0.00          2.15 1938   0.15  -0.15      T
  MONTH TO DATE    8.73                      3.93   4.80     3.65
  SINCE MAR 1      8.73                      3.93   4.80     3.65
  SINCE JAN 1     16.02                     11.52   4.50     8.83

SNOWFALL (IN)
  YESTERDAY        0.0           T    1954   0.0    0.0      0.0
  MONTH TO DATE   12.1                       0.6   11.5      5.6
  SINCE MAR 1     12.1                       0.6   11.5      5.6
  SINCE JUL 1     28.6                       9.1   19.5     18.5
  SNOW DEPTH       0

DEGREE DAYS
 HEATING
  YESTERDAY        0                        12    -12       10
  MONTH TO DATE  595                       523     72      646
  SINCE MAR 1    595                       523     72      646
  SINCE JUL 1   4264                      3819    445     4301

 COOLING
  YESTERDAY        0                         0      0        0
  MONTH TO DATE    1                         7     -6        0
  SINCE MAR 1      1                         7     -6        0
  SINCE JAN 1      1                         7     -6        0
..................................................................

WIND (MPH)
  HIGHEST WIND SPEED    16   HIGHEST WIND DIRECTION     W (250)
  HIGHEST GUST SPEED    21   HIGHEST GUST DIRECTION     W (260)
  AVERAGE WIND SPEED     8.2

SKY COVER
  POSSIBLE SUNSHINE  MM
  AVERAGE SKY COVER 0.0

WEATHER CONDITIONS
 THE FOLLOWING WEATHER WAS RECORDED YESTERDAY.
  NO SIGNIFICANT WEATHER WAS OBSERVED.

RELATIVE HUMIDITY (PERCENT)
 HIGHEST    57           800 AM
 LOWEST     21           500 PM
 AVERAGE    39
..........................................................

THE PADUCAH KY CLIMATE NORMALS FOR TODAY
                         NORMAL    RECORD    YEAR
 MAXIMUM TEMPERATURE (F)   65        86      1946
 MINIMUM TEMPERATURE (F)   42        26      1995
                                             1954

SUNRISE AND SUNSET
APRIL  1 2015.........SUNRISE   641 AM CDT   SUNSET   717 PM CDT
APRIL  2 2015.........SUNRISE   640 AM CDT   SUNSET   718 PM CDT

-  INDICATES NEGATIVE NUMBERS.
R  INDICATES RECORD WAS SET OR TIED.
MM INDICATES DATA IS MISSING.
T  INDICATES TRACE AMOUNT.

&&
..........................................................
***** AGRICULTURAL DATA *****

SOIL TEMPERATURES AT A DEPTH OF FOUR INCHES

UNDER GRASS...  MAX: 50  MIN: 47

$$
