000
CXUS53 KPAH 010702 CCA
CLMPAH

SDFCLMPAA 000
TTAA00 KPAH 010651


CLIMATE REPORT
NATIONAL WEATHER SERVICE PADUCAH KY
149 AM CDT WED APR 1 2015

...................................

...THE PADUCAH ASOS CLIMATE SUMMARY FOR THE MONTH OF MARCH 2015...

CLIMATE NORMAL PERIOD 1981 TO 2010
CLIMATE RECORD PERIOD 1937 TO 2015

WEATHER         OBSERVED          NORMAL  DEPART  LAST YEAR`S
                 VALUE   DATE(S)  VALUE   FROM    VALUE  DATE(S)
                                          NORMAL
................................................................
TEMPERATURE (F)
RECORD
 HIGH              85   03/13/1967
 LOW               -6   03/06/2015
HIGHEST            79   03/31        58      21       75  03/11
LOWEST             -6R  03/06        38     -44        8  03/04
AVG. MAXIMUM     56.6              59.0    -2.4     56.2
AVG. MINIMUM     34.6              37.7    -3.1     31.7
MEAN             45.6              48.3    -2.7     44.0
DAYS MAX >= 90      0               0.0     0.0        0
DAYS MAX <= 32      2               0.3     1.7        1
DAYS MIN <= 32     11              10.0     1.0       18
DAYS MIN <= 0       1               0.0     1.0        0

PRECIPITATION (INCHES)
RECORD
 MAXIMUM         9.60   2008
 MINIMUM         1.78   1995
TOTALS           8.73              3.93    4.80     3.65
DAILY AVG.       0.28              0.13    0.15     0.12
DAYS >= .01        13              10.4     2.6        7
DAYS >= .10         9               6.9     2.1        5
DAYS >= .50         4               2.5     1.5        3
DAYS >= 1.00        4               0.9     3.1        1
GREATEST
 24 HR. TOTAL    2.31   03/04 TO 03/04
 STORM TOTAL       MM
 (MM/DD(HH))            MM

SNOWFALL (INCHES)
RECORDS
 TOTAL            8.0   1975
TOTALS           12.1R              0.6    11.5      5.6
SINCE 7/1        28.6               9.1    19.5     18.5
SNOWDEPTH AVG.      1                MM      MM        0
DAYS >= TRACE       4
DAYS >= 1.0         2               0.2     1.8        2
GREATEST
 SNOW DEPTH        10R  03/05                          4  03/05
                                                          03/04
                                                          03/03
 24 HR TOTAL      8.1R  MM
 STORM TOTAL       MM
 (MM/DD(HH))            MM

DEGREE_DAYS
HEATING TOTAL     595               523      72      646
 SINCE 7/1       4264              3819     445     4301
COOLING TOTAL       1                 7      -6        0
 SINCE 1/1          1                 7      -6        0

FREEZE DATES
RECORD
 EARLIEST     10/01/1984
 LATEST       04/28/1992
EARLIEST                        10/26
LATEST                          04/04
.................................................................

WIND (MPH)
AVERAGE WIND SPEED              7.1
HIGHEST WIND SPEED/DIRECTION    25/030    DATE  03/17
HIGHEST GUST SPEED/DIRECTION    34/040    DATE  03/04

SKY COVER
POSSIBLE SUNSHINE (PERCENT)   MM
AVERAGE SKY COVER           0.40
NUMBER OF DAYS FAIR           15
NUMBER OF DAYS PC              8
NUMBER OF DAYS CLOUDY          8

AVERAGE RH (PERCENT)     69

WEATHER CONDITIONS. NUMBER OF DAYS WITH
THUNDERSTORM              0     MIXED PRECIP               0
HEAVY RAIN                6     RAIN                       6
LIGHT RAIN               14     FREEZING RAIN              1
LT FREEZING RAIN          2     HAIL                       0
HEAVY SNOW                1     SNOW                       1
LIGHT SNOW                3     SLEET                      2
FOG                      16     FOG W/VIS <= 1/4 MILE      5
HAZE                      5

-  INDICATES NEGATIVE NUMBERS.
R  INDICATES RECORD WAS SET OR TIED.
MM INDICATES DATA IS MISSING.
T  INDICATES TRACE AMOUNT.

&&

RMK: 6TH WETTEST MARCH ON RECORD. THE RECORD IS 14.91 INCHES
RECORDED IN MARCH OF 1964. ALSO, SECOND SNOWIEST MARCH ON
RECORD. THE RECORD IS 24.1 INCHES IN MARCH 1960.

$$






























$$
