000
CXUS53 KPAH 011549
CLMPAH

SDFCLMPAA 000
TTAA00 KPAH 010637


CLIMATE REPORT
NATIONAL WEATHER SERVICE PADUCAH KY
1236 AM CST SUN MAR 1 2015

...................................

...THE PADUCAH ASOS CLIMATE SUMMARY FOR THE MONTH OF FEBRUARY 2015...

CLIMATE NORMAL PERIOD 1981 TO 2010
CLIMATE RECORD PERIOD 1937 TO 2015

WEATHER         OBSERVED          NORMAL  DEPART  LAST YEAR`S
                 VALUE   DATE(S)  VALUE   FROM    VALUE  DATE(S)
                                          NORMAL
................................................................
TEMPERATURE (F)
RECORD
 HIGH              78   02/13/1962
 LOW              -14   02/02/1951
HIGHEST            62   02/07        46      16       70  02/20
LOWEST            -10   02/19        27     -37        4  02/07
AVG. MAXIMUM     37.6              48.9   -11.3     41.5
AVG. MINIMUM     17.9              29.5   -11.6     22.5
MEAN             27.8              39.2   -11.4     32.0
DAYS MAX >= 90      0               0.0     0.0        0
DAYS MAX <= 32     11               2.3     8.7       10
DAYS MIN <= 32     25              17.0     8.0       23
DAYS MIN <= 0       3               0.2     2.8        0

PRECIPITATION (INCHES)
RECORD
 MAXIMUM        13.33   1989
 MINIMUM         1.09   1996
TOTALS           4.73              3.91    0.82     3.15
DAILY AVG.       0.17              0.14    0.03     0.11
DAYS >= .01         6               8.7    -2.7        9
DAYS >= .10         4               5.7    -1.7        6
DAYS >= .50         4               2.8     1.2        2
DAYS >= 1.00        2               1.2     0.8        1
GREATEST
 24 HR. TOTAL    2.64   02/20 TO 02/21
 STORM TOTAL       MM
 (MM/DD(HH))            MM

SNOWFALL (INCHES)
RECORDS
 TOTAL           15.3   1993
TOTALS           13.0               3.2     9.8      6.6
SINCE 7/1        16.5               8.5     8.0     12.9
SNOWDEPTH AVG.      3                MM      MM        2
DAYS >= TRACE      10
DAYS >= 1.0         2               1.0     1.0        1
GREATEST
 SNOW DEPTH        11R  02/18                          6  02/03
                                                          02/02
 24 HR TOTAL     10.8R  MM
 STORM TOTAL       MM
 (MM/DD(HH))            MM

DEGREE_DAYS
HEATING TOTAL    1036               723     313      918
 SINCE 7/1       3669              3296     373     3655

FREEZE DATES
RECORD
 EARLIEST     10/01/1984
 LATEST       04/28/1992
EARLIEST                        10/26
LATEST                          04/04
.................................................................

WIND (MPH)
AVERAGE WIND SPEED              9.0
HIGHEST WIND SPEED/DIRECTION    29/340    DATE  02/12
HIGHEST GUST SPEED/DIRECTION    38/340    DATE  02/12

SKY COVER
POSSIBLE SUNSHINE (PERCENT)   MM
AVERAGE SKY COVER           0.50
NUMBER OF DAYS FAIR           10
NUMBER OF DAYS PC             11
NUMBER OF DAYS CLOUDY          7

AVERAGE RH (PERCENT)     66

WEATHER CONDITIONS. NUMBER OF DAYS WITH
THUNDERSTORM              0     MIXED PRECIP               0
HEAVY RAIN                2     RAIN                       2
LIGHT RAIN                2     FREEZING RAIN              2
LT FREEZING RAIN          2     HAIL                       0
HEAVY SNOW                1     SNOW                       2
LIGHT SNOW                9     SLEET                      2
FOG                      12     FOG W/VIS <= 1/4 MILE      1
HAZE                     12

-  INDICATES NEGATIVE NUMBERS.
R  INDICATES RECORD WAS SET OR TIED.
MM INDICATES DATA IS MISSING.
T  INDICATES TRACE AMOUNT.

&& RMKS: SECOND COLDEST FEBRUARY ON RECORD. COLDEST FEBRUARY IS 24.4
DEGREES SET IN 1978. SECOND SNOWIEST FEBRUARY ON RECORD. SNOWIEST IS
15.3 INCHES SET IN 1993.

$$
