000
CXUS55 KBOU 171203
CF620V
PRELIMINARY LOCAL CLIMATOLOGICAL DATA (WS FORM: F-6)

                                          STATION:   Kremmling
                                          MONTH:     APRIL
                                          YEAR:      2015
                                          LATITUDE:   40  3 N
                                          LONGITUDE: 106 22 W

  TEMPERATURE IN F:       :PCPN:    SNOW:  WIND      :SUNSHINE: SKY     :PK WND
================================================================================
1   2   3   4   5  6A  6B    7    8   9   10  11  12  13   14  15   16   17  18
                                     12Z  AVG MX 2MIN
DY MAX MIN AVG DEP HDD CDD  WTR  SNW DPTH SPD SPD DIR MIN PSBL S-S WX    SPD DR
================================================================================

 1  59  28  44   M  21   0    M    M    M  5.6 20 320   M    M   4        24 320
 2  52  30  41   M  24   0    M    M    M  7.8 22 350   M    M   6        36 280
 3  43  21  32   M  33   0    M    M    M  5.4 12  10   M    M   3        17  10
 4  59  12  36   M  29   0    M    M    M  6.6 25 250   M    M   0        31 250
 5  64  18  41   M  24   0    M    M    M  9.2 25 250   M    M   0        32 250
 6  63  23  43   M  22   0    M    M    M  9.4 22 220   M    M   0        35 240
 7  61  28  45   M  20   0    M    M    M  9.8 25 220   M    M   0        41 260
 8  59  18  39   M  26   0    M    M    M  7.0 29 250   M    M   2        44 250
 9  50  28  39   M  26   0    M    M    M  5.6 13 350   M    M   7        16 350
10  59  18  39   M  26   0    M    M    M  3.8 16 240   M    M   1        36 240
11  63  18  41   M  24   0    M    M    M  5.3 20 250   M    M   1        28 240
12  55  21  38   M  27   0    M    M    M  6.2 17 320   M    M   2        24 320
13  64  18  41   M  24   0    M    M    M  1.4  9  20   M    M   0         M  M
14  70  21  46   M  19   0    M    M    M  6.2 22 260   M    M   1        36 260
15  48  32  40   M  25   0    M    M    M 10.4 24 350   M    M   7        33 350
16  52  28  40   M  25   0    M    M    M  8.8 23  90   M    M   7        31  70
================================================================================
SM  921  362       395   0    M     M    108.5          M       41
================================================================================
AV 57.6 22.6                               6.8 FASTST   M    M   3    MAX(MPH)
                                 MISC ---->    29   M                 44    M
================================================================================
NOTES:
# LAST OF SEVERAL OCCURRENCES

COLUMN 17 PEAK WIND IN M.P.H.

PRELIMINARY LOCAL CLIMATOLOGICAL DATA (WS FORM: F-6) , PAGE 2

                                          STATION:  Kremmling
                                          MONTH:    APRIL
                                          YEAR:     2015
                                          LATITUDE:   40  3 N
                                          LONGITUDE: 106 22 W

[TEMPERATURE DATA]      [PRECIPITATION DATA]       SYMBOLS USED IN COLUMN 16

AVERAGE MONTHLY: 40.1   TOTAL FOR MONTH:      M    1 = FOG OR MIST
DPTR FM NORMAL:     M   DPTR FM NORMAL:       M    2 = FOG REDUCING VISIBILITY
HIGHEST:    70 ON 14    GRTST 24HR    M  ON   M        TO 1/4 MILE OR LESS
LOWEST:     12 ON  4                               3 = THUNDER
                        SNOW, ICE PELLETS, HAIL    4 = ICE PELLETS
                        TOTAL MONTH:    M          5 = HAIL
                        GRTST 24HR    M  ON   M    6 = FREEZING RAIN OR DRIZZLE
                        GRTST DEPTH:  M  ON   M    7 = DUSTSTORM OR SANDSTORM:
                                                       VSBY 1/2 MILE OR LESS
                                                   8 = SMOKE OR HAZE
[NO. OF DAYS WITH]      [WEATHER - DAYS WITH]      9 = BLOWING SNOW
                                                   X = TORNADO
MAX 32 OR BELOW:   0    0.01 INCH OR MORE:   0
MAX 90 OR ABOVE:   0    0.10 INCH OR MORE:   0
MIN 32 OR BELOW:  16    0.50 INCH OR MORE:   0
MIN  0 OR BELOW:   0    1.00 INCH OR MORE:   0

[HDD (BASE 65) ]
TOTAL THIS MO.   395    CLEAR  (SCALE 0-3)  11
DPTR FM NORMAL     M    PTCLDY (SCALE 4-7)   5
TOTAL FM JUL 1  7108    CLOUDY (SCALE 8-10)  0
DPTR FM NORMAL     M

[CDD (BASE 65) ]
TOTAL THIS MO.     0
DPTR FM NORMAL     M    [PRESSURE DATA]
TOTAL FM JAN 1     0    HIGHEST SLP M ON M
DPTR FM NORMAL     M    LOWEST  SLP M ON M

[REMARKS]
