000
CXUS54 KFWD 180730
CF6AFW
PRELIMINARY LOCAL CLIMATOLOGICAL DATA (WS FORM: F-6)

                                          STATION:   FORT WORTH ALLIANCE
                                          MONTH:     APRIL
                                          YEAR:      2015
                                          LATITUDE:   32 58 N
                                          LONGITUDE:  97 19 W

  TEMPERATURE IN F:       :PCPN:    SNOW:  WIND      :SUNSHINE: SKY     :PK WND
================================================================================
1   2   3   4   5  6A  6B    7    8   9   10  11  12  13   14  15   16   17  18
                                     12Z  AVG MX 2MIN
DY MAX MIN AVG DEP HDD CDD  WTR  SNW DPTH SPD SPD DIR MIN PSBL S-S WX    SPD DR
================================================================================

 1  79  63  71  10   0   6 0.71  0.0    0 10.0 20 170   M    M   8 1358   25 170
 2  86  67  77  16   0  12 0.00  0.0    0 16.5 26 160   M    M   6        33 170
 3  73  55  64   3   1   0 0.00  0.0    0 15.5 25 360   M    M   6 78     31 340
 4  68  47  58  -4   7   0    T  0.0    0  8.3 17  10   M    M   6        21  10
 5  59  51  55  -7  10   0 0.72  0.0    0  9.5 17 150   M    M   8 18     21 160
 6  84  57  71   9   0   6    T  0.0    0 11.5 22 170   M    M   9 1      29 160
 7  81  68  75  13   0  10 0.00  0.0    0 12.6 21 180   M    M   6 1      30 180
 8  75  66  71   9   0   6    T  0.0    0 12.8 25 160   M    M   7 138    33 160
 9  82  63  73  10   0   8 0.26  0.0    0 10.1 38 150   M    M   7 13     46 150
10  71  50  61  -2   4   0 0.00  0.0    0  7.6 17  20   M    M   7        22  10
11  74  50  62  -1   3   0 0.00  0.0    0  6.5 14 130   M    M   8        16 130
12  79  65  72   9   0   7 0.07  0.0    0  9.5 17 150   M    M   9 18     20 140
13  70  55  63  -1   2   0 1.08  0.0    0 11.9 25  20   M    M   9 13     34  50
14  60  53  57  -7   8   0 0.04  0.0    0  7.7 14  30   M    M  10 1       M  M
15  75  54  65   1   0   0 0.00  0.0    0  5.1 13 150   M    M   4        15 140
16  77  59  68   4   0   3    T  0.0    0  8.2 18 120   M    M   8 18     23 130
17  71  60  66   1   0   1 0.96  0.0    0  6.4 23 310   M    M   8 138    30 300
================================================================================
SM 1264  983        35  59  3.84     0.0 169.7          M      126
================================================================================
AV 74.4 57.8                              10.0 FASTST   M    M   7    MAX(MPH)
                                 MISC ---->  # 38 150               # 46  150
================================================================================
NOTES:
# LAST OF SEVERAL OCCURRENCES

COLUMN 17 PEAK WIND IN M.P.H.

PRELIMINARY LOCAL CLIMATOLOGICAL DATA (WS FORM: F-6) , PAGE 2

                                          STATION:  FORT WORTH ALLIANCE
                                          MONTH:    APRIL
                                          YEAR:     2015
                                          LATITUDE:   32 58 N
                                          LONGITUDE:  97 19 W

[TEMPERATURE DATA]      [PRECIPITATION DATA]       SYMBOLS USED IN COLUMN 16

AVERAGE MONTHLY: 66.1   TOTAL FOR MONTH:   3.84    1 = FOG OR MIST
DPTR FM NORMAL:   3.4   DPTR FM NORMAL:    2.20    2 = FOG REDUCING VISIBILITY
HIGHEST:    86 ON  2    GRTST 24HR  1.14 ON 12-13      TO 1/4 MILE OR LESS
LOWEST:     47 ON  4                               3 = THUNDER
                        SNOW, ICE PELLETS, HAIL    4 = ICE PELLETS
                        TOTAL MONTH:   0.0 INCH    5 = HAIL
                        GRTST 24HR     0.0         6 = FREEZING RAIN OR DRIZZLE
                        GRTST DEPTH:   0           7 = DUSTSTORM OR SANDSTORM:
                                                       VSBY 1/2 MILE OR LESS
                                                   8 = SMOKE OR HAZE
[NO. OF DAYS WITH]      [WEATHER - DAYS WITH]      9 = BLOWING SNOW
                                                   X = TORNADO
MAX 32 OR BELOW:   0    0.01 INCH OR MORE:   7
MAX 90 OR ABOVE:   0    0.10 INCH OR MORE:   5
MIN 32 OR BELOW:   0    0.50 INCH OR MORE:   4
MIN  0 OR BELOW:   0    1.00 INCH OR MORE:   1

[HDD (BASE 65) ]
TOTAL THIS MO.    35    CLEAR  (SCALE 0-3)   0
DPTR FM NORMAL   -41    PTCLDY (SCALE 4-7)  12
TOTAL FM JUL 1  2591    CLOUDY (SCALE 8-10)  5
DPTR FM NORMAL   165

[CDD (BASE 65) ]
TOTAL THIS MO.    59
DPTR FM NORMAL    19    [PRESSURE DATA]
TOTAL FM JAN 1    92    HIGHEST SLP M ON M
DPTR FM NORMAL    17    LOWEST  SLP 29.71 ON  8

[REMARKS]
