000
CXUS54 KBMX 201412
CF6ANB
PRELIMINARY LOCAL CLIMATOLOGICAL DATA (WS FORM: F-6)

                                          STATION:   ANNISTON
                                          MONTH:     APRIL
                                          YEAR:      2015
                                          LATITUDE:   33 35 N
                                          LONGITUDE:  85 51 W

  TEMPERATURE IN F:       :PCPN:    SNOW:  WIND      :SUNSHINE: SKY     :PK WND
================================================================================
1   2   3   4   5  6A  6B    7    8   9   10  11  12  13   14  15   16   17  18
                                     12Z  AVG MX 2MIN
DY MAX MIN AVG DEP HDD CDD  WTR  SNW DPTH SPD SPD DIR MIN PSBL S-S WX    SPD DR
================================================================================

 1  80  54  67   9   0   2 0.43  0.0    0  3.5 10 250   M    M   3 13     14 190
 2  78  56  67   9   0   2 0.21  0.0    0  3.2 24 210   M    M   6 13     35 210
 3  83  52  68   9   0   3 1.01  0.0    0  9.9 23 250   M    M   1 13     32 240
 4  68  45  57  -2   8   0    T  0.0    0  6.9 16  10   M    M   3 1      24 360
 5  72  42  57  -2   8   0 0.00  0.0    0  5.7 17 130   M    M   1        27  90
 6  75  60  68   9   0   3 0.09  0.0    0  5.3 15 120   M    M   8 1      20 190
 7  79  61  70  10   0   5    T  0.0    0  3.9 14 240   M    M   4 12     17 250
 8  87  58  73  13   0   8 0.00  0.0    0  3.6 15 250   M    M   0 1      20 250
 9  84  60  72  12   0   7 0.09  0.0    0  4.8 18 230   M    M   1 13     24 230
10  77  63  70  10   0   5 1.30  0.0    0  4.9 13 220   M    M   4 13     16 210
11  77  53  65   4   0   0 0.00  0.0    0  5.3 14 360   M    M   0        17 350
12  77  50  64   3   1   0    T  0.0    0  6.0 16 100   M    M   3        23 100
13  75  64  70   9   0   5 0.51  0.0    0  4.1 16 180   M    M   9 18     22 180
14  80  67  74  13   0   9 0.43  0.0    0  7.4 15 230   M    M   5 1      19 240
15  81  65  73  11   0   8 0.01  0.0    0  3.4 15 100   M    M   7 1      20  90
16  65  57  61  -1   4   0 0.77  0.0    0  8.7 15  90   M    M  10 13     23  80
17  63  57  60  -2   5   0 0.78  0.0    0  5.3  9  70   M    M  10 1      14  50
18  74  62  68   6   0   3 0.09  0.0    0  3.4  9 160   M    M   8 1      14  70
19  77  59  68   5   0   3 1.00  0.0    0  4.9 28 340   M    M   8 1238   36 330
================================================================================
SM 1452 1085        26  63  6.72     0.0 100.2          M       91
================================================================================
AV 76.4 57.1                               5.3 FASTST   M    M   5    MAX(MPH)
                                 MISC ---->  # 28 340               # 36  330
================================================================================
NOTES:
# LAST OF SEVERAL OCCURRENCES

COLUMN 17 PEAK WIND IN M.P.H.

PRELIMINARY LOCAL CLIMATOLOGICAL DATA (WS FORM: F-6) , PAGE 2

                                          STATION:  ANNISTON
                                          MONTH:    APRIL
                                          YEAR:     2015
                                          LATITUDE:   33 35 N
                                          LONGITUDE:  85 51 W

[TEMPERATURE DATA]      [PRECIPITATION DATA]       SYMBOLS USED IN COLUMN 16

AVERAGE MONTHLY: 66.8   TOTAL FOR MONTH:   6.72    1 = FOG OR MIST
DPTR FM NORMAL:   6.4   DPTR FM NORMAL:    4.09    2 = FOG REDUCING VISIBILITY
HIGHEST:    87 ON  8    GRTST 24HR  1.44 ON 31- 1      TO 1/4 MILE OR LESS
LOWEST:     42 ON  5                               3 = THUNDER
                        SNOW, ICE PELLETS, HAIL    4 = ICE PELLETS
                        TOTAL MONTH:   0.0 INCH    5 = HAIL
                        GRTST 24HR     0.0         6 = FREEZING RAIN OR DRIZZLE
                        GRTST DEPTH:   0           7 = DUSTSTORM OR SANDSTORM:
                                                       VSBY 1/2 MILE OR LESS
                                                   8 = SMOKE OR HAZE
[NO. OF DAYS WITH]      [WEATHER - DAYS WITH]      9 = BLOWING SNOW
                                                   X = TORNADO
MAX 32 OR BELOW:   0    0.01 INCH OR MORE:  13
MAX 90 OR ABOVE:   0    0.10 INCH OR MORE:   9
MIN 32 OR BELOW:   0    0.50 INCH OR MORE:   6
MIN  0 OR BELOW:   0    1.00 INCH OR MORE:   3

[HDD (BASE 65) ]
TOTAL THIS MO.    26    CLEAR  (SCALE 0-3)   7
DPTR FM NORMAL   -86    PTCLDY (SCALE 4-7)   9
TOTAL FM JUL 1  2793    CLOUDY (SCALE 8-10)  3
DPTR FM NORMAL    73

[CDD (BASE 65) ]
TOTAL THIS MO.    63
DPTR FM NORMAL    39    [PRESSURE DATA]
TOTAL FM JAN 1    71    HIGHEST SLP M ON M
DPTR FM NORMAL    34    LOWEST  SLP 29.65 ON 19

[REMARKS]
