000
CXUS53 KIWX 270800
CF6AOH
PRELIMINARY LOCAL CLIMATOLOGICAL DATA (WS FORM: F-6)

                                          STATION:   LIMA
                                          MONTH:     APRIL
                                          YEAR:      2015
                                          LATITUDE:   40 42 N
                                          LONGITUDE:  84  1 W

  TEMPERATURE IN F:       :PCPN:    SNOW:  WIND      :SUNSHINE: SKY     :PK WND
================================================================================
1   2   3   4   5  6A  6B    7    8   9   10  11  12  13   14  15   16   17  18
                                     12Z  AVG MX 2MIN
DY MAX MIN AVG DEP HDD CDD  WTR  SNW DPTH SPD SPD DIR MIN PSBL S-S WX    SPD DR
================================================================================

 1  66  34  50   5  15   0 0.00  0.0    0  9.2 16 230   M    M   0        19 220
 2  67  45  56  10   9   0 0.54  0.0    0 13.4 26 190   M    M   4 138    35 190
 3  60  39  50   4  15   0 0.32    M    0  8.3 24 300   M    M   8 12     31 320
 4  52  31  42  -4  23   0 0.00  0.0    0 13.3 25 240   M    M   0        33 230
 5  63  42  53   6  12   0 0.00  0.0    0 13.9 25 260   M    M   0        31 240
 6  63  44  54   7  11   0 0.09    M    0  7.1 18 230   M    M   8 1      23 240
 7  58  41  50   2  15   0 0.31  0.0    0  8.0 14  20   M    M  10 13     17  30
 8  70  40  55   7  10   0 0.32  0.0    0  9.4 33 140   M    M   8 1238   40 140
 9  75  51  63  15   2   0 0.56  0.0    0 13.1 23 200   M    M   3 13     29 210
10  71  45  58   9   7   0 0.16  0.0    0 22.6 39 250   M    M   5 13     49 260
11  60  37  49   0  16   0 0.00  0.0    0  6.7 17 270   M    M   1        22 310
12  69  41  55   5  10   0 0.00  0.0    0  8.2 15 180   M    M   0        19 170
13  78  55  67  17   0   2 0.10  0.0    0 13.7 30 230   M    M   3 13     39 210
14  63  45  54   4  11   0 0.00  0.0    0  6.2 14  80   M    M   0        18  60
15  67  44  56   5   9   0 0.00  0.0    0 12.5 24  80   M    M   0 8      30  80
16  66  46  56   5   9   0    T    M    0  8.9 23 160   M    M   9 18     29 160
17  75  50  63  11   2   0 0.00  0.0    0  5.3 13 280   M    M   2 18     16 270
18  79  53  66  14   0   1 0.00  0.0    0  8.0 23  60   M    M   1        29  60
19  74  49  62  10   3   0 0.74    M    0 16.3 28 130   M    M   5 1      36 120
20  64  45  55   3  10   0 0.04    M    0 20.3 35 230   M    M   9        44 240
21  59  42  51  -2  14   0    T    M    0 21.4 40 260   M    M   6        52 270
22  47  38  43 -10  22   0 0.02    M    0 16.6 31 260   M    M   9        39 290
23  49  31  40 -14  25   0 0.00  0.0    0 12.7 28 290   M    M   4        34 300
24  58  27  43 -11  22   0 0.00  0.0    0  6.5 16 240   M    M   2        28 280
25  50  39  45  -9  20   0 0.39    M    0 11.8 22  80   M    M  10 1      29  80
26  56  35  46  -9  19   0 0.00  0.0    0 10.5 20  20   M    M   4        28 350
================================================================================
SM 1659 1089       311   3  3.59     0.0 303.9          M      111
================================================================================
AV 63.8 41.9                              11.7 FASTST   M    M   4    MAX(MPH)
                                 MISC ---->  # 40 260               # 52  270
================================================================================
NOTES:
# LAST OF SEVERAL OCCURRENCES

COLUMN 17 PEAK WIND IN M.P.H.

PRELIMINARY LOCAL CLIMATOLOGICAL DATA (WS FORM: F-6) , PAGE 2

                                          STATION:  LIMA
                                          MONTH:    APRIL
                                          YEAR:     2015
                                          LATITUDE:   40 42 N
                                          LONGITUDE:  84  1 W

[TEMPERATURE DATA]      [PRECIPITATION DATA]       SYMBOLS USED IN COLUMN 16

AVERAGE MONTHLY: 52.8   TOTAL FOR MONTH:   3.59    1 = FOG OR MIST
DPTR FM NORMAL:   2.8   DPTR FM NORMAL:    0.66    2 = FOG REDUCING VISIBILITY
HIGHEST:    79 ON 18    GRTST 24HR  0.78 ON 19-20      TO 1/4 MILE OR LESS
LOWEST:     27 ON 24                               3 = THUNDER
                        SNOW, ICE PELLETS, HAIL    4 = ICE PELLETS
                        TOTAL MONTH:   0.0 INCH    5 = HAIL
                        GRTST 24HR     0.0         6 = FREEZING RAIN OR DRIZZLE
                        GRTST DEPTH:   0           7 = DUSTSTORM OR SANDSTORM:
                                                       VSBY 1/2 MILE OR LESS
                                                   8 = SMOKE OR HAZE
[NO. OF DAYS WITH]      [WEATHER - DAYS WITH]      9 = BLOWING SNOW
                                                   X = TORNADO
MAX 32 OR BELOW:   0    0.01 INCH OR MORE:  12
MAX 90 OR ABOVE:   0    0.10 INCH OR MORE:   9
MIN 32 OR BELOW:   3    0.50 INCH OR MORE:   3
MIN  0 OR BELOW:   0    1.00 INCH OR MORE:   0

[HDD (BASE 65) ]
TOTAL THIS MO.   311    CLEAR  (SCALE 0-3)  10
DPTR FM NORMAL   -84    PTCLDY (SCALE 4-7)  11
TOTAL FM JUL 1  5862    CLOUDY (SCALE 8-10)  5
DPTR FM NORMAL   257

[CDD (BASE 65) ]
TOTAL THIS MO.     3
DPTR FM NORMAL     3    [PRESSURE DATA]
TOTAL FM JAN 1     3    HIGHEST SLP M ON M
DPTR FM NORMAL     2    LOWEST  SLP 29.20 ON 20

[REMARKS]
