000
CXUS55 KPSR 251005
CF6BLH
PRELIMINARY LOCAL CLIMATOLOGICAL DATA (WS FORM: F-6)

                                          STATION:   BLYTHE CA
                                          MONTH:     APRIL
                                          YEAR:      2015
                                          LATITUDE:   33 37 N
                                          LONGITUDE: 114 43 W

  TEMPERATURE IN F:       :PCPN:    SNOW:  WIND      :SUNSHINE: SKY     :PK WND
================================================================================
1   2   3   4   5  6A  6B    7    8   9   10  11  12  13   14  15   16   17  18
                                     12Z  AVG MX 2MIN
DY MAX MIN AVG DEP HDD CDD  WTR  SNW DPTH SPD SPD DIR MIN PSBL S-S WX    SPD DR
================================================================================

 1  89  60  75   7   0  10 0.00  0.0    0  5.8 13 170   M    M   0        16 180
 2  86  61  74   6   0   9 0.00  0.0    0 10.2 22 340   M    M   0        27 320
 3  85  60  73   5   0   8 0.00  0.0    0 10.0 26 350   M    M   0        31 350
 4  87  54  71   3   0   6 0.00  0.0    0  5.3 14 240   M    M   0        16 230
 5  87  59  73   5   0   8 0.00  0.0    0 12.3 24 220   M    M   0        31 220
 6  81  51  66  -3   0   1 0.00  0.0    0 10.6 24 200   M    M   0        29 220
 7  80  52  66  -3   0   1 0.00  0.0    0 10.9 24 230   M    M   0        28 200
 8  78  56  67  -2   0   2 0.00  0.0    0  6.9 18 340   M    M   0        25 330
 9  82  52  67  -3   0   2 0.00  0.0    0  4.8 13  30   M    M   0        16  30
10  85  51  68  -2   0   3 0.00  0.0    0  4.9 13 230   M    M   0 8      16 240
11  88  58  73   3   0   8 0.00  0.0    0  4.8 13 250   M    M   0        16 200
12  89  62  76   6   0  11 0.00  0.0    0  9.6 17 180   M    M   0        21 190
13  93  59  76   5   0  11 0.00  0.0    0  7.1 18 190   M    M   0        23 190
14  95  64  80   9   0  15 0.00  0.0    0 13.0 29 360   M    M   0 8      36 360
15  78  60  69  -2   0   4 0.00  0.0    0 19.6 38 360   M    M   1 8      48 360
16  80  55  68  -3   0   3 0.00  0.0    0  8.7 22  20   M    M   0        30  20
17  86  49  68  -4   0   3 0.00  0.0    0  5.4 13 350   M    M   0        17  90
18  94  54  74   2   0   9 0.00  0.0    0  7.2 17 260   M    M   0        23 240
19  95  60  78   6   0  13 0.00  0.0    0  6.3 16 170   M    M   0        20 180
20  93  59  76   3   0  11 0.00  0.0    0  9.6 20 180   M    M   0        26 190
21  87  56  72  -1   0   7 0.00  0.0    0 10.6 21 180   M    M   0        27 210
22  84  59  72  -1   0   7 0.00  0.0    0 10.9 17 180   M    M   0        22 170
23  82  61  72  -2   0   7 0.00  0.0    0 10.4 22 240   M    M   0 3      26 250
24  82  60  71  -3   0   6 0.00  0.0    0 14.2 25 210   M    M   1 8      32 210
================================================================================
SM 2066 1372         0 165  0.00     0.0 219.1          M        2
================================================================================
AV 86.1 57.2                               9.1 FASTST   M    M   0    MAX(MPH)
                                 MISC ---->  # 38 360               # 48  360
================================================================================
NOTES:
# LAST OF SEVERAL OCCURRENCES

COLUMN 17 PEAK WIND IN M.P.H.

PRELIMINARY LOCAL CLIMATOLOGICAL DATA (WS FORM: F-6) , PAGE 2

                                          STATION:  BLYTHE CA
                                          MONTH:    APRIL
                                          YEAR:     2015
                                          LATITUDE:   33 37 N
                                          LONGITUDE: 114 43 W

[TEMPERATURE DATA]      [PRECIPITATION DATA]       SYMBOLS USED IN COLUMN 16

AVERAGE MONTHLY: 71.6   TOTAL FOR MONTH:   0.00    1 = FOG OR MIST
DPTR FM NORMAL:   1.0   DPTR FM NORMAL:   -0.08    2 = FOG REDUCING VISIBILITY
HIGHEST:    95 ON 19,14 GRTST 24HR    T  ON 31- 1      TO 1/4 MILE OR LESS
LOWEST:     49 ON 17                               3 = THUNDER
                        SNOW, ICE PELLETS, HAIL    4 = ICE PELLETS
                        TOTAL MONTH:   0.0 INCH    5 = HAIL
                        GRTST 24HR     0.0         6 = FREEZING RAIN OR DRIZZLE
                        GRTST DEPTH:   0           7 = DUSTSTORM OR SANDSTORM:
                                                       VSBY 1/2 MILE OR LESS
                                                   8 = SMOKE OR HAZE
[NO. OF DAYS WITH]      [WEATHER - DAYS WITH]      9 = BLOWING SNOW
                                                   X = TORNADO
MAX 32 OR BELOW:   0    0.01 INCH OR MORE:   0
MAX 90 OR ABOVE:   5    0.10 INCH OR MORE:   0
MIN 32 OR BELOW:   0    0.50 INCH OR MORE:   0
MIN  0 OR BELOW:   0    1.00 INCH OR MORE:   0

[HDD (BASE 65) ]
TOTAL THIS MO.     0    CLEAR  (SCALE 0-3)  24
DPTR FM NORMAL   -17    PTCLDY (SCALE 4-7)   0
TOTAL FM JUL 1   651    CLOUDY (SCALE 8-10)  0
DPTR FM NORMAL  -443

[CDD (BASE 65) ]
TOTAL THIS MO.   165
DPTR FM NORMAL    13    [PRESSURE DATA]
TOTAL FM JAN 1   436    HIGHEST SLP M ON M
DPTR FM NORMAL   203    LOWEST  SLP 29.62 ON 20

[REMARKS]
