000
CXAK56 PABR 170934
CF6BRW

PRELIMINARY LOCAL CLIMATOLOGICAL DATA (WS FORM: F-6)

                                          STATION:   BARROW
                                          MONTH:     04
                                          YEAR:      2015
                                          LATITUDE:   71 17 N
                                          LONGITUDE: 156 46 W

  TEMPERATURE IN F:       :PCPN:    SNOW:  WIND      :SUNSHINE: SKY     :PK WND
================================================================================
1   2   3   4   5  6A  6B    7     8   9   10  11  12  13   14  15   16  17  18
                                      12Z  AVG MX 2MIN
DY MAX MIN AVG DEP HDD CDD  WTR   SNW DPTH SPD SPD DIR MIN PSBL S-S WX   SPD DR
================================================================================

 1   0  -9  -4   4  69   0  0.00  0.0   6 16.6 23   70   M    M   M       25  70
 2   0 -11  -5   2  70   0     T    T   6  6.8 14   50   M    M   M       16  50
 3   4  -5   0   7  65   0     T  0.3   6  6.0 13  100   M    M   M 1     16  70
 4   0  -8  -4   2  69   0     T  0.1   6 14.3 21   70   M    M   M       24  70
 5   4  -8  -2   3  67   0  0.00  0.0   6 16.9 24   70   M    M   M       29  70
 6   5  -5   0   5  65   0  0.00  0.0   5 25.3 33   60   M    M   M 9     40  70
 7   5  -1   2   6  63   0     T    T   5 27.8 33   60   M    M   M 9     41  50
 8   7   2   5   8  60   0  0.10  1.0   6 24.5 35   60   M    M   M 9     42  60
 9   6   2   4   7  61   0  0.01  0.4   6 14.7 21   60   M    M   M 1     26  60
10  12  -2   5   7  60   0     T    T   6  6.2 10   10   M    M   M       14  10
11   7  -2   3   4  62   0  0.01  0.3   6  9.1 14   70   M    M   M       15  60
12   7  -8   0   1  65   0  0.03  1.0   7 11.1 16   70   M    M   M 1     18  70
13   5 -12  -3  -3  68   0     T    T   7  5.0 10  100   M    M   M 2     13 100
14   5 -10  -2  -3  67   0     T    T   7  7.2 12   70   M    M   M 2     13  80
15   7 -13  -3  -4  68   0  0.01  0.3   7  9.8 13   60   M    M   M 12    15  70
16   5  -9  -2  -4  67   0  0.01  0.6   7  8.2 13   70   M    M   M       15  80
================================================================================
SM   79  -99      1046   0  0.17 4.0    209.5           M        M
================================================================================
AV  4.9 -6.2                             13.1 FASTST  PSBL  %   M    MAX(MPH)
                                 MISC ---->     35   60                 42  60
================================================================================
NOTES:
# LAST OF SEVERAL OCCURRENCES

COLUMN 17 PEAK WIND IN M.P.H.

PRELIMINARY LOCAL CLIMATOLOGICAL DATA (WS FORM: F-6) , PAGE 2

                                          STATION:   BARROW
                                          MONTH:     04
                                          YEAR:      2015
                                          LATITUDE:  71 17 N
                                          LONGITUDE: 156 46 W

[TEMPERATURE DATA]      [PRECIPITATION DATA]       SYMBOLS USED IN COLUMN 16

AVERAGE MONTHLY:-0.6   TOTAL FOR MONTH: 0.17       1 = FOG
DPTR FM NORMAL:  2.4   DPTR FM NORMAL: 0.08       2 = FOG REDUCING VISIBILITY
HIGHEST:    12 ON 10    GRTST 24HR   0.10 ON  8        TO 1/4 MILE OR LESS
LOWEST:    -13 ON 15                               3 = THUNDER
                        SNOW, ICE PELLETS, HAIL    4 = ICE PELLETS
                        TOTAL MONTH: 4.0 INCHES  5 = HAIL
                        GRTST 24HR   1.0 ON 12     6 = GLAZE OR RIME
                        GRTST DEPTH:    7 ON 16    7 = BLOWING DUST OR SAND:
                                                       VSBY 1/2 MILE OR LESS
                                                   8 = SMOKE OR HAZE
[NO. OF DAYS WITH]      [WEATHER - DAYS WITH]      9 = BLOWING SNOW
                                                   X = TORNADO
MAX 32 OR BELOW:  16    0.01 INCH OR MORE:   6
MAX 70 OR ABOVE:   0    0.10 INCH OR MORE:   1
MIN 32 OR BELOW:  16    0.50 INCH OR MORE:   0
MIN  0 OR BELOW:  14    1.00 INCH OR MORE:   0

[HDD (BASE 65) ]
TOTAL THIS MO.  1052    CLEAR  (SCALE 0-3)   M
DPTR FM NORMAL   -35    PTCLDY (SCALE 4-7)   M
SEASONAL TOTAL 15536    CLOUDY (SCALE 8-10)  M
DPTR FM NORMAL  -803

[CDD (BASE 65) ]
TOTAL THIS MO.     0
DPTR FM NORMAL     0    [PRESSURE DATA]
SEASONAL TOTAL     0    HIGHEST SLP     M
DPTR FM NORMAL     0    LOWEST  SLP     M

[REMARKS]
