000
CXUS51 KLWX 010620
CF6BWI
PRELIMINARY LOCAL CLIMATOLOGICAL DATA (WS FORM: F-6)

                                          STATION:   BALTIMORE MD
                                          MONTH:     MARCH
                                          YEAR:      2015
                                          LATITUDE:   39 10 N
                                          LONGITUDE:  76 40 W

  TEMPERATURE IN F:       :PCPN:    SNOW:  WIND      :SUNSHINE: SKY     :PK WND
================================================================================
1   2   3   4   5  6A  6B    7    8   9   10  11  12  13   14  15   16   17  18
                                     12Z  AVG MX 2MIN
DY MAX MIN AVG DEP HDD CDD  WTR  SNW DPTH SPD SPD DIR MIN PSBL S-S WX    SPD DR
================================================================================

 1  32  16  24 -15  41   0 0.61  0.3    1  2.2  9 170   M    M   9 146    13 170
 2  40  26  33  -6  32   0 0.00  0.0    1  8.8 26 300   M    M   5 1      36 320
 3  36  23  30 -10  35   0 0.12    T    T  5.4 12  70   M    M   9 146    16  90
 4  45  36  41   1  24   0 0.41  0.0    T  3.5 13 310   M    M  10 12     16 310
 5  40  19  30 -10  35   0 0.89  6.2    T  7.0 15 350   M    M  10 124    23 360
 6  28  10  19 -21  46   0 0.00  0.0    5  4.2 13 320   M    M   1        20 320
 7  45   6  26 -15  39   0 0.00  0.0    4  4.1 16 220   M    M   3 1      21 210
 8  53  28  41   0  24   0 0.00  0.0    0  5.7 22 270   M    M   4        29 280
 9  61  30  46   5  19   0 0.00  0.0    0  2.2 10 280   M    M   7        17 320
10  49  30  40  -2  25   0 0.50  0.0    0  1.7  3 340   M    M   8 1       6 340
11  63  43  53  11  12   0    T  0.0    0  5.2 15 280   M    M   7 1      21 310
12  56  33  45   3  20   0 0.00  0.0    0  8.5 20 340   M    M   3        30 350
13  48  28  38  -4  27   0 0.04  0.0    0  4.9 14 110   M    M   8 1      17 110
14  54  40  47   4  18   0 0.72  0.0    0  2.5 15 300   M    M  10 1      21 240
15  53  38  46   3  19   0 0.00  0.0    0 12.4 31 280   M    M   5        41 310
16  62  28  45   1  20   0    T  0.0    0  1.7 12  50   M    M   7        20  40
17  70  36  53   9  12   0 0.00  0.0    0 12.4 26 310   M    M   6        37 310
18  48  28  38  -6  27   0 0.00  0.0    0  9.6 25 310   M    M   4        33 320
19  51  27  39  -5  26   0 0.00  0.0    0  3.6 14 110   M    M   8        22  30
20  39  32  36  -9  29   0 0.69  1.2    T  6.8 13  40   M    M  10 14     17  50
21  59  30  45   0  20   0 0.00  0.0    T  3.1 15 260   M    M   7 18     18 250
22  52  33  43  -2  22   0 0.00  0.0    0  8.1 17 280   M    M   7        23 320
23  47  30  39  -7  26   0 0.00  0.0    0  5.3 13  40   M    M   6        20  20
24  41  27  34 -12  31   0 0.00  0.0    0  5.2 12  50   M    M   8        15  40
25  48  24  36 -10  29   0 0.01  0.0    0  2.1 12 120   M    M   8        15 120
26  74  40  57  10   8   0 0.20  0.0    0  5.2 20 200   M    M   8 1      29 210
27  50  39  45  -2  20   0 0.43  0.0    0  7.0 14 330   M    M   9 1      20 320
28  39  27  33 -14  32   0    T    T    0 13.2 23 280   M    M   7        36 310
29  46  21  34 -14  31   0 0.00  0.0    0  6.6 14 270   M    M   2        26 210
30  61  37  49   1  16   0 0.02    M    0  8.5 24 270   M    M   7 4      32 300
31  68  38  53   5  12   0 0.03  0.0    0  9.2 23 340   M    M   5        33 340
================================================================================
SM 1558  903       777   0  4.67     7.7 185.9          M      208
================================================================================
AV 50.3 29.1                               6.0 FASTST   M    M   7    MAX(MPH)
                                 MISC ---->  # 31 280               # 41  310
================================================================================
NOTES:
# LAST OF SEVERAL OCCURRENCES

COLUMN 17 PEAK WIND IN M.P.H.

PRELIMINARY LOCAL CLIMATOLOGICAL DATA (WS FORM: F-6) , PAGE 2

                                          STATION:  BALTIMORE MD
                                          MONTH:    MARCH
                                          YEAR:     2015
                                          LATITUDE:   39 10 N
                                          LONGITUDE:  76 40 W

[TEMPERATURE DATA]      [PRECIPITATION DATA]       SYMBOLS USED IN COLUMN 16

AVERAGE MONTHLY: 39.7   TOTAL FOR MONTH:   4.67    1 = FOG OR MIST
DPTR FM NORMAL:  -3.9   DPTR FM NORMAL:    0.77    2 = FOG REDUCING VISIBILITY
HIGHEST:    74 ON 26    GRTST 24HR  0.89 ON  5- 5      TO 1/4 MILE OR LESS
LOWEST:      6 ON  7                               3 = THUNDER
                        SNOW, ICE PELLETS, HAIL    4 = ICE PELLETS
                        TOTAL MONTH:   7.7 INCHES  5 = HAIL
                        GRTST 24HR   6.2 ON   M    6 = FREEZING RAIN OR DRIZZLE
                        GRTST DEPTH:   5 ON  6     7 = DUSTSTORM OR SANDSTORM:
                                                       VSBY 1/2 MILE OR LESS
                                                   8 = SMOKE OR HAZE
[NO. OF DAYS WITH]      [WEATHER - DAYS WITH]      9 = BLOWING SNOW
                                                   X = TORNADO
MAX 32 OR BELOW:   2    0.01 INCH OR MORE:  13
MAX 90 OR ABOVE:   0    0.10 INCH OR MORE:   9
MIN 32 OR BELOW:  20    0.50 INCH OR MORE:   5
MIN  0 OR BELOW:   0    1.00 INCH OR MORE:   0

[HDD (BASE 65) ]
TOTAL THIS MO.   777    CLEAR  (SCALE 0-3)   3
DPTR FM NORMAL   111    PTCLDY (SCALE 4-7)  19
TOTAL FM JUL 1  4592    CLOUDY (SCALE 8-10)  9
DPTR FM NORMAL   331

[CDD (BASE 65) ]
TOTAL THIS MO.     0
DPTR FM NORMAL    -1    [PRESSURE DATA]
TOTAL FM JAN 1     0    HIGHEST SLP M ON M
DPTR FM NORMAL    -1    LOWEST  SLP 29.57 ON 31

[REMARKS]
#FINAL-03-15#
