000
CXUS54 KLUB 270755
CF6CDS
PRELIMINARY LOCAL CLIMATOLOGICAL DATA (WS FORM: F-6)

                                          STATION:   CHILDRESS
                                          MONTH:     APRIL
                                          YEAR:      2015
                                          LATITUDE:   34 25 N
                                          LONGITUDE: 100 17 W

  TEMPERATURE IN F:       :PCPN:    SNOW:  WIND      :SUNSHINE: SKY     :PK WND
================================================================================
1   2   3   4   5  6A  6B    7    8   9   10  11  12  13   14  15   16   17  18
                                     12Z  AVG MX 2MIN
DY MAX MIN AVG DEP HDD CDD  WTR  SNW DPTH SPD SPD DIR MIN PSBL S-S WX    SPD DR
================================================================================

 1  91  53  72  14   0   7 0.00  0.0    0 14.3 28 190   M    M   0        33 190
 2  91  53  72  14   0   7 0.00  0.0    0 11.1 24 240   M    M   0        30 230
 3  70  49  60   1   5   0 0.00  0.0    0 18.5 38 350   M    M   2 8      48 340
 4  67  39  53  -6  12   0 0.00  0.0    0  9.4 17 160   M    M   1        25 170
 5  79  52  66   7   0   1 0.03  0.0    0 14.9 24 170   M    M   3 38     32 170
 6  94  54  74  14   0   9 0.00  0.0    0 14.7 29 240   M    M   2 12     34 240
 7  95  59  77  17   0  12 0.00  0.0    0 11.5 25 210   M    M   0 18     32 180
 8  89  62  76  16   0  11 0.01  0.0    0 17.6 38 170   M    M   0 3      50 170
 9  78  55  67   7   0   2 0.00  0.0    0 16.0 24 340   M    M   0 18     30  10
10  71  39  55  -6  10   0 0.00  0.0    0  8.8 18 140   M    M   0        24  60
11  75  51  63   2   2   0    T  0.0    0 14.1 28 150   M    M   5        34 150
12  88  60  74  13   0   9 1.13  0.0    0 16.1 41 300   M    M   5 138    53 280
13  63  50  57  -5   8   0 0.31  0.0    0 13.8 26  60   M    M  10 1      38  60
14  67  48  58  -4   7   0 0.08  0.0    0  8.5 15  20   M    M   7        22  40
15  80  46  63   1   2   0 0.00  0.0    0 12.4 24 180   M    M   2 12     30 170
16  83  55  69   7   0   4 0.06  0.0    0 12.3 22 170   M    M   2 13     28 200
17  65  57  61  -2   4   0 0.63  0.0    0 11.6 43 270   M    M   8 13     51 270
18  80  53  67   4   0   2 0.00  0.0    0  9.4 26 260   M    M   3 12     32 250
19  69  47  58  -5   7   0 0.00  0.0    0 15.2 35 340   M    M   2        42 330
20  69  43  56  -8   9   0 0.00  0.0    0  6.9 16 150   M    M   0        21 150
21  80  48  64   0   1   0 0.00  0.0    0  9.4 16 200   M    M   0        21 150
22  75  55  65   1   0   0 0.06  0.0    0 11.3 20 120   M    M   4 3      28  50
23  64  56  60  -4   5   0 0.00  0.0    0  6.3 14  50   M    M  10 1      19  50
24  82  60  71   6   0   6 0.10  0.0    0 16.8 47 240   M    M   3 1238   56 240
25  87  56  72   7   0   7 0.00  0.0    0 13.3 22 240   M    M   0        29 240
26  81  52  67   1   0   2 0.74  0.0    0 12.8 32  50   M    M   2 13     42  50
================================================================================
SM 2033 1352        72  79  3.15     0.0 327.0          M       71
================================================================================
AV 78.2 52.0                              12.6 FASTST   M    M   3    MAX(MPH)
                                 MISC ---->  # 47 240               # 56  240
================================================================================
NOTES:
# LAST OF SEVERAL OCCURRENCES

COLUMN 17 PEAK WIND IN M.P.H.

PRELIMINARY LOCAL CLIMATOLOGICAL DATA (WS FORM: F-6) , PAGE 2

                                          STATION:  CHILDRESS
                                          MONTH:    APRIL
                                          YEAR:     2015
                                          LATITUDE:   34 25 N
                                          LONGITUDE: 100 17 W

[TEMPERATURE DATA]      [PRECIPITATION DATA]       SYMBOLS USED IN COLUMN 16

AVERAGE MONTHLY: 65.1   TOTAL FOR MONTH:   3.15    1 = FOG OR MIST
DPTR FM NORMAL:   3.4   DPTR FM NORMAL:    1.38    2 = FOG REDUCING VISIBILITY
HIGHEST:    95 ON  7    GRTST 24HR  1.38 ON 12-13      TO 1/4 MILE OR LESS
LOWEST:     39 ON 10, 4                            3 = THUNDER
                        SNOW, ICE PELLETS, HAIL    4 = ICE PELLETS
                        TOTAL MONTH:   0.0 INCH    5 = HAIL
                        GRTST 24HR     0.0         6 = FREEZING RAIN OR DRIZZLE
                        GRTST DEPTH:   0           7 = DUSTSTORM OR SANDSTORM:
                                                       VSBY 1/2 MILE OR LESS
                                                   8 = SMOKE OR HAZE
[NO. OF DAYS WITH]      [WEATHER - DAYS WITH]      9 = BLOWING SNOW
                                                   X = TORNADO
MAX 32 OR BELOW:   0    0.01 INCH OR MORE:  10
MAX 90 OR ABOVE:   4    0.10 INCH OR MORE:   5
MIN 32 OR BELOW:   0    0.50 INCH OR MORE:   3
MIN  0 OR BELOW:   0    1.00 INCH OR MORE:   1

[HDD (BASE 65) ]
TOTAL THIS MO.    72    CLEAR  (SCALE 0-3)  19
DPTR FM NORMAL   -70    PTCLDY (SCALE 4-7)   4
TOTAL FM JUL 1  2903    CLOUDY (SCALE 8-10)  3
DPTR FM NORMAL  -174

[CDD (BASE 65) ]
TOTAL THIS MO.    79
DPTR FM NORMAL    23    [PRESSURE DATA]
TOTAL FM JAN 1    96    HIGHEST SLP M ON M
DPTR FM NORMAL    21    LOWEST  SLP 29.52 ON 26

[REMARKS]
