000
CXUS53 KICT 260800
CF6CNU
PRELIMINARY LOCAL CLIMATOLOGICAL DATA (WS FORM: F-6)

                                          STATION:   CHANUTE KS
                                          MONTH:     APRIL
                                          YEAR:      2015
                                          LATITUDE:   37 40 N
                                          LONGITUDE:  95 29 W

  TEMPERATURE IN F:       :PCPN:    SNOW:  WIND      :SUNSHINE: SKY     :PK WND
================================================================================
1   2   3   4   5  6A  6B    7    8   9   10  11  12  13   14  15   16   17  18
                                     12Z  AVG MX 2MIN
DY MAX MIN AVG DEP HDD CDD  WTR  SNW DPTH SPD SPD DIR MIN PSBL S-S WX    SPD DR
================================================================================

 1  78  52  65  13   0   0 0.00    M    M 13.3 25 160   M    M   1        32 160
 2  76  60  68  16   0   3 0.38    M    M 11.4 29 210   M    M   4 13     37 190
 3  61  38  50  -3  15   0 0.36    M    M 16.0 35 280   M    M   4 13     47  20
 4  62  27  45  -8  20   0 0.00    M    M  6.7 15 160   M    M   0        19 170
 5  54  38  46  -8  19   0 0.00    M    M 12.7 24 170   M    M   6 1      31 180
 6  71  50  61   7   4   0 0.00  0.0    M 13.2 23 190   M    M   8 1      28 160
 7  87  65  76  22   0  11 0.01    M    M 13.6 26 190   M    M   2 13     31 190
 8  83  58  71  17   0   6 0.62  0.0    M 12.4 51 180   M    M   3 13     66 220
 9  76  42  59   4   6   0 0.09    M    M 18.4 31 300   M    M   3 13     37 290
10  68  37  53  -2  12   0 0.00    M    M  6.2 12 290   M    M   3 8      15 290
11  69  45  57   2   8   0    T    M    M  9.8 22 190   M    M   3        25 190
12  75  52  64   8   1   0 0.96    M    M 13.1 46 330   M    M   8 13     61 320
13  67  53  60   4   5   0 0.93    M    M 10.5 26 330   M    M   2 13     31 330
14  69  53  61   5   4   0    T    M    M 10.0 22 110   M    M   5        26 110
15  63  50  57   0   8   0    T    M    M  7.5 17 110   M    M  10 1      24 110
16  76  52  64   7   1   0 0.00    M    M  7.3 13 160   M    M   5 12     20 120
17  75  59  67  10   0   2 0.22    M    M  7.0 17 100   M    M   2 13     22 220
18  70  57  64   6   1   0 0.68    M    M  8.6 31 210   M    M   4 13     38 200
19  70  51  61   3   4   0 0.19    M    M 11.3 31 320   M    M   7 13     39 320
20  61  44  53  -5  12   0 0.00    M    M 13.2 28 310   M    M   2        35 300
21  75  45  60   1   5   0 0.07    M    M 10.8 23 260   M    M   4 3      34 240
22  62  44  53  -6  12   0    T    M    M  8.6 20  20   M    M   2 3      28  20
23  62  42  52  -7  13   0 0.02    M    M  9.1 17 100   M    M   8        22 110
24  73  54  64   4   1   0    T    M    M 13.5 28 160   M    M   8        34 160
25  73  54  64   4   1   0    T    M    M 14.8 28 300   M    M   7        33 310
================================================================================
SM 1756 1222       152  22  4.53     0.0 279.0          M      111
================================================================================
AV 70.2 48.9                              11.2 FASTST   M    M   4    MAX(MPH)
                                 MISC ---->  # 51 180               # 66  220
================================================================================
NOTES:
# LAST OF SEVERAL OCCURRENCES

COLUMN 17 PEAK WIND IN M.P.H.

PRELIMINARY LOCAL CLIMATOLOGICAL DATA (WS FORM: F-6) , PAGE 2

                                          STATION:  CHANUTE KS
                                          MONTH:    APRIL
                                          YEAR:     2015
                                          LATITUDE:   37 40 N
                                          LONGITUDE:  95 29 W

[TEMPERATURE DATA]      [PRECIPITATION DATA]       SYMBOLS USED IN COLUMN 16

AVERAGE MONTHLY: 59.6   TOTAL FOR MONTH:   4.53    1 = FOG OR MIST
DPTR FM NORMAL:   3.5   DPTR FM NORMAL:    0.98    2 = FOG REDUCING VISIBILITY
HIGHEST:    87 ON  7    GRTST 24HR  1.85 ON 12-13      TO 1/4 MILE OR LESS
LOWEST:     27 ON  4                               3 = THUNDER
                        SNOW, ICE PELLETS, HAIL    4 = ICE PELLETS
                        TOTAL MONTH:   0.0 INCH    5 = HAIL
                        GRTST 24HR     0.0         6 = FREEZING RAIN OR DRIZZLE
                        GRTST DEPTH:  M  ON   M    7 = DUSTSTORM OR SANDSTORM:
                                                       VSBY 1/2 MILE OR LESS
                                                   8 = SMOKE OR HAZE
[NO. OF DAYS WITH]      [WEATHER - DAYS WITH]      9 = BLOWING SNOW
                                                   X = TORNADO
MAX 32 OR BELOW:   0    0.01 INCH OR MORE:  12
MAX 90 OR ABOVE:   0    0.10 INCH OR MORE:   8
MIN 32 OR BELOW:   1    0.50 INCH OR MORE:   4
MIN  0 OR BELOW:   0    1.00 INCH OR MORE:   0

[HDD (BASE 65) ]
TOTAL THIS MO.   152    CLEAR  (SCALE 0-3)  10
DPTR FM NORMAL   -91    PTCLDY (SCALE 4-7)  14
TOTAL FM JUL 1  4337    CLOUDY (SCALE 8-10)  1
DPTR FM NORMAL   -37

[CDD (BASE 65) ]
TOTAL THIS MO.    22
DPTR FM NORMAL     1    [PRESSURE DATA]
TOTAL FM JAN 1    22    HIGHEST SLP M ON M
DPTR FM NORMAL    -3    LOWEST  SLP 29.36 ON 25

[REMARKS]
