000
CXUS55 KCYS 011325 CCA
CF6CYS

PRELIMINARY LOCAL CLIMATOLOGICAL DATA (WS FORM: F-6)     ...CORRECTED...

                                          STATION:   CHEYENNE WYOMING AIRPORT
                                          MONTH:     MARCH
                                          YEAR:      2015
                                          LATITUDE:   41  9 N
                                          LONGITUDE: 104 49 W

  TEMPERATURE IN F:       :PCPN:    SNOW:  WIND      :SUNSHINE: SKY     :PK WND
================================================================================
1   2   3   4   5  6A  6B    7    8   9   10  11  12  13   14  15   16   17  18
                                     12Z  AVG MX 2MIN
DY MAX MIN AVG DEP HDD CDD  WTR  SNW DPTH SPD SPD DIR MIN PSBL S-S WX    SPD DR
================================================================================

 1  27   9  18 -14  47   0 0.01  0.2    0  7.3 18 200   M    M   8 18     21 200
 2  42  19  31  -2  34   0    T    T    T 10.6 29 250   M    M   5 18     40 240
 3  41   7  24  -9  41   0 0.06  1.1    T 13.8 39 360   M    M   8 1289   49 360
 4  20   1  11 -22  54   0    T    T    1  7.9 21 330   M    M   3        26 340
 5  41   7  24 -10  41   0 0.00  0.0    T  9.9 22 260   M    M   0        28 300
 6  49  27  38   4  27   0 0.00  0.0    0 11.5 24 280   M    M   2        31 270
 7  52  26  39   5  26   0 0.00  0.0    0  9.2 22 210   M    M   0        28 230
 8  50  25  38   4  27   0 0.00  0.0    0  8.9 21 340   M    M   0        26 330
 9  54  26  40   6  25   0 0.00  0.0    0 12.3 20 350   M    M   0        26 340
10  58  30  44   9  21   0 0.00  0.0    0  8.1 18 280   M    M   0 8      21 280
11  62  25  44   9  21   0 0.00  0.0    0 10.4 21 210   M    M   0        28 190
12  58  33  46  11  19   0 0.00  0.0    0 14.1 25 360   M    M   2        34  10
13  55  31  43   7  22   0 0.00  0.0    0  9.0 15 360   M    M   2        21 350
14  62  27  45   9  20   0 0.00  0.0    0 11.5 21 200   M    M   0        25 210
15  76  47  62  26   3   0 0.00  0.0    0 12.5 23 240   M    M   1        29 230
16  70  35  53  17  12   0 0.00  0.0    0 16.3 31  20   M    M   2        41 320
17  50  28  39   3  26   0 0.00  0.0    0 14.0 23 160   M    M   6 12     29 170
18  60  31  46  10  19   0 0.00  0.0    0  9.0 18 290   M    M   3        24 290
19  52  30  41   4  24   0 0.00  0.0    0  8.0 18 220   M    M   6        22 220
20  65  24  45   8  20   0 0.00  0.0    0  8.9 16 330   M    M   0        21 340
21  68  33  51  14  14   0 0.00  0.0    0 10.1 20 210   M    M   1        24 210
22  62  41  52  15  13   0 0.00  0.0    0 12.5 25 330   M    M   2        33 330
23  60  37  49  11  16   0    T  0.0    0 15.1 33 290   M    M   4        43 280
24  53  35  44   6  21   0 0.00  0.0    0 20.0 38 280   M    M   2        49 280
25  43  25  34  -4  31   0 0.04  0.4    0 12.3 30 330   M    M   6 1      38 340
26  54  21  38   0  27   0 0.00  0.0    0 15.4 32 330   M    M   7        43 330
27  66  42  54  16  11   0 0.00  0.0    0 15.8 30 340   M    M   4        43 330
28  75  38  57  19   8   0 0.00  0.0    0 19.3 33 260   M    M   0        43 250
29  62  37  50  11  15   0 0.00  0.0    0 14.1 28 320   M    M   0        38 320
30  68  35  52  13  13   0 0.00  0.0    0 12.2 25 330   M    M   1        38 310
31  73  36  55  16  10   0 0.00  0.0    0 10.4 25 220   M    M   0        32 200
================================================================================
SM 1728  868       708   0  0.11     1.7 370.4          M       75
================================================================================
AV 55.7 28.0                              11.9 FASTST   M    M   2    MAX(MPH)
                                 MISC ---->    39 360               # 49  280
================================================================================
NOTES:
# LAST OF SEVERAL OCCURRENCES

COLUMN 17 PEAK WIND IN M.P.H.

PRELIMINARY LOCAL CLIMATOLOGICAL DATA (WS FORM: F-6) , PAGE 2

                                          STATION:  CHEYENNE WYOMING AIRPORT
                                          MONTH:    MARCH
                                          YEAR:     2015
                                          LATITUDE:   41  9 N
                                          LONGITUDE: 104 49 W

[TEMPERATURE DATA]      [PRECIPITATION DATA]       SYMBOLS USED IN COLUMN 16

AVERAGE MONTHLY: 41.9   TOTAL FOR MONTH:   0.11    1 = FOG OR MIST
DPTR FM NORMAL:   6.0   DPTR FM NORMAL:   -0.94    2 = FOG REDUCING VISIBILITY
HIGHEST:    76 ON 15    GRTST 24HR  0.06 ON  3- 3      TO 1/4 MILE OR LESS
LOWEST:      1 ON  4                               3 = THUNDER
                        SNOW, ICE PELLETS, HAIL    4 = ICE PELLETS
                        TOTAL MONTH:   1.7 INCHES  5 = HAIL
                        GRTST 24HR   1.1 ON  3- 3  6 = FREEZING RAIN OR DRIZZLE
                        GRTST DEPTH:   1 ON  4     7 = DUSTSTORM OR SANDSTORM:
                                                       VSBY 1/2 MILE OR LESS
                                                   8 = SMOKE OR HAZE
[NO. OF DAYS WITH]      [WEATHER - DAYS WITH]      9 = BLOWING SNOW
                                                   X = TORNADO
MAX 32 OR BELOW:   2    0.01 INCH OR MORE:   3
MAX 90 OR ABOVE:   0    0.10 INCH OR MORE:   0
MIN 32 OR BELOW:  19    0.50 INCH OR MORE:   0
MIN  0 OR BELOW:   0    1.00 INCH OR MORE:   0

[HDD (BASE 65) ]
TOTAL THIS MO.   708    CLEAR  (SCALE 0-3)  22
DPTR FM NORMAL  -193    PTCLDY (SCALE 4-7)   7
TOTAL FM JUL 1  5354    CLOUDY (SCALE 8-10)  2
DPTR FM NORMAL  -566

[CDD (BASE 65) ]
TOTAL THIS MO.     0
DPTR FM NORMAL     0    [PRESSURE DATA]
TOTAL FM JAN 1     0    HIGHEST SLP 30.43 ON  4
DPTR FM NORMAL     0    LOWEST  SLP 29.48 ON  3

[REMARKS]
...MARCH 2015 TIED FOR THE 4TH DRIEST AND WAS THE 5TH WARMEST MARCH ON RECORD...

NEW RECORD HIGH TEMPERATURE OF 76 DEGREES SET ON THE 15TH. THE OLD RECORD WAS
 67 DEGREES LAST SET IN 2003, AND PREVIOUSLY.
TIED RECORD HIGH TEMPERATURE OF 70 DEGREES ON THE 16TH, LAST SET IN 2012.
NEW RECORD WARMEST LOW TEMPERATURE OF 41 DEGREES SET ON THE 22ND.  THE OLD
 RECORD WAS 39 DEGREES SET IN 1930.
NEW RECORD HIGH TEMPERATURE OF 75 DEGREES SET ON THE 28TH. THE OLD RECORD WAS
 74 DEGREES SET IN 1986.
#FINAL-03-15#
