000
CXUS54 KSHV 271300
CF6GGG
PRELIMINARY LOCAL CLIMATOLOGICAL DATA (WS FORM: F-6)

                                          STATION:   LONGVIEW
                                          MONTH:     APRIL
                                          YEAR:      2015
                                          LATITUDE:   32 22 N
                                          LONGITUDE:  94 43 W

  TEMPERATURE IN F:       :PCPN:    SNOW:  WIND      :SUNSHINE: SKY     :PK WND
================================================================================
1   2   3   4   5  6A  6B    7    8   9   10  11  12  13   14  15   16   17  18
                                     12Z  AVG MX 2MIN
DY MAX MIN AVG DEP HDD CDD  WTR  SNW DPTH SPD SPD DIR MIN PSBL S-S WX    SPD DR
================================================================================

 1  81  60  71  10   0   6 0.00  0.0    0 11.5 22 190   M    M   5 18     28 200
 2  85  67  76  15   0  11 0.00  0.0    0 14.5 25 200   M    M   6        31 210
 3  83  60  72  10   0   7    T  0.0    0 14.1 24 330   M    M   7        29 320
 4  70  51  61  -1   4   0 0.00  0.0    0  8.2 17  50   M    M   0        22  60
 5  59  49  54  -8  11   0 0.90  0.0    0  7.0 15 130   M    M   8 1      19 150
 6  82  59  71   9   0   6    T  0.0    0 10.5 22 200   M    M   6 1      28 180
 7  86  68  77  15   0  12    T  0.0    0 12.6 21 190   M    M   3        26 210
 8  85  68  77  14   0  12 0.00  0.0    0 12.9 22 180   M    M   5        29 190
 9  84  67  76  13   0  11 0.17  0.0    0 10.4 26 210   M    M   7 13     34 190
10  68  52  60  -3   5   0 0.00  0.0    0  6.1 16 350   M    M   1 3      21 350
11  78  46  62  -2   3   0 0.00  0.0    0  4.8 13  90   M    M   0        16 130
12  78  59  69   5   0   4 1.20  0.0    0  6.4 22 140   M    M   8 13     27 140
13  81  67  74  10   0   9 0.08  0.0    0  6.7 14 180   M    M   8 13     18 180
14  68  61  65   1   0   0 0.39  0.0    0  5.2 14 260   M    M  10 13     17 270
15  73  56  65   0   0   0 0.00  0.0    0  5.3 13 230   M    M   5 1      15 220
16  80  56  68   3   0   3 1.08  0.0    0  6.8 22  30   M    M   4 13     33  40
17  82  61  72   7   0   7 0.04  0.0    0  3.5 14 170   M    M   4        17 160
18  80  60  70   5   0   5 0.77  0.0    0  5.1 28 310   M    M   8 13     36 310
19  82  58  70   4   0   5 0.09  0.0    0  8.9 22 270   M    M   6 13     29 260
20  71  50  61  -5   4   0 0.00  0.0    0  7.5 20 320   M    M   0        25 310
21  73  50  62  -4   3   0    T  0.0    0  5.7 14 160   M    M   6        18 160
22  83  60  72   6   0   7 0.00  0.0    0  6.6 15 200   M    M   8 8      19 210
23  76  64  70   3   0   5 0.06  0.0    0  7.2 14  70   M    M   9 1      18  80
24  77  63  70   3   0   5 0.81  0.0    0  7.2 30 320   M    M   9 13     41 320
25  87  63  75   8   0  10 0.01  0.0    0  8.9 17 260   M    M   1 18     22 210
26  87  62  75   7   0  10 0.00  0.0    0  5.9 14 170   M    M   1 1      17 190
================================================================================
SM 2039 1537        30 135  5.60     0.0 209.5          M      135
================================================================================
AV 78.4 59.1                               8.1 FASTST   M    M   5    MAX(MPH)
                                 MISC ---->  # 30 320               # 41  320
================================================================================
NOTES:
# LAST OF SEVERAL OCCURRENCES

COLUMN 17 PEAK WIND IN M.P.H.

PRELIMINARY LOCAL CLIMATOLOGICAL DATA (WS FORM: F-6) , PAGE 2

                                          STATION:  LONGVIEW
                                          MONTH:    APRIL
                                          YEAR:     2015
                                          LATITUDE:   32 22 N
                                          LONGITUDE:  94 43 W

[TEMPERATURE DATA]      [PRECIPITATION DATA]       SYMBOLS USED IN COLUMN 16

AVERAGE MONTHLY: 68.8   TOTAL FOR MONTH:   5.60    1 = FOG OR MIST
DPTR FM NORMAL:   4.5   DPTR FM NORMAL:    2.84    2 = FOG REDUCING VISIBILITY
HIGHEST:    87 ON 26,25 GRTST 24HR  1.27 ON 12-13      TO 1/4 MILE OR LESS
LOWEST:     46 ON 11                               3 = THUNDER
                        SNOW, ICE PELLETS, HAIL    4 = ICE PELLETS
                        TOTAL MONTH:   0.0 INCH    5 = HAIL
                        GRTST 24HR     0.0         6 = FREEZING RAIN OR DRIZZLE
                        GRTST DEPTH:   0           7 = DUSTSTORM OR SANDSTORM:
                                                       VSBY 1/2 MILE OR LESS
                                                   8 = SMOKE OR HAZE
[NO. OF DAYS WITH]      [WEATHER - DAYS WITH]      9 = BLOWING SNOW
                                                   X = TORNADO
MAX 32 OR BELOW:   0    0.01 INCH OR MORE:  12
MAX 90 OR ABOVE:   0    0.10 INCH OR MORE:   7
MIN 32 OR BELOW:   0    0.50 INCH OR MORE:   5
MIN  0 OR BELOW:   0    1.00 INCH OR MORE:   2

[HDD (BASE 65) ]
TOTAL THIS MO.    30    CLEAR  (SCALE 0-3)   7
DPTR FM NORMAL   -55    PTCLDY (SCALE 4-7)  13
TOTAL FM JUL 1  2272    CLOUDY (SCALE 8-10)  6
DPTR FM NORMAL    28

[CDD (BASE 65) ]
TOTAL THIS MO.   135
DPTR FM NORMAL    66    [PRESSURE DATA]
TOTAL FM JAN 1   160    HIGHEST SLP M ON M
DPTR FM NORMAL    52    LOWEST  SLP 29.61 ON 26

[REMARKS]
