000
CXUS52 KGSP 190817
CF6GSP
PRELIMINARY LOCAL CLIMATOLOGICAL DATA (WS FORM: F-6)

                                          STATION:   GREENVILLE-SPARTANBURG SC
                                          MONTH:     APRIL
                                          YEAR:      2015
                                          LATITUDE:   34 54 N
                                          LONGITUDE:  82 13 W

  TEMPERATURE IN F:       :PCPN:    SNOW:  WIND      :SUNSHINE: SKY     :PK WND
================================================================================
1   2   3   4   5  6A  6B    7    8   9   10  11  12  13   14  15   16   17  18
                                     12Z  AVG MX 2MIN
DY MAX MIN AVG DEP HDD CDD  WTR  SNW DPTH SPD SPD DIR MIN PSBL S-S WX    SPD DR
================================================================================

 1  76  53  65   8   0   0 0.00  0.0    0  5.6 12 120   M    M   0        17 160
 2  61  53  57   0   8   0 0.46  0.0    0  3.5 10 200   M    M   9 1238   15 290
 3  80  53  67  10   0   2 0.01  0.0    0 11.8 24 220   M    M   5 128    31 210
 4  67  49  58   0   7   0 0.01  0.0    0  9.7 23 350   M    M   3        33  10
 5  65  41  53  -5  12   0 0.00  0.0    0  4.1 13 190   M    M   0        17 120
 6  71  50  61   3   4   0 0.09  0.0    0  3.5  9 300   M    M   6 1      14 300
 7  78  59  69  11   0   4 1.23  0.0    0  5.3 20 270   M    M   9 123    29 270
 8  85  59  72  13   0   7 0.00  0.0    0  5.4 14 210   M    M   3 12     17 230
 9  87  62  75  16   0  10 0.00  0.0    0  8.5 21 230   M    M   2 1      31 210
10  79  68  74  15   0   9    T  0.0    0 12.1 26 220   M    M   3 3      35 230
11  79  57  68   9   0   3 0.00  0.0    0  5.6 14  20   M    M   0        19  30
12  72  55  64   4   1   0 0.00  0.0    0  7.1 14  40   M    M   4 8      17 110
13  71  59  65   5   0   0 0.44  0.0    0  6.2 12  30   M    M  10 1      15 130
14  81  66  74  14   0   9 0.39  0.0    0  9.3 22 240   M    M   7 1      26 220
15  68  50  59  -1   6   0 1.09  0.0    0 12.6 20  30   M    M  10 1      26  30
16  57  48  53  -8  12   0 0.05  0.0    0 10.7 17  40   M    M  10 1      23  30
17  71  54  63   2   2   0 0.35  0.0    0  4.4  9 170   M    M  10 1      13 160
18  77  60  69   8   0   4 0.04  0.0    0  4.0 13 170   M    M   7 1      15 150
================================================================================
SM 1325  996        52  48  4.16     0.0 129.4          M       98
================================================================================
AV 73.6 55.3                               7.2 FASTST   M    M   5    MAX(MPH)
                                 MISC ---->  # 26 220               # 35  230
================================================================================
NOTES:
# LAST OF SEVERAL OCCURRENCES

COLUMN 17 PEAK WIND IN M.P.H.

PRELIMINARY LOCAL CLIMATOLOGICAL DATA (WS FORM: F-6) , PAGE 2

                                          STATION:  GREENVILLE-SPARTANBURG SC
                                          MONTH:    APRIL
                                          YEAR:     2015
                                          LATITUDE:   34 54 N
                                          LONGITUDE:  82 13 W

[TEMPERATURE DATA]      [PRECIPITATION DATA]       SYMBOLS USED IN COLUMN 16

AVERAGE MONTHLY: 64.5   TOTAL FOR MONTH:   4.16    1 = FOG OR MIST
DPTR FM NORMAL:   5.5   DPTR FM NORMAL:    2.15    2 = FOG REDUCING VISIBILITY
HIGHEST:    87 ON  9    GRTST 24HR  1.32 ON  6- 7      TO 1/4 MILE OR LESS
LOWEST:     41 ON  5                               3 = THUNDER
                        SNOW, ICE PELLETS, HAIL    4 = ICE PELLETS
                        TOTAL MONTH:   0.0 INCH    5 = HAIL
                        GRTST 24HR     0.0         6 = FREEZING RAIN OR DRIZZLE
                        GRTST DEPTH:   0           7 = DUSTSTORM OR SANDSTORM:
                                                       VSBY 1/2 MILE OR LESS
                                                   8 = SMOKE OR HAZE
[NO. OF DAYS WITH]      [WEATHER - DAYS WITH]      9 = BLOWING SNOW
                                                   X = TORNADO
MAX 32 OR BELOW:   0    0.01 INCH OR MORE:  11
MAX 90 OR ABOVE:   0    0.10 INCH OR MORE:   6
MIN 32 OR BELOW:   0    0.50 INCH OR MORE:   2
MIN  0 OR BELOW:   0    1.00 INCH OR MORE:   2

[HDD (BASE 65) ]
TOTAL THIS MO.    52    CLEAR  (SCALE 0-3)   5
DPTR FM NORMAL   -72    PTCLDY (SCALE 4-7)   7
TOTAL FM JUL 1  2970    CLOUDY (SCALE 8-10)  6
DPTR FM NORMAL    13

[CDD (BASE 65) ]
TOTAL THIS MO.    48
DPTR FM NORMAL    30    [PRESSURE DATA]
TOTAL FM JAN 1    54    HIGHEST SLP M ON M
DPTR FM NORMAL    28    LOWEST  SLP 29.84 ON  1

[REMARKS]
