000
CXUS54 KFWD 240730
CF6ILE
PRELIMINARY LOCAL CLIMATOLOGICAL DATA (WS FORM: F-6)

                                          STATION:   KILLEEN SKYLARK
                                          MONTH:     APRIL
                                          YEAR:      2015
                                          LATITUDE:   31  4 N
                                          LONGITUDE:  97 41 W

  TEMPERATURE IN F:       :PCPN:    SNOW:  WIND      :SUNSHINE: SKY     :PK WND
================================================================================
1   2   3   4   5  6A  6B    7    8   9   10  11  12  13   14  15   16   17  18
                                     12Z  AVG MX 2MIN
DY MAX MIN AVG DEP HDD CDD  WTR  SNW DPTH SPD SPD DIR MIN PSBL S-S WX    SPD DR
================================================================================

 1  81  64  73  11   0   8 0.00  0.0    0   M   M   M   M    M   3         M  M
 2  84  68  76  14   0  11 0.00  0.0    0 15.5 18 180   M    M   6        27 160
 3  82  63  73  11   0   8 0.00  0.0    0 13.9 18  10   M    M   6        24 210
 4  70  54  62  -1   3   0 0.03  0.0    0 12.3 18  40   M    M   7 3      25  20
 5  61  57  59  -4   6   0 0.00  0.0    0  7.5 12 120   M    M  10         M  M
 6  84  59  72   9   0   7 0.00  0.0    0 13.2 20 160   M    M   3        27 170
 7  86  66  76  13   0  11 0.00  0.0    0 13.1 17 190   M    M   6        23 160
 8  77  66  72   8   0   7 0.00  0.0    0 13.0 28 150   M    M   5        35 150
 9  88  64  76  12   0  11 0.16  0.0    0 10.6 20 180   M    M   4 3      23 180
10  70  57  64   0   1   0 0.00  0.0    0  7.5 13  10   M    M   1         M  M
11  70  54  62  -2   3   0 0.00  0.0    0  5.3 13 140   M    M   9         M  M
12  79  64  72   7   0   7 0.00  0.0    0  7.4 12 150   M    M   7         M  M
13  90  64  77  12   0  12 0.00  0.0    0  8.1 15  30   M    M   5        23  30
14  68  52  60  -5   5   0 0.00  0.0    0  8.8 13 300   M    M   6        20 330
15  82  46  64  -1   1   0 0.00  0.0    0  6.5 16 150   M    M   1         M  M
16  81  64  73   7   0   8 0.33  0.0    0  7.0 14 160   M    M   4 3      18 160
17  73  64  69   3   0   4 0.26  0.0    0  8.6 14 100   M    M   8 3      18 100
18   M   M   M   M   M   M    M    M    M   M   M   M   M    M   M         M  M
19   M   M   M   M   M   M    M    M    M   M   M   M   M    M   M         M  M
20  72  48  60  -6   5   0 0.00  0.0    0  8.3 15  20   M    M   0        18  10
21  55  48  52 -15  13   0 0.00  0.0    0  8.0 16 140   M    M   3        18 150
22  81  64  73   6   0   8 0.00  0.0    0 10.1 14 160   M    M   8        21 140
23  84  66  75   8   0  10 0.23  0.0    0  6.9 13 160   M    M   6 3       M  M
================================================================================
SM 1618 1252        37 112  1.01     0.0 191.6          M      108
================================================================================
AV 77.0 59.6                               9.6 FASTST   M    M   5    MAX(MPH)
                                 MISC ---->    28   M               # 35  150
================================================================================
NOTES:
# LAST OF SEVERAL OCCURRENCES

COLUMN 17 PEAK WIND IN M.P.H.

PRELIMINARY LOCAL CLIMATOLOGICAL DATA (WS FORM: F-6) , PAGE 2

                                          STATION:  KILLEEN SKYLARK
                                          MONTH:    APRIL
                                          YEAR:     2015
                                          LATITUDE:   31  4 N
                                          LONGITUDE:  97 41 W

[TEMPERATURE DATA]      [PRECIPITATION DATA]       SYMBOLS USED IN COLUMN 16

AVERAGE MONTHLY: 68.3   TOTAL FOR MONTH:   1.01    1 = FOG OR MIST
DPTR FM NORMAL:   3.8   DPTR FM NORMAL:   -0.51    2 = FOG REDUCING VISIBILITY
HIGHEST:    90 ON 13    GRTST 24HR  0.33 ON 16-16      TO 1/4 MILE OR LESS
LOWEST:     46 ON 15                               3 = THUNDER
                        SNOW, ICE PELLETS, HAIL    4 = ICE PELLETS
                        TOTAL MONTH:   0.0 INCH    5 = HAIL
                        GRTST 24HR     0.0         6 = FREEZING RAIN OR DRIZZLE
                        GRTST DEPTH:   0           7 = DUSTSTORM OR SANDSTORM:
                                                       VSBY 1/2 MILE OR LESS
                                                   8 = SMOKE OR HAZE
[NO. OF DAYS WITH]      [WEATHER - DAYS WITH]      9 = BLOWING SNOW
                                                   X = TORNADO
MAX 32 OR BELOW:   0    0.01 INCH OR MORE:   5
MAX 90 OR ABOVE:   1    0.10 INCH OR MORE:   4
MIN 32 OR BELOW:   0    0.50 INCH OR MORE:   0
MIN  0 OR BELOW:   0    1.00 INCH OR MORE:   0

[HDD (BASE 65) ]
TOTAL THIS MO.    37    CLEAR  (SCALE 0-3)   5
DPTR FM NORMAL   -38    PTCLDY (SCALE 4-7)  13
TOTAL FM JUL 1  2088    CLOUDY (SCALE 8-10)  3
DPTR FM NORMAL   -61

[CDD (BASE 65) ]
TOTAL THIS MO.   112
DPTR FM NORMAL    50    [PRESSURE DATA]
TOTAL FM JAN 1   158    HIGHEST SLP M ON M
DPTR FM NORMAL    60    LOWEST  SLP M ON M

[REMARKS]
