000
CXUS53 KGRR 011017
CF6LAN
PRELIMINARY LOCAL CLIMATOLOGICAL DATA (WS FORM: F-6)

                                          STATION:   LANSING MI
                                          MONTH:     MARCH
                                          YEAR:      2015
                                          LATITUDE:   42 46 N
                                          LONGITUDE:  84 36 W

  TEMPERATURE IN F:       :PCPN:    SNOW:  WIND      :SUNSHINE: SKY     :PK WND
================================================================================
1   2   3   4   5  6A  6B    7    8   9   10  11  12  13   14  15   16   17  18
                                     12Z  AVG MX 2MIN
DY MAX MIN AVG DEP HDD CDD  WTR  SNW DPTH SPD SPD DIR MIN PSBL S-S WX    SPD DR
================================================================================

 1  26   5  16 -13  49   0 0.01  0.3    7  6.7 22 260   M    M   7 18     27 270
 2  30  17  24  -6  41   0    T  0.1    7  8.9 17 280   M    M   0 18     22 250
 3  34  21  28  -2  37   0 0.24  1.5    7 14.4 29 280   M    M  10 12468  36 280
 4  30  11  21  -9  44   0 0.00  0.0    8 13.5 24 260   M    M   5 8      29 270
 5  17  -1   8 -23  57   0 0.00  0.0    8  5.6 16 320   M    M   1        20 320
 6  23   2  13 -18  52   0 0.00  0.0    8 12.3 23 190   M    M   3        28 210
 7  44  16  30  -2  35   0    T    T    8  9.8 22 270   M    M   6 8      29 260
 8  42  27  35   3  30   0 0.00  0.0    7  9.3 18 240   M    M   2        21 230
 9  47  24  36   4  29   0 0.00  0.0    7  7.2 16 210   M    M   0 18     19 230
10  47  33  40   7  25   0 0.00  0.0    7  8.1 18 210   M    M   4 18     22 220
11  51  30  41   8  24   0 0.00  0.0    5  6.0 13  40   M    M   0 128    17 260
12  47  28  38   5  27   0 0.00  0.0    4  8.0 16 130   M    M   1        21 170
13  58  28  43   9  22   0 0.00  0.0    2  7.1 12 210   M    M   0 1      17 220
14  48  36  42   8  23   0 0.00  0.0    T 11.5 24 300   M    M   8 128    35 300
15  53  27  40   6  25   0 0.00  0.0    T  7.8 15 330   M    M   1        23 340
16  70  46  58  23   7   0 0.00  0.0    0  9.9 21  20   M    M   1        26  20
17  47  25  36   1  29   0 0.00  0.0    0 13.2 25 280   M    M   2        36 350
18  48  23  36   0  29   0 0.00  0.0    0  9.2 22 310   M    M   0        27 310
19  43  23  33  -3  32   0 0.00  0.0    0  5.3 12 160   M    M   3        15 150
20  53  28  41   5  24   0 0.00  0.0    0  8.7 18 210   M    M   4        22 220
21  51  27  39   2  26   0    T  0.0    0 11.1 20 320   M    M   5 18     25 330
22  36  19  28  -9  37   0 0.00  0.0    0  6.9 16  20   M    M   4        20  20
23  34  21  28 -10  37   0 0.00  0.0    0  8.4 15  70   M    M   4        18  50
24  44  14  29  -9  36   0 0.00  0.0    0  6.5 14 130   M    M   1        19 130
25  48  29  39   0  26   0 0.19  0.0    0 14.9 28 260   M    M   8 18     33 250
26  41  28  35  -4  30   0    T    T    0 11.1 20 290   M    M  10        23 290
27  30  15  23 -17  42   0    T    T    0 10.8 18 360   M    M   8        24 340
28  36  11  24 -16  41   0 0.00  0.0    0  4.4 13 290   M    M   1        16 310
29  44  21  33  -7  32   0 0.01    T    0 16.6 32 210   M    M   4 14     42 200
30  56  34  45   4  20   0 0.11  0.0    0 15.1 30 290   M    M   4 1      42 300
31  49  34  42   1  23   0 0.18    M    0  7.6 16 110   M    M   7 1      20  80
================================================================================
SM 1327  702       991   0  0.74     1.9 295.9          M      114
================================================================================
AV 42.8 22.6                               9.5 FASTST   M    M   4    MAX(MPH)
                                 MISC ---->  # 32 210               # 42  200
================================================================================
NOTES:
# LAST OF SEVERAL OCCURRENCES

COLUMN 17 PEAK WIND IN M.P.H.

PRELIMINARY LOCAL CLIMATOLOGICAL DATA (WS FORM: F-6) , PAGE 2

                                          STATION:  LANSING MI
                                          MONTH:    MARCH
                                          YEAR:     2015
                                          LATITUDE:   42 46 N
                                          LONGITUDE:  84 36 W

[TEMPERATURE DATA]      [PRECIPITATION DATA]       SYMBOLS USED IN COLUMN 16

AVERAGE MONTHLY: 32.7   TOTAL FOR MONTH:   0.74    1 = FOG OR MIST
DPTR FM NORMAL:  -2.4   DPTR FM NORMAL:   -1.32    2 = FOG REDUCING VISIBILITY
HIGHEST:    70 ON 16    GRTST 24HR  0.24 ON  3- 3      TO 1/4 MILE OR LESS
LOWEST:     -1 ON  5                               3 = THUNDER
                        SNOW, ICE PELLETS, HAIL    4 = ICE PELLETS
                        TOTAL MONTH:   1.9 INCHES  5 = HAIL
                        GRTST 24HR   1.5 ON  3- 3  6 = FREEZING RAIN OR DRIZZLE
                        GRTST DEPTH:   8 ON  7, 6  7 = DUSTSTORM OR SANDSTORM:
                                                       VSBY 1/2 MILE OR LESS
                                                   8 = SMOKE OR HAZE
[NO. OF DAYS WITH]      [WEATHER - DAYS WITH]      9 = BLOWING SNOW
                                                   X = TORNADO
MAX 32 OR BELOW:   6    0.01 INCH OR MORE:   6
MAX 90 OR ABOVE:   0    0.10 INCH OR MORE:   4
MIN 32 OR BELOW:  26    0.50 INCH OR MORE:   0
MIN  0 OR BELOW:   1    1.00 INCH OR MORE:   0

[HDD (BASE 65) ]
TOTAL THIS MO.   991    CLEAR  (SCALE 0-3)  15
DPTR FM NORMAL    62    PTCLDY (SCALE 4-7)  13
TOTAL FM JUL 1  6485    CLOUDY (SCALE 8-10)  3
DPTR FM NORMAL   621

[CDD (BASE 65) ]
TOTAL THIS MO.     0
DPTR FM NORMAL    -1    [PRESSURE DATA]
TOTAL FM JAN 1     0    HIGHEST SLP 30.62 ON 12
DPTR FM NORMAL    -1    LOWEST  SLP 29.57 ON  3

[REMARKS]
#FINAL-03-15#
