000
CXUS54 KEPZ 011200
CF6LRU
PRELIMINARY LOCAL CLIMATOLOGICAL DATA (WS FORM: F-6)

                                          STATION:   LAS CRUCES
                                          MONTH:     MARCH
                                          YEAR:      2015
                                          LATITUDE:   32 17 N
                                          LONGITUDE: 106 46 W

  TEMPERATURE IN F:       :PCPN:    SNOW:  WIND      :SUNSHINE: SKY     :PK WND
================================================================================
1   2   3   4   5  6A  6B    7    8   9   10  11  12  13   14  15   16   17  18
                                     12Z  AVG MX 2MIN
DY MAX MIN AVG DEP HDD CDD  WTR  SNW DPTH SPD SPD DIR MIN PSBL S-S WX    SPD DR
================================================================================

 1  73  41  57   M   8   0 0.00  0.0    0  9.1 18 200   M    M   1        20 210
 2  65  50  58   M   7   0 0.01  0.0    0 10.2 25 230   M    M   8        33 220
 3  58  44  51   M  14   0 0.11    M    0  9.1 21 230   M    M   7        28 230
 4  58  37  48   M  17   0 0.00  0.0    0  7.4 16  10   M    M   5        21  10
 5  51  28  40   M  25   0 0.00  0.0    0  5.3  9 160   M    M   0         M  M
 6  62  24  43   M  22   0 0.00  0.0    0  3.8  7 100   M    M   0         M  M
 7  63  37  50   M  15   0 0.00  0.0    0  4.2  8 150   M    M   2        18 110
 8  70  42  56   M   9   0    T  0.0    0  4.0  9 190   M    M   4         M  M
 9  69  37  53   M  12   0 0.00  0.0    0  6.8 27 320   M    M   4        32 320
10  68  36  52   M  13   0 0.00  0.0    0  3.0  9 100   M    M   1         M  M
11  70  37  54   M  11   0 0.00  0.0    0  5.3 10 140   M    M   1         M  M
12  69  38  54   M  11   0 0.00  0.0    0  3.2  8 150   M    M   1         M  M
13  71  43  57   M   8   0 0.00  0.0    0  6.0 15  60   M    M   5        22  60
14  68  45  57   M   8   0 0.00  0.0    0  7.6 13 100   M    M   4        20  60
15  68  37  53   M  12   0 0.00  0.0    0  6.9 14 110   M    M   0        20 110
16  72  38  55   M  10   0 0.00  0.0    0  4.6 13 140   M    M   3        18 140
17  62  49  56   M   9   0 0.01    M    0  6.3 15 120   M    M  10         M  M
18  66  47  57   M   8   0    T  0.0    0  6.4 17 320   M    M   9        24 320
19  67  49  58   M   7   0 0.00  0.0    0  9.4 15 240   M    M   7        21 260
20  70  39  55   M  10   0 0.00  0.0    0  5.4 10 140   M    M   2 3       M  M
21  66  46  56   M   9   0 0.00  0.0    0  4.7 10 270   M    M   2 3       M  M
22  78  37  58   M   7   0 0.00  0.0    0  6.0 15 250   M    M   0        21 250
23  79  45  62   M   3   0 0.00  0.0    0 11.0 23 260   M    M   0        33 260
24  78  43  61   M   4   0 0.00  0.0    0  8.5 15 230   M    M   0        22 240
25  75  45  60   M   5   0 0.00  0.0    0 12.4 18 260   M    M   0        25 270
26  67  36  52   M  13   0 0.00  0.0    0  5.2 14 330   M    M   0         M  M
27  79  39  59   M   6   0 0.00  0.0    0  3.8  9 230   M    M   0         M  M
28  86  42  64   M   1   0 0.00  0.0    0  7.5 17 260   M    M   0        27 260
29  85  45  65   M   0   0 0.00  0.0    0  7.3 15 260   M    M   0        21 250
30  84  63  74   M   0   9 0.00  0.0    0  6.3 15 150   M    M   1        17 150
31  80  54  67   M   0   2 0.00  0.0    0  6.0 21 200   M    M   2         M  M
================================================================================
SM 2177 1293       284  11  0.13     0.0 202.7          M       79
================================================================================
AV 70.2 41.7                               6.5 FASTST   M    M   3    MAX(MPH)
                                 MISC ---->  # 27 320                 33    M
================================================================================
NOTES:
# LAST OF SEVERAL OCCURRENCES

COLUMN 17 PEAK WIND IN M.P.H.

PRELIMINARY LOCAL CLIMATOLOGICAL DATA (WS FORM: F-6) , PAGE 2

                                          STATION:  LAS CRUCES
                                          MONTH:    MARCH
                                          YEAR:     2015
                                          LATITUDE:   32 17 N
                                          LONGITUDE: 106 46 W

[TEMPERATURE DATA]      [PRECIPITATION DATA]       SYMBOLS USED IN COLUMN 16

AVERAGE MONTHLY: 56.0   TOTAL FOR MONTH:   0.13    1 = FOG OR MIST
DPTR FM NORMAL:     M   DPTR FM NORMAL:       M    2 = FOG REDUCING VISIBILITY
HIGHEST:    86 ON 28    GRTST 24HR  0.11 ON  3- 3      TO 1/4 MILE OR LESS
LOWEST:     24 ON  6                               3 = THUNDER
                        SNOW, ICE PELLETS, HAIL    4 = ICE PELLETS
                        TOTAL MONTH:   0.0 INCH    5 = HAIL
                        GRTST 24HR     0.0         6 = FREEZING RAIN OR DRIZZLE
                        GRTST DEPTH:   0           7 = DUSTSTORM OR SANDSTORM:
                                                       VSBY 1/2 MILE OR LESS
                                                   8 = SMOKE OR HAZE
[NO. OF DAYS WITH]      [WEATHER - DAYS WITH]      9 = BLOWING SNOW
                                                   X = TORNADO
MAX 32 OR BELOW:   0    0.01 INCH OR MORE:   3
MAX 90 OR ABOVE:   0    0.10 INCH OR MORE:   1
MIN 32 OR BELOW:   2    0.50 INCH OR MORE:   0
MIN  0 OR BELOW:   0    1.00 INCH OR MORE:   0

[HDD (BASE 65) ]
TOTAL THIS MO.   284    CLEAR  (SCALE 0-3)  20
DPTR FM NORMAL     M    PTCLDY (SCALE 4-7)   9
TOTAL FM JUL 1  2473    CLOUDY (SCALE 8-10)  2
DPTR FM NORMAL     M

[CDD (BASE 65) ]
TOTAL THIS MO.    11
DPTR FM NORMAL     M    [PRESSURE DATA]
TOTAL FM JAN 1    11    HIGHEST SLP M ON M
DPTR FM NORMAL     M    LOWEST  SLP M ON M

[REMARKS]
#FINAL-03-15#
