000
CXUS54 KFWD 260730
CF6LUD
PRELIMINARY LOCAL CLIMATOLOGICAL DATA (WS FORM: F-6)

                                          STATION:   DECATUR
                                          MONTH:     APRIL
                                          YEAR:      2015
                                          LATITUDE:   33 15 N
                                          LONGITUDE:  97 30 W

  TEMPERATURE IN F:       :PCPN:    SNOW:  WIND      :SUNSHINE: SKY     :PK WND
================================================================================
1   2   3   4   5  6A  6B    7    8   9   10  11  12  13   14  15   16   17  18
                                     12Z  AVG MX 2MIN
DY MAX MIN AVG DEP HDD CDD  WTR  SNW DPTH SPD SPD DIR MIN PSBL S-S WX    SPD DR
================================================================================

 1  78  63  71  13   0   6 0.03  0.0    0 10.2 23 170   M    M   2 18     28 170
 2  90  66  78  20   0  13 0.00  0.0    0 15.6 20 170   M    M   3 8      32 180
 3  73  53  63   5   2   0 0.00  0.0    0 13.0 20 320   M    M   2 8      31 320
 4  66  43  55  -3  10   0 0.03  0.0    0  7.9 12  50   M    M   1        18 360
 5  57  51  54  -5  11   0 0.62  0.0    0  9.6 14 150   M    M  10 1      20 150
 6  84  56  70  11   0   5 0.02  0.0    0 12.3 18 160   M    M   6 1      24 180
 7  82  67  75  16   0  10 0.00  0.0    0 12.9 18 170   M    M   3        23 190
 8  73  65  69   9   0   4 0.00  0.0    0 13.5 20 180   M    M   3        28 150
 9  83  61  72  12   0   7 0.00  0.0    0 11.9 17 160   M    M   2        25 180
10  69  47  58  -2   7   0 0.00  0.0    0  7.0 12  40   M    M   0        22  40
11  73  51  62   2   3   0 0.00  0.0    0  7.9 14 120   M    M   4        17 120
12  77  64  71  10   0   6 0.00  0.0    0  9.3 14 180   M    M   7        20 180
13  70  54  62   1   3   0 0.37  0.0    0 11.1 23  40   M    M  10 1      32  30
14  57  51  54  -7  11   0 0.00  0.0    0  4.6 10  30   M    M  10 1      16  30
15  74  53  64   2   1   0 0.00  0.0    0  6.2 10 130   M    M   4         M  M
16  75  55  65   3   0   0 0.00  0.0    0  8.4 15 120   M    M   3 1      18 140
17  67  60  64   2   1   0 0.87  0.0    0  8.5 16 170   M    M   6 1      21 170
18  77  57  67   5   0   2 0.59  0.0    0  5.4 29 110   M    M   4 13     36 110
19  73  50  62  -1   3   0 0.00  0.0    0 11.0 18 280   M    M   2 1      30 280
20  68  44  56  -7   9   0 0.00  0.0    0  4.6  8  40   M    M   0         M  M
21  73  52  63   0   2   0 0.25  0.0    0  8.0 14 160   M    M   3        18 150
22  74  58  66   2   0   1 0.00  0.0    0  9.5 13  60   M    M   5 1      18 180
23  72  61  67   3   0   2 0.42  0.0    0  9.0 14 120   M    M   9 1      20 120
24  69  60  65   1   0   0 0.96  0.0    0  7.1 16 150   M    M   8 1      27 150
25  85  59  72   7   0   7 0.00  0.0    0  8.2 14 270   M    M   0        18 260
================================================================================
SM 1839 1401        63  63  4.16     0.0 232.7          M      107
================================================================================
AV 73.6 56.0                               9.3 FASTST   M    M   4    MAX(MPH)
                                 MISC ---->    29   M                 36    M
================================================================================
NOTES:
# LAST OF SEVERAL OCCURRENCES

COLUMN 17 PEAK WIND IN M.P.H.

PRELIMINARY LOCAL CLIMATOLOGICAL DATA (WS FORM: F-6) , PAGE 2

                                          STATION:  DECATUR
                                          MONTH:    APRIL
                                          YEAR:     2015
                                          LATITUDE:   33 15 N
                                          LONGITUDE:  97 30 W

[TEMPERATURE DATA]      [PRECIPITATION DATA]       SYMBOLS USED IN COLUMN 16

AVERAGE MONTHLY: 64.8   TOTAL FOR MONTH:   4.16    1 = FOG OR MIST
DPTR FM NORMAL:   3.8   DPTR FM NORMAL:    1.61    2 = FOG REDUCING VISIBILITY
HIGHEST:    90 ON  2    GRTST 24HR  0.96 ON 24-24      TO 1/4 MILE OR LESS
LOWEST:     43 ON  4                               3 = THUNDER
                        SNOW, ICE PELLETS, HAIL    4 = ICE PELLETS
                        TOTAL MONTH:   0.0 INCH    5 = HAIL
                        GRTST 24HR     0.0         6 = FREEZING RAIN OR DRIZZLE
                        GRTST DEPTH:   0           7 = DUSTSTORM OR SANDSTORM:
                                                       VSBY 1/2 MILE OR LESS
                                                   8 = SMOKE OR HAZE
[NO. OF DAYS WITH]      [WEATHER - DAYS WITH]      9 = BLOWING SNOW
                                                   X = TORNADO
MAX 32 OR BELOW:   0    0.01 INCH OR MORE:  10
MAX 90 OR ABOVE:   1    0.10 INCH OR MORE:   7
MIN 32 OR BELOW:   0    0.50 INCH OR MORE:   4
MIN  0 OR BELOW:   0    1.00 INCH OR MORE:   0

[HDD (BASE 65) ]
TOTAL THIS MO.    63    CLEAR  (SCALE 0-3)  11
DPTR FM NORMAL   -75    PTCLDY (SCALE 4-7)   9
TOTAL FM JUL 1  2500    CLOUDY (SCALE 8-10)  5
DPTR FM NORMAL  -410

[CDD (BASE 65) ]
TOTAL THIS MO.    63
DPTR FM NORMAL    23    [PRESSURE DATA]
TOTAL FM JAN 1   100    HIGHEST SLP M ON M
DPTR FM NORMAL    48    LOWEST  SLP M ON M

[REMARKS]
