000
CXUS56 KFGZ 280900
CF6RQE
PRELIMINARY LOCAL CLIMATOLOGICAL DATA (WS FORM: F-6)

                                          STATION:   WINDOW ROCK AZ AIRPORT
                                          MONTH:     APRIL
                                          YEAR:      2015
                                          LATITUDE:   35 39 N
                                          LONGITUDE: 109  4 W

  TEMPERATURE IN F:       :PCPN:    SNOW:  WIND      :SUNSHINE: SKY     :PK WND
================================================================================
1   2   3   4   5  6A  6B    7    8   9   10  11  12  13   14  15   16   17  18
                                     12Z  AVG MX 2MIN
DY MAX MIN AVG DEP HDD CDD  WTR  SNW DPTH SPD SPD DIR MIN PSBL S-S WX    SPD DR
================================================================================

 1  70  42  56  14   9   0 0.00    M    M 13.9 33 240   M    M   2        43 270
 2  68  35  52   9  13   0 0.00    M    M 15.5 41 230   M    M   0        53 220
 3  61  21  41  -2  24   0 0.00    M    M  4.4 13 180   M    M   0        18 200
 4  70  20  45   2  20   0 0.00    M    M  5.8 25 230   M    M   0        33 240
 5  70  32  51   8  14   0 0.00    M    M  9.6 30 240   M    M   0        38 250
 6  68  35  52   8  13   0 0.00    M    M 11.5 32 230   M    M   0        42 230
 7  67  27  47   3  18   0 0.00    M    M 12.8 33 230   M    M   0        42 220
 8  63  31  47   3  18   0 0.00    M    M 15.9 40 230   M    M   0        52 220
 9  63  14  39  -5  26   0 0.00    M    M  4.2 13  90   M    M   0        18  60
10  66  20  43  -1  22   0 0.00    M    M  4.7 17 240   M    M   0        25 220
11  67  26  47   2  18   0 0.00    M    M  5.0 18 250   M    M   0        26 250
12  68  35  52   7  13   0 0.00    M    M  8.2 20 330   M    M   0        28 350
13  71  25  48   3  17   0 0.00    M    M  4.6 15 170   M    M   0        21 210
14  71  29  50   5  15   0 0.00    M    M 11.9 31 230   M    M   1        39 230
15  55  27  41  -5  24   0 0.00    M    M 11.7 25 250   M    M   0        31 280
16  45  23  34 -12  31   0 0.00    M    M  4.9 20 250   M    M   3        26 280
17  50  18  34 -12  31   0 0.00    M    M  6.2 20 270   M    M   6        26 270
18  62  32  47   1  18   0 0.00    M    M  9.4 25 330   M    M   4        34 360
19  66  27  47   0  18   0 0.00    M    M  7.1 22 340   M    M   0        31 320
20  69  24  47   0  18   0    T    M    M  6.1 36 300   M    M   2 8      56 310
21  71  26  49   2  16   0    T    M    M  5.6 28 210   M    M   4        42 200
22  69  34  52   4  13   0 0.00    M    M  5.3 23 230   M    M   3        30 240
23  66  28  47  -1  18   0 0.01    M    M  6.5 26 180   M    M   3        34 190
24  59  31  45  -3  20   0 0.02    M    M  8.6 36 240   M    M   5        48 230
25  61  38  50   2  15   0 0.17    M    M 10.0 31 240   M    M   8 1      39 240
26  50  36  43  -6  22   0 0.25    M    M  5.2 21 360   M    M   9 1      25  10
27  63  41  52   3  13   0 0.00    M    M  5.4 14 300   M    M   7        20  70
================================================================================
SM 1729  777       497   0  0.45    M    220.0          M       57
================================================================================
AV 64.0 28.8                               8.1 FASTST   M    M   2    MAX(MPH)
                                 MISC ---->  # 41 230               # 56  310
================================================================================
NOTES:
# LAST OF SEVERAL OCCURRENCES

COLUMN 17 PEAK WIND IN M.P.H.

PRELIMINARY LOCAL CLIMATOLOGICAL DATA (WS FORM: F-6) , PAGE 2

                                          STATION:  WINDOW ROCK AZ AIRPORT
                                          MONTH:    APRIL
                                          YEAR:     2015
                                          LATITUDE:   35 39 N
                                          LONGITUDE: 109  4 W

[TEMPERATURE DATA]      [PRECIPITATION DATA]       SYMBOLS USED IN COLUMN 16

AVERAGE MONTHLY: 46.4   TOTAL FOR MONTH:   0.45    1 = FOG OR MIST
DPTR FM NORMAL:   0.9   DPTR FM NORMAL:   -0.10    2 = FOG REDUCING VISIBILITY
HIGHEST:    71 ON 21,14 GRTST 24HR  0.42 ON 25-26      TO 1/4 MILE OR LESS
LOWEST:     14 ON  9                               3 = THUNDER
                        SNOW, ICE PELLETS, HAIL    4 = ICE PELLETS
                        TOTAL MONTH:    M          5 = HAIL
                        GRTST 24HR    M  ON   M    6 = FREEZING RAIN OR DRIZZLE
                        GRTST DEPTH:  M  ON   M    7 = DUSTSTORM OR SANDSTORM:
                                                       VSBY 1/2 MILE OR LESS
                                                   8 = SMOKE OR HAZE
[NO. OF DAYS WITH]      [WEATHER - DAYS WITH]      9 = BLOWING SNOW
                                                   X = TORNADO
MAX 32 OR BELOW:   0    0.01 INCH OR MORE:   4
MAX 90 OR ABOVE:   0    0.10 INCH OR MORE:   2
MIN 32 OR BELOW:  19    0.50 INCH OR MORE:   0
MIN  0 OR BELOW:   0    1.00 INCH OR MORE:   0

[HDD (BASE 65) ]
TOTAL THIS MO.   497    CLEAR  (SCALE 0-3)  19
DPTR FM NORMAL   -30    PTCLDY (SCALE 4-7)   6
TOTAL FM JUL 1  4939    CLOUDY (SCALE 8-10)  2
DPTR FM NORMAL -1021

[CDD (BASE 65) ]
TOTAL THIS MO.     0
DPTR FM NORMAL     0    [PRESSURE DATA]
TOTAL FM JAN 1     0    HIGHEST SLP M ON M
DPTR FM NORMAL     0    LOWEST  SLP 29.64 ON 26

[REMARKS]
