000
CXUS55 KLOX 271155
CF6SDB
PRELIMINARY LOCAL CLIMATOLOGICAL DATA (WS FORM: F-6)

                                          STATION:   SANDBERG CA
                                          MONTH:     APRIL
                                          YEAR:      2015
                                          LATITUDE:   34 45 N
                                          LONGITUDE: 118 44 W

  TEMPERATURE IN F:       :PCPN:    SNOW:  WIND      :SUNSHINE: SKY     :PK WND
================================================================================
1   2   3   4   5  6A  6B    7    8   9   10  11  12  13   14  15   16   17  18
                                     12Z  AVG MX 2MIN
DY MAX MIN AVG DEP HDD CDD  WTR  SNW DPTH SPD SPD DIR MIN PSBL S-S WX    SPD DR
================================================================================

 1  63  42  53   5  12   0 0.00  0.0    0 24.0 58 330   M    M   0        68 360
 2  60  38  49   1  16   0 0.00  0.0    0 18.5 43 330   M    M   0        54 320
 3  69  45  57   9   8   0 0.00  0.0    0 13.6 26  80   M    M   0        34  80
 4  75  49  62  14   3   0 0.00  0.0    0 10.6 21 340   M    M   0        27 340
 5  63  40  52   4  13   0 0.00  0.0    0 13.2 24 330   M    M   2        29 320
 6  57  35  46  -2  19   0 0.00  0.0    0 14.2 25 330   M    M   4 18     30 330
 7  49  34  42  -7  23   0 0.05    M    0 14.2 26 180   M    M   7 128    37 180
 8  51  35  43  -6  22   0    T    M    0 16.4 29 340   M    M   4 12     48 360
 9  66  42  54   5  11   0 0.00  0.0    0 11.6 21 110   M    M   0        29 120
10  66  44  55   6  10   0 0.00  0.0    0 12.5 24 340   M    M   0        32 350
11  63  45  54   5  11   0 0.00  0.0    0 18.0 36 340   M    M   0        46 340
12  81  47  64  15   1   0 0.00  0.0    0 12.6 26 350   M    M   0        34 350
13  76  53  65  15   0   0 0.00  0.0    0 12.0 28 170   M    M   0        37 180
14  55  40  48  -2  17   0    T    M    0 25.9 55 330   M    M   3 18     66 320
15  66  37  52   2  13   0 0.00  0.0    0 16.4 44 350   M    M   0        56 350
16  70  44  57   7   8   0 0.00  0.0    0 15.3 30  80   M    M   0        37  90
17  75  50  63  13   2   0 0.00  0.0    0 11.0 24 340   M    M   0        29 340
18  78  54  66  15   0   1 0.00  0.0    0 11.6 24 330   M    M   0        30 340
19  80  55  68  17   0   3 0.00  0.0    0  9.5 18 180   M    M   0        27 160
20  74  48  61  10   4   0 0.00  0.0    0  9.6 21 180   M    M   0        28 180
21  56  41  49  -2  16   0 0.08    M    0 12.6 23 180   M    M   6 128    29 190
22  63  43  53   1  12   0    T    M    0 13.5 22 190   M    M   5 12     27 180
23  62  43  53   1  12   0    T    M    0 12.5 24 170   M    M   4 128    31 180
24  50  44  47  -5  18   0 0.00  0.0    0 10.8 23 180   M    M  10 128    27 180
25  55  42  49  -3  16   0 0.08    M    0 13.9 29 320   M    M   6 128    37 330
26  60  41  51  -2  14   0 0.00  0.0    0 17.8 36 340   M    M   4 1      48 330
================================================================================
SM 1683 1131       281   4  0.21     0.0 371.8          M       55
================================================================================
AV 64.7 43.5                              14.3 FASTST   M    M   2    MAX(MPH)
                                 MISC ---->  # 58 330               # 68  360
================================================================================
NOTES:
# LAST OF SEVERAL OCCURRENCES

COLUMN 17 PEAK WIND IN M.P.H.

PRELIMINARY LOCAL CLIMATOLOGICAL DATA (WS FORM: F-6) , PAGE 2

                                          STATION:  SANDBERG CA
                                          MONTH:    APRIL
                                          YEAR:     2015
                                          LATITUDE:   34 45 N
                                          LONGITUDE: 118 44 W

[TEMPERATURE DATA]      [PRECIPITATION DATA]       SYMBOLS USED IN COLUMN 16

AVERAGE MONTHLY: 54.1   TOTAL FOR MONTH:   0.21    1 = FOG OR MIST
DPTR FM NORMAL:   4.2   DPTR FM NORMAL:   -0.36    2 = FOG REDUCING VISIBILITY
HIGHEST:    81 ON 12    GRTST 24HR  0.08 ON 25-25      TO 1/4 MILE OR LESS
LOWEST:     34 ON  7                               3 = THUNDER
                        SNOW, ICE PELLETS, HAIL    4 = ICE PELLETS
                        TOTAL MONTH:   0.0 INCH    5 = HAIL
                        GRTST 24HR     0.0         6 = FREEZING RAIN OR DRIZZLE
                        GRTST DEPTH:   0           7 = DUSTSTORM OR SANDSTORM:
                                                       VSBY 1/2 MILE OR LESS
                                                   8 = SMOKE OR HAZE
[NO. OF DAYS WITH]      [WEATHER - DAYS WITH]      9 = BLOWING SNOW
                                                   X = TORNADO
MAX 32 OR BELOW:   0    0.01 INCH OR MORE:   3
MAX 90 OR ABOVE:   0    0.10 INCH OR MORE:   0
MIN 32 OR BELOW:   0    0.50 INCH OR MORE:   0
MIN  0 OR BELOW:   0    1.00 INCH OR MORE:   0

[HDD (BASE 65) ]
TOTAL THIS MO.   281    CLEAR  (SCALE 0-3)  17
DPTR FM NORMAL  -117    PTCLDY (SCALE 4-7)   8
TOTAL FM JUL 1  2135    CLOUDY (SCALE 8-10)  1
DPTR FM NORMAL -1592

[CDD (BASE 65) ]
TOTAL THIS MO.     4
DPTR FM NORMAL     4    [PRESSURE DATA]
TOTAL FM JAN 1    39    HIGHEST SLP M ON M
DPTR FM NORMAL    38    LOWEST  SLP 29.78 ON 20

[REMARKS]
