000
CXUS54 KOUN 010800
CF6SPS
PRELIMINARY LOCAL CLIMATOLOGICAL DATA (WS FORM: F-6)

                                          STATION:   WICHITA FALLS
                                          MONTH:     MARCH
                                          YEAR:      2015
                                          LATITUDE:   33 58 N
                                          LONGITUDE:  98 29 W

  TEMPERATURE IN F:       :PCPN:    SNOW:  WIND      :SUNSHINE: SKY     :PK WND
================================================================================
1   2   3   4   5  6A  6B    7    8   9   10  11  12  13   14  15   16   17  18
                                     12Z  AVG MX 2MIN
DY MAX MIN AVG DEP HDD CDD  WTR  SNW DPTH SPD SPD DIR MIN PSBL S-S WX    SPD DR
================================================================================

 1  35  29  32 -18  33   0 0.01  0.0    1  8.5 15  20   M    M  10 168    17  20
 2  38  31  35 -15  30   0    T  0.0    0  7.2 15  20   M    M  10 18     18  10
 3  60  37  49  -1  16   0    T  0.0    0  7.6 16 180   M    M   9 18     20 180
 4  50  24  37 -14  28   0 0.17  1.8    0 20.3 32  10   M    M  10 12468  40  10
 5  42  16  29 -22  36   0 0.00  0.0    2  6.7 16 280   M    M   1        25 230
 6  55  22  39 -12  26   0 0.00  0.0    0 10.3 16 240   M    M   0        23 200
 7  66  27  47  -5  18   0 0.00  0.0    0  7.3 16 190   M    M   2        20 200
 8  60  46  53   1  12   0 0.01  0.0    0  9.2 16 140   M    M   6 1      19 190
 9  49  47  48  -4  17   0 0.31  0.0    0  7.1 13  60   M    M  10 1      15 110
10  63  44  54   2  11   0    T  0.0    0  5.6 12 330   M    M   7 18     15 330
11  71  36  54   1  11   0 0.00  0.0    0  4.2 10  60   M    M   2 12     13  70
12  73  42  58   5   7   0 0.00  0.0    0  6.2 15  40   M    M   1        20  40
13  70  44  57   4   8   0    T  0.0    0  9.9 24  20   M    M   6 18     29  20
14  71  52  62   8   3   0 0.00  0.0    0 12.4 25  10   M    M   5        30  20
15  69  43  56   2   9   0 0.00  0.0    0  4.3 13  30   M    M   4        14  30
16  79  47  63   9   2   0 0.00  0.0    0 10.9 21 220   M    M   3 1      25 210
17  69  55  62   8   3   0 0.00  0.0    0 13.6 28  10   M    M   7        30  10
18  64  51  58   3   7   0 0.04  0.0    0  7.0 14 340   M    M   8 18     17 340
19  67  50  59   4   6   0 0.26  0.0    0 12.0 30 340   M    M  10 138    38 340
20  55  48  52  -3  13   0 0.00  0.0    0  9.2 21  10   M    M   8 18     23  10
21  63  47  55  -1  10   0 0.41  0.0    0  3.5 16 140   M    M   4 1      19 140
22  69  52  61   5   4   0 0.10  0.0    0  4.1 12 170   M    M   6 12     14 160
23  78  48  63   7   2   0 0.00  0.0    0 13.7 25 170   M    M   1 12     30 170
24  84  56  70  14   0   5 0.00  0.0    0 12.4 28 220   M    M   1        34 230
25  88  50  69  12   0   4 0.00  0.0    0 17.7 41  10   M    M   3 1      56 360
26  64  42  53  -4  12   0 0.00  0.0    0 16.7 38 360   M    M   2        48  10
27  64  40  52  -5  13   0 0.00  0.0    0  9.9 24  20   M    M   3        27  20
28  81  42  62   4   3   0 0.00  0.0    0  8.3 16 190   M    M   0        20 190
29  84  51  68  10   0   3 0.00  0.0    0 11.5 28  10   M    M   0        33  20
30  79  45  62   4   3   0 0.00  0.0    0  7.8 15  90   M    M   3        18  70
31  86  54  70  12   0   5 0.47  0.0    0 10.9 44 310   M    M   3 123    53 310
================================================================================
SM 2046 1318       343  17  1.78     1.8 296.0          M      145
================================================================================
AV 66.0 42.5                               9.5 FASTST   M    M   5    MAX(MPH)
                                 MISC ---->  # 44 310               # 56  360
================================================================================
NOTES:
# LAST OF SEVERAL OCCURRENCES

COLUMN 17 PEAK WIND IN M.P.H.

PRELIMINARY LOCAL CLIMATOLOGICAL DATA (WS FORM: F-6) , PAGE 2

                                          STATION:  WICHITA FALLS
                                          MONTH:    MARCH
                                          YEAR:     2015
                                          LATITUDE:   33 58 N
                                          LONGITUDE:  98 29 W

[TEMPERATURE DATA]      [PRECIPITATION DATA]       SYMBOLS USED IN COLUMN 16

AVERAGE MONTHLY: 54.3   TOTAL FOR MONTH:   1.78    1 = FOG OR MIST
DPTR FM NORMAL:   0.2   DPTR FM NORMAL:   -0.42    2 = FOG REDUCING VISIBILITY
HIGHEST:    88 ON 25    GRTST 24HR  0.47 ON 31-31      TO 1/4 MILE OR LESS
LOWEST:     16 ON  5                               3 = THUNDER
                        SNOW, ICE PELLETS, HAIL    4 = ICE PELLETS
                        TOTAL MONTH:   1.8 INCHES  5 = HAIL
                        GRTST 24HR   1.8 ON   M    6 = FREEZING RAIN OR DRIZZLE
                        GRTST DEPTH:   2 ON  5     7 = DUSTSTORM OR SANDSTORM:
                                                       VSBY 1/2 MILE OR LESS
                                                   8 = SMOKE OR HAZE
[NO. OF DAYS WITH]      [WEATHER - DAYS WITH]      9 = BLOWING SNOW
                                                   X = TORNADO
MAX 32 OR BELOW:   0    0.01 INCH OR MORE:   9
MAX 90 OR ABOVE:   0    0.10 INCH OR MORE:   6
MIN 32 OR BELOW:   6    0.50 INCH OR MORE:   0
MIN  0 OR BELOW:   0    1.00 INCH OR MORE:   0

[HDD (BASE 65) ]
TOTAL THIS MO.   343    CLEAR  (SCALE 0-3)  14
DPTR FM NORMAL   -14    PTCLDY (SCALE 4-7)  11
TOTAL FM JUL 1  2782    CLOUDY (SCALE 8-10)  6
DPTR FM NORMAL   -21

[CDD (BASE 65) ]
TOTAL THIS MO.    17
DPTR FM NORMAL    -2    [PRESSURE DATA]
TOTAL FM JAN 1    17    HIGHEST SLP M ON M
DPTR FM NORMAL    -5    LOWEST  SLP 29.58 ON 25

[REMARKS]
#FINAL-03-15#
