000
CXUS53 KUNR 190945
CF6UNR
PRELIMINARY LOCAL CLIMATOLOGICAL DATA (WS FORM: F-6)

                                          STATION:   EAST RAPID CITY SD
                                          MONTH:     APRIL
                                          YEAR:      2015
                                          LATITUDE:   44  4 N
                                          LONGITUDE: 103 13 W

  TEMPERATURE IN F:       :PCPN:    SNOW:  WIND      :SUNSHINE: SKY     :PK WND
================================================================================
1   2   3   4   5  6A  6B    7    8   9   10  11  12  13   14  15   16   17  18
                                     12Z  AVG MX 2MIN
DY MAX MIN AVG DEP HDD CDD  WTR  SNW DPTH SPD SPD DIR MIN PSBL S-S WX    SPD DR
================================================================================

 1  67  40  54  14  11   0 0.00  0.0    0 14.5 25 320   M    M   M        48  10
 2  49  28  39  -1  26   0 0.00  0.0    0 13.3  M   M   M    M   M        43 360
 3  50  25  38  -3  27   0    T    T    0  6.5 23  10   M    M   M 4      33 320
 4  61  35  48   7  17   0 0.00  0.0    0  6.1 13  40   M    M   M        17  70
 5  59  34  47   6  18   0 0.00  0.0    0  8.8 16 330   M    M   M        22 330
 6  41  28  35  -7  30   0    T  0.0    0  6.8 14  10   M    M   M        20  20
 7  52  32  42   0  23   0    T  0.0    0  7.6 14  10   M    M   M 1      18  20
 8  40  31  36  -6  29   0 0.15    T    0  9.6 20 360   M    M   M 1      29 360
 9  52  31  42   0  23   0 0.01    T    0 11.2 24 330   M    M   M 1      31 330
10  65  40  53  10  12   0 0.00  0.0    0  9.2 23 140   M    M   M        32 150
11  76  42  59  16   6   0 0.00  0.0    0  8.4 23 200   M    M   M        36 210
12  67  37  52   8  13   0    T  0.0    0 12.2 32 320   M    M   M        44 320
13  64  37  51   7  14   0 0.00  0.0    0  7.1 15  40   M    M   M        22 120
14  79  37  58  14   7   0 0.00  0.0    0 14.2 25 160   M    M   M        40 160
15  57  42  50   5  15   0 0.03  0.0    0 14.1 23  10   M    M   M        32 350
16  54  43  49   4  16   0 0.00  0.0    0 13.5 26  10   M    M   M        37 360
17  57  42  50   5  15   0 0.01  0.0    0  7.1 14 180   M    M   M        18 180
18  51  44  48   2  17   0 0.31  0.0    0  9.3 36 320   M    M   M        49 330
================================================================================
SM 1041  648       319   0  0.51    T    179.5          M        M
================================================================================
AV 57.8 36.0                              10.0 FASTST   M    M   4    MAX(MPH)
                                 MISC ---->  # 36 320               # 49  330
================================================================================
NOTES:
# LAST OF SEVERAL OCCURRENCES

COLUMN 17 PEAK WIND IN M.P.H.

PRELIMINARY LOCAL CLIMATOLOGICAL DATA (WS FORM: F-6) , PAGE 2

                                          STATION:  EAST RAPID CITY SD
                                          MONTH:    APRIL
                                          YEAR:     2015
                                          LATITUDE:   44  4 N
                                          LONGITUDE: 103 13 W

[TEMPERATURE DATA]      [PRECIPITATION DATA]       SYMBOLS USED IN COLUMN 16

AVERAGE MONTHLY: 46.9   TOTAL FOR MONTH:   0.51    1 = FOG OR MIST
DPTR FM NORMAL:   4.1   DPTR FM NORMAL:   -0.56    2 = FOG REDUCING VISIBILITY
HIGHEST:    79 ON 14    GRTST 24HR  0.31 ON 18-18      TO 1/4 MILE OR LESS
LOWEST:     25 ON  3                               3 = THUNDER
                        SNOW, ICE PELLETS, HAIL    4 = ICE PELLETS
                        TOTAL MONTH:    T          5 = HAIL
                        GRTST 24HR    T  ON  9- 9  6 = FREEZING RAIN OR DRIZZLE
                        GRTST DEPTH:   0           7 = DUSTSTORM OR SANDSTORM:
                                                       VSBY 1/2 MILE OR LESS
                                                   8 = SMOKE OR HAZE
[NO. OF DAYS WITH]      [WEATHER - DAYS WITH]      9 = BLOWING SNOW
                                                   X = TORNADO
MAX 32 OR BELOW:   0    0.01 INCH OR MORE:   5
MAX 90 OR ABOVE:   0    0.10 INCH OR MORE:   2
MIN 32 OR BELOW:   6    0.50 INCH OR MORE:   0
MIN  0 OR BELOW:   0    1.00 INCH OR MORE:   0

[HDD (BASE 65) ]
TOTAL THIS MO.   319    CLEAR  (SCALE 0-3)   0
DPTR FM NORMAL   -82    PTCLDY (SCALE 4-7)   0
TOTAL FM JUL 1  5640    CLOUDY (SCALE 8-10)  0
DPTR FM NORMAL  -623

[CDD (BASE 65) ]
TOTAL THIS MO.     0
DPTR FM NORMAL     0    [PRESSURE DATA]
TOTAL FM JAN 1     6    HIGHEST SLP M ON M
DPTR FM NORMAL     6    LOWEST  SLP 29.25 ON 12

[REMARKS]
