000
CDUS41 KPHI 280629
CLIABE


CLIMATE REPORT
NATIONAL WEATHER SERVICE MOUNT HOLLY NJ
229 AM EDT TUE APR 28 2015


...................................

...THE ALLENTOWN PA CLIMATE SUMMARY FOR APRIL 27 2015...

CLIMATE NORMAL PERIOD 1981 TO 2010
CLIMATE RECORD PERIOD 1922 TO 2015


WEATHER ITEM   OBSERVED TIME   RECORD YEAR NORMAL DEPARTURE LAST
                VALUE   (LST)  VALUE       VALUE  FROM      YEAR
                                                  NORMAL
..................................................................
TEMPERATURE (F)
 YESTERDAY
  MAXIMUM         58    442 PM  92    1990  66     -8       60
  MINIMUM         40    105 AM  30    1933  42     -2       39
  AVERAGE         49                        54     -5       50

PRECIPITATION (IN)
  YESTERDAY        0.00          1.13 1980   0.12  -0.12     0.00
  MONTH TO DATE    1.77                      3.21  -1.44     3.06
  SINCE MAR 1      6.24                      6.60  -0.36     5.50
  SINCE JAN 1     10.79                     12.33  -1.54    14.49

SNOWFALL (IN)
  YESTERDAY        0.0           1.0  1967   0.0    0.0      0.0
  MONTH TO DATE    T                         1.0   -1.0      0.3
  SINCE MAR 1     17.8                       5.9   11.9      1.4
  SINCE JUL 1     50.1                      32.9   17.2     68.1
  SNOW DEPTH       0

DEGREE DAYS
 HEATING
  YESTERDAY       16                        11      5       15
  MONTH TO DATE  391                       424    -33      412
  SINCE MAR 1   1345                      1227    118     1374
  SINCE JUL 1   5826                      5536    290     5972

 COOLING
  YESTERDAY        0                         0      0        0
  MONTH TO DATE    0                         0      0        7
  SINCE MAR 1      0                         0      0        7
  SINCE JAN 1      0                         0      0        7
..................................................................


WIND (MPH)
  HIGHEST WIND SPEED    20   HIGHEST WIND DIRECTION     N (340)
  HIGHEST GUST SPEED    26   HIGHEST GUST DIRECTION     N (340)
  AVERAGE WIND SPEED    10.3


SKY COVER
  POSSIBLE SUNSHINE  MM
  AVERAGE SKY COVER 0.9


WEATHER CONDITIONS
 THE FOLLOWING WEATHER WAS RECORDED YESTERDAY.
  NO SIGNIFICANT WEATHER WAS OBSERVED.


RELATIVE HUMIDITY (PERCENT)
 HIGHEST    60           200 AM
 LOWEST     39           200 PM
 AVERAGE    50

..........................................................


THE ALLENTOWN PA CLIMATE NORMALS FOR TODAY
                         NORMAL    RECORD    YEAR
 MAXIMUM TEMPERATURE (F)   66        91      1990
 MINIMUM TEMPERATURE (F)   43        28      1947


SUNRISE AND SUNSET
APRIL 28 2015.........SUNRISE   605 AM EDT   SUNSET   754 PM EDT
APRIL 29 2015.........SUNRISE   603 AM EDT   SUNSET   755 PM EDT


-  INDICATES NEGATIVE NUMBERS.
R  INDICATES RECORD WAS SET OR TIED.
MM INDICATES DATA IS MISSING.
T  INDICATES TRACE AMOUNT.




$$
