000
CDUS42 KCAE 190636
CLIAGS


CLIMATE REPORT
NATIONAL WEATHER SERVICE COLUMBIA SC
236 AM EDT SUN APR 19 2015


...................................

...THE AUGUSTA REGIONAL BUSH FIELD GA CLIMATE SUMMARY FOR APRIL 18 2015...

CLIMATE NORMAL PERIOD 1981 TO 2010
CLIMATE RECORD PERIOD 1873 TO 2015


WEATHER ITEM   OBSERVED TIME   RECORD YEAR NORMAL DEPARTURE LAST
                VALUE   (LST)  VALUE       VALUE  FROM      YEAR
                                                  NORMAL
..................................................................
TEMPERATURE (F)
 YESTERDAY
  MAXIMUM         76    256 PM  91    1896  78     -2       58
  MINIMUM         63   1108 PM  34    2001  49     14       49
                                      1999
  AVERAGE         70                        63      7       54

PRECIPITATION (IN)
  YESTERDAY        1.11          2.19 1900   0.09   1.02     1.76
  MONTH TO DATE    2.73                      1.81   0.92     3.71
  SINCE MAR 1      5.77                      5.99  -0.22     6.27
  SINCE JAN 1     12.57                     13.82  -1.25    12.48

SNOWFALL (IN)
  YESTERDAY        0.0          MM      MM   0.0             0.0
  MONTH TO DATE    0.0                       0.0             0.0
  SINCE MAR 1      0.0                       0.0             0.0
  SINCE JUL 1      T                         0.9             3.3

DEGREE DAYS
 HEATING
  YESTERDAY        0                         4     -4       11
  MONTH TO DATE   26                        91    -65       83
  SINCE MAR 1    239                       387   -148      483
  SINCE JUL 1   2525                      2419    106     2645

 COOLING
  YESTERDAY        5                         2      3        0
  MONTH TO DATE   83                        24     59       18
  SINCE MAR 1     95                        39     56       18
  SINCE JAN 1     95                        42     53       20
..................................................................


WIND (MPH)
  HIGHEST WIND SPEED     9   HIGHEST WIND DIRECTION     E (80)
  HIGHEST GUST SPEED    13   HIGHEST GUST DIRECTION     E (80)
  AVERAGE WIND SPEED     3.1


SKY COVER
  AVERAGE SKY COVER 0.8


WEATHER CONDITIONS
 THE FOLLOWING WEATHER WAS RECORDED YESTERDAY.
  HEAVY RAIN
  RAIN
  LIGHT RAIN
  FOG
  FOG W/VISIBILITY <= 1/4 MILE


RELATIVE HUMIDITY (PERCENT)
 HIGHEST   100          1200 AM
 LOWEST     79           300 PM
 AVERAGE    90

..........................................................


THE AUGUSTA REGIONAL BUSH FIELD GA CLIMATE NORMALS FOR TODAY
                         NORMAL    RECORD    YEAR
 MAXIMUM TEMPERATURE (F)   78        92      2002
                                             1976
 MINIMUM TEMPERATURE (F)   49        33      2001
                                             1983


SUNRISE AND SUNSET
APRIL 19 2015.........SUNRISE   653 AM EDT   SUNSET   801 PM EDT
APRIL 20 2015.........SUNRISE   652 AM EDT   SUNSET   802 PM EDT


-  INDICATES NEGATIVE NUMBERS.
R  INDICATES RECORD WAS SET OR TIED.
MM INDICATES DATA IS MISSING.
T  INDICATES TRACE AMOUNT.




$$
