000
CDUS43 KAPX 260544
CLIANJ


CLIMATE REPORT
NATIONAL WEATHER SERVICE GAYLORD MI
143 AM EDT SUN APR 26 2015


...................................

...THE SAULT STE MARIE MI CLIMATE SUMMARY FOR APRIL 25 2015...

CLIMATE NORMAL PERIOD 1981 TO 2010
CLIMATE RECORD PERIOD 1888 TO 2015


WEATHER ITEM   OBSERVED TIME   RECORD YEAR NORMAL DEPARTURE LAST
                VALUE   (LST)  VALUE       VALUE  FROM      YEAR
                                                  NORMAL
..................................................................
TEMPERATURE (F)
 YESTERDAY
  MAXIMUM         51   1251 PM  85    1990  55     -4       45
  MINIMUM         24    432 AM  18    1892  35    -11       33
  AVERAGE         38                        45     -7       39

PRECIPITATION (IN)
  YESTERDAY        0.00          1.09 2008   0.08  -0.08     0.19
  MONTH TO DATE    1.74                      2.02  -0.28     3.13
  SINCE MAR 1      3.16                      3.97  -0.81     4.84
  SINCE JAN 1      6.53                      7.50  -0.97     8.20

SNOWFALL (IN)
  YESTERDAY        0.0           4.7  1909   0.2   -0.2      0.3
  MONTH TO DATE    2.6                       6.3   -3.7     10.6
  SINCE OCT 1    168.4                     119.9   48.5    134.9
  SINCE JUL 1    168.4                     119.9   48.5    134.9
  SNOW DEPTH       0

DEGREE DAYS
 HEATING
  YESTERDAY       27                        20      7       26
  MONTH TO DATE  693                       646     47      775
  SINCE MAR 1   2017                      1846    171     2273
  SINCE JUL 1   8796                      7972    824     9053

 COOLING
  YESTERDAY        0                         0      0        0
  MONTH TO DATE    0                         0      0        0
  SINCE MAR 1      0                         0      0        0
  SINCE JAN 1      0                         0      0        0
..................................................................


WIND (MPH)
  HIGHEST WIND SPEED    17   HIGHEST WIND DIRECTION    NW (310)
  HIGHEST GUST SPEED    23   HIGHEST GUST DIRECTION    NW (300)
  AVERAGE WIND SPEED     7.0




RELATIVE HUMIDITY (PERCENT)
 HIGHEST    88
 LOWEST     31
 AVERAGE    60

..........................................................


THE SAULT STE MARIE MI CLIMATE NORMALS FOR TODAY
                         NORMAL    RECORD    YEAR
 MAXIMUM TEMPERATURE (F)   55        84      1990
 MINIMUM TEMPERATURE (F)   35        18      1907


SUNRISE AND SUNSET
APRIL 26 2015.........SUNRISE   632 AM EDT   SUNSET   840 PM EDT
APRIL 27 2015.........SUNRISE   630 AM EDT   SUNSET   841 PM EDT


-  INDICATES NEGATIVE NUMBERS.
R  INDICATES RECORD WAS SET OR TIED.
MM INDICATES DATA IS MISSING.
T  INDICATES TRACE AMOUNT.




$$
