000
CDUS45 KBOU 240725
CLIAPA


CLIMATE REPORT
NATIONAL WEATHER SERVICE BOULDER, CO
125 AM MDT FRI APR 24 2015


...................................

...THE CENTENNIAL CO CLIMATE SUMMARY FOR APRIL 23 2015...

CLIMATE NORMAL PERIOD 1981 TO 2010
CLIMATE RECORD PERIOD 9999 TO 9999


WEATHER ITEM   OBSERVED RECORD YEAR NORMAL DEPARTURE LAST
                VALUE   VALUE       VALUE  FROM      YEAR
                                           NORMAL
...........................................................
TEMPERATURE (F)
 YESTERDAY
  MAXIMUM         68     MM      MM  61      7       71
  MINIMUM         42     MM      MM  35      7       37
  AVERAGE         55                 48      7       54

PRECIPITATION (IN)
  YESTERDAY        T     MM      MM   0.08  -0.08     0.49
  MONTH TO DATE    1.67               1.56   0.11     1.17
  SINCE MAR 1      2.48               2.69  -0.21     1.91
  SINCE JAN 1      4.10               3.62   0.48     2.76

DEGREE DAYS
 HEATING
  YESTERDAY       10
  MONTH TO DATE  402

 COOLING
  YESTERDAY        0
  MONTH TO DATE    0
...........................................................


WIND (MPH)
  RESULTANT WIND SPEED   8   RESULTANT WIND DIRECTION  SW (230)
  HIGHEST WIND SPEED    26   HIGHEST WIND DIRECTION    NW (320)
  HIGHEST GUST SPEED    34   HIGHEST GUST DIRECTION    NW (310)


SKY COVER
  POSSIBLE SUNSHINE  MM
  AVERAGE SKY COVER 0.6


WEATHER CONDITIONS
 THE FOLLOWING WEATHER WAS RECORDED YESTERDAY.
  THUNDERSTORM
  LIGHT RAIN


RELATIVE HUMIDITY (PERCENT)
 HIGHEST    62
 LOWEST     19
 AVERAGE    41

..........................................................


THE CENTENNIAL CO CLIMATE NORMALS FOR TODAY
                         NORMAL    RECORD    YEAR
 MAXIMUM TEMPERATURE (F)   61        MM        MM
 MINIMUM TEMPERATURE (F)   36        MM        MM


SUNRISE AND SUNSET
APRIL 24 2015.........SUNRISE   610 AM MDT   SUNSET   746 PM MDT
APRIL 25 2015.........SUNRISE   608 AM MDT   SUNSET   747 PM MDT


-  INDICATES NEGATIVE NUMBERS.
R  INDICATES RECORD WAS SET OR TIED.
MM INDICATES DATA IS MISSING.
T  INDICATES TRACE AMOUNT.




$$
