000
CDUS46 KPQR 062322
CLIAST


CLIMATE REPORT
NATIONAL WEATHER SERVICE PORTLAND OREGON
421 PM PDT WED MAY 6 2015


...................................

...THE ASTORIA OR CLIMATE SUMMARY FOR MAY 6 2015...
VALID TODAY AS OF 0400 PM LOCAL TIME.

CLIMATE NORMAL PERIOD 1981 TO 2010
CLIMATE RECORD PERIOD 1892 TO 2015


WEATHER ITEM   OBSERVED TIME   RECORD YEAR NORMAL DEPARTURE LAST
                VALUE   (LST)  VALUE       VALUE  FROM      YEAR
                                                  NORMAL
..................................................................
TEMPERATURE (F)
 TODAY
  MAXIMUM         60   1251 PM  80    1987  59      1       58
                                      1949
  MINIMUM         43    548 AM  30    1907  44     -1       46
  AVERAGE         52                        51      1       52

PRECIPITATION (IN)
  TODAY            T             0.98 2009   0.12  -0.12     0.00
  MONTH TO DATE    0.29                      0.75  -0.46     1.95
  SINCE OCT 1     51.28                     57.81  -6.53    46.81
  SINCE JAN 1     25.66                     30.79  -5.13    34.65

DEGREE DAYS
 HEATING
  TODAY           13                        14     -1       13
  MONTH TO DATE   75                        84     -9       56
  SINCE MAR 1   1005                      1151   -146     1009
  SINCE JUL 1   3545                      4493   -948     4438

 COOLING
  TODAY            0                         0      0        0
  MONTH TO DATE    0                         0      0        4
  SINCE MAR 1      2                         0      2        7
  SINCE JAN 1      2                         0      2        7
..................................................................


WIND (MPH)
  HIGHEST WIND SPEED    21   HIGHEST WIND DIRECTION    NW (310)
  HIGHEST GUST SPEED    27   HIGHEST GUST DIRECTION    NW (330)
  AVERAGE WIND SPEED     6.8


SKY COVER
  POSSIBLE SUNSHINE  MM
  AVERAGE SKY COVER 0.5


WEATHER CONDITIONS
 THE FOLLOWING WEATHER WAS RECORDED TODAY.
  LIGHT RAIN
  FOG
  FOG W/VISIBILITY <= 1/4 MILE


RELATIVE HUMIDITY (PERCENT)
 HIGHEST   100           500 AM
 LOWEST     53          1200 PM
 AVERAGE    77

..........................................................


THE ASTORIA OR CLIMATE NORMALS FOR TOMORROW
                         NORMAL    RECORD    YEAR
 MAXIMUM TEMPERATURE (F)   59        83      1987
                                             1969
 MINIMUM TEMPERATURE (F)   44        33      1985


SUNRISE AND SUNSET
MAY  6 2015...........SUNRISE   555 AM PDT   SUNSET   830 PM PDT
MAY  7 2015...........SUNRISE   553 AM PDT   SUNSET   831 PM PDT


-  INDICATES NEGATIVE NUMBERS.
R  INDICATES RECORD WAS SET OR TIED.
MM INDICATES DATA IS MISSING.
T  INDICATES TRACE AMOUNT.




$$
