000
CDUS43 KABR 262226
CLIATY


CLIMATE REPORT
NATIONAL WEATHER SERVICE ABERDEEN SD
526 PM CDT SUN APR 26 2015


...................................

...THE WATERTOWN SD CLIMATE SUMMARY FOR APRIL 26 2015...
VALID TODAY AS OF 0500 PM LOCAL TIME.

CLIMATE NORMAL PERIOD 1981 TO 2010
CLIMATE RECORD PERIOD 1898 TO 2015


WEATHER ITEM   OBSERVED TIME   RECORD YEAR NORMAL DEPARTURE LAST
                VALUE   (LST)  VALUE       VALUE  FROM      YEAR
                                                  NORMAL
..................................................................
TEMPERATURE (F)
 TODAY
  MAXIMUM         65    359 PM  82    1952  61      4       54
  MINIMUM         32    615 AM  17    1931  37     -5       39
  AVERAGE         49                        49      0       47

PRECIPITATION (IN)
  TODAY            0.00          1.30 1912   0.08  -0.08     0.00
  MONTH TO DATE    0.39                      1.69  -1.30     0.56
  SINCE MAR 1      0.74                      2.80  -2.06     1.53
  SINCE JAN 1      1.39                      3.88  -2.49     1.96

SNOWFALL (IN)
  TODAY            0.0
  MONTH TO DATE    T
  SINCE OCT 1     25.3
  SINCE JUL 1     25.3
  SNOW DEPTH       0

DEGREE DAYS
 HEATING
  TODAY           16                        16      0       18
  MONTH TO DATE  470                       574   -104      630
  SINCE MAR 1   1432                      1678   -246     1879
  SINCE JUL 1   7824                      8089   -265     8845

 COOLING
  TODAY            0                         0      0        0
  MONTH TO DATE    0                         0      0        0
  SINCE MAR 1      0                         0      0        0
  SINCE JAN 1      0                         0      0        0
..................................................................


WIND (MPH)
  HIGHEST WIND SPEED    12   HIGHEST WIND DIRECTION     E (100)
  HIGHEST GUST SPEED    16   HIGHEST GUST DIRECTION     E (70)
  AVERAGE WIND SPEED     3.0


SKY COVER
  POSSIBLE SUNSHINE  MM
  AVERAGE SKY COVER 0.1


WEATHER CONDITIONS
 THE FOLLOWING WEATHER WAS RECORDED TODAY.
  NO SIGNIFICANT WEATHER WAS OBSERVED.


RELATIVE HUMIDITY (PERCENT)
 HIGHEST    92           200 AM
 LOWEST     27           400 PM
 AVERAGE    60

..........................................................


THE WATERTOWN SD CLIMATE NORMALS FOR TOMORROW
                         NORMAL    RECORD    YEAR
 MAXIMUM TEMPERATURE (F)   62        85      1977
                                             1910
 MINIMUM TEMPERATURE (F)   37        16      1909


SUNRISE AND SUNSET
APRIL 26 2015.........SUNRISE   626 AM CDT   SUNSET   828 PM CDT
APRIL 27 2015.........SUNRISE   625 AM CDT   SUNSET   829 PM CDT


-  INDICATES NEGATIVE NUMBERS.
R  INDICATES RECORD WAS SET OR TIED.
MM INDICATES DATA IS MISSING.
T  INDICATES TRACE AMOUNT.




$$
