000
CDUS41 KBGM 020602
CLIAVP


CLIMATE REPORT
NATIONAL WEATHER SERVICE BINGHAMTON NY
159 AM EDT THU APR 2 2015


...................................

...THE AVOCA PA CLIMATE SUMMARY FOR APRIL 1 2015...

CLIMATE NORMAL PERIOD 1981 TO 2010
CLIMATE RECORD PERIOD 1901 TO 2015


WEATHER ITEM   OBSERVED TIME   RECORD YEAR NORMAL DEPARTURE LAST
                VALUE   (LST)  VALUE       VALUE  FROM      YEAR
                                                  NORMAL
..................................................................
TEMPERATURE (F)
 YESTERDAY
  MAXIMUM         48    517 PM  79    1917  53     -5       61
  MINIMUM         22    649 AM   8    1923  33    -11       27
  AVERAGE         35                        43     -8       44

PRECIPITATION (IN)
  YESTERDAY        0.00          1.04 1998   0.10  -0.10     0.00
  MONTH TO DATE    0.00                      0.10  -0.10     0.00
  SINCE MAR 1      1.96                      2.65  -0.69     2.07
  SINCE JAN 1      4.96                      7.05  -2.09     6.95

SNOWFALL (IN)
  YESTERDAY       MM             0.9  2003   0.1   MM        0.0
  MONTH TO DATE   MM                         0.1   MM        0.0
  SINCE MAR 1      9.0                       9.1   -0.1      2.4
  SINCE JUL 1     51.4                      43.0    8.4     58.2

DEGREE DAYS
 HEATING
  YESTERDAY       30                        22      8       21
  MONTH TO DATE   30                        22      8       21
  SINCE MAR 1   1025                       893    132     1064
  SINCE JUL 1   5722                      5499    223     5887

 COOLING
  YESTERDAY        0                         0      0        0
  MONTH TO DATE    0                         0      0        0
  SINCE MAR 1      0                         0      0        0
  SINCE JAN 1      0                         0      0        0
..................................................................


WIND (MPH)
  HIGHEST WIND SPEED    20   HIGHEST WIND DIRECTION     N (340)
  HIGHEST GUST SPEED    25   HIGHEST GUST DIRECTION     N (340)
  AVERAGE WIND SPEED     5.0


SKY COVER
  AVERAGE SKY COVER 0.1



RELATIVE HUMIDITY (PERCENT)
 HIGHEST    92           800 AM
 LOWEST     31           400 PM
 AVERAGE    62

..........................................................


THE AVOCA PA CLIMATE NORMALS FOR TODAY
                         NORMAL    RECORD    YEAR
 MAXIMUM TEMPERATURE (F)   53        80      1967
 MINIMUM TEMPERATURE (F)   33        19      1911


SUNRISE AND SUNSET
APRIL  2 2015.........SUNRISE   645 AM EDT   SUNSET   729 PM EDT
APRIL  3 2015.........SUNRISE   643 AM EDT   SUNSET   730 PM EDT


-  INDICATES NEGATIVE NUMBERS.
R  INDICATES RECORD WAS SET OR TIED.
MM INDICATES DATA IS MISSING.
T  INDICATES TRACE AMOUNT.

$$
