000
CDUS45 KCYS 060728
CLIBFF


CLIMATE REPORT
NATIONAL WEATHER SERVICE CHEYENNE WY
128 AM MDT WED MAY 6 2015


...................................

...THE SCOTTSBLUFF NE AIRPORT CLIMATE SUMMARY FOR MAY 5 2015...

CLIMATE NORMAL PERIOD 1981 TO 2010
CLIMATE RECORD PERIOD 1871 TO 2015


WEATHER ITEM   OBSERVED TIME   RECORD YEAR NORMAL DEPARTURE LAST
                VALUE   (LST)  VALUE       VALUE  FROM      YEAR
                                                  NORMAL
..................................................................
TEMPERATURE (F)
 YESTERDAY
  MAXIMUM         61   1031 AM  95    2004  68     -7       75
  MINIMUM         47    508 AM  21    1898  39      8       40
  AVERAGE         54                        54      0       58

PRECIPITATION (IN)
  YESTERDAY        0.08          1.48 1969   0.07   0.01     0.00
  MONTH TO DATE    0.14                      0.33  -0.19      T
  SINCE JAN 1      4.35                      4.17   0.18     3.07

SNOWFALL (IN)
  YESTERDAY        0.0           1.3  1967   0.0    0.0      0.0
  MONTH TO DATE    0.0                       0.2   -0.2      0.0
  SINCE JUL 1     43.7                      41.8    1.9     61.5
  SNOW DEPTH       0

DEGREE DAYS
 HEATING
  YESTERDAY       11                        12     -1        7
  MONTH TO DATE   32                        63    -31       46
  SINCE MAR 1   1121                      1444   -323     1373
  SINCE JUL 1   5836                      6356   -520     6406

 COOLING
  YESTERDAY        0                         0      0        0
  MONTH TO DATE    0                         0      0        0
  SINCE MAR 1      0                         2     -2        0
  SINCE JAN 1      0                         2     -2        0
..................................................................


WIND (MPH)
  HIGHEST WIND SPEED    21   HIGHEST WIND DIRECTION    SE (120)
  HIGHEST GUST SPEED    25   HIGHEST GUST DIRECTION    SE (120)
  AVERAGE WIND SPEED    12.8


SKY COVER
  AVERAGE SKY COVER 1.0


WEATHER CONDITIONS
 THE FOLLOWING WEATHER WAS RECORDED YESTERDAY.
  LIGHT RAIN
  FOG
  HAZE


RELATIVE HUMIDITY (PERCENT)
 HIGHEST   100           700 PM
 LOWEST     64          1100 AM
 AVERAGE    82

..........................................................


THE SCOTTSBLUFF NE AIRPORT CLIMATE NORMALS FOR TODAY
                         NORMAL    RECORD    YEAR
 MAXIMUM TEMPERATURE (F)   69        91      1966
 MINIMUM TEMPERATURE (F)   39        16      1898


SUNRISE AND SUNSET
MAY  6 2015...........SUNRISE   545 AM MDT   SUNSET   758 PM MDT
MAY  7 2015...........SUNRISE   543 AM MDT   SUNSET   759 PM MDT


-  INDICATES NEGATIVE NUMBERS.
R  INDICATES RECORD WAS SET OR TIED.
MM INDICATES DATA IS MISSING.
T  INDICATES TRACE AMOUNT.




$$
