000
CDUS46 KHNX 060822
CLIBFL


CLIMATE REPORT
NATIONAL WEATHER SERVICE SAN JOAQUIN VALLEY, CA
122 AM PDT WED MAY 6 2015


...................................

...THE BAKERSFIELD CLIMATE SUMMARY FOR MAY 5 2015...

CLIMATE NORMAL PERIOD 1981 TO 2010
CLIMATE RECORD PERIOD 1889 TO 2015


WEATHER ITEM   OBSERVED TIME   RECORD YEAR NORMAL DEPARTURE
                VALUE   (LST)  VALUE       VALUE  FROM
                                                  NORMAL
...............................................................
TEMPERATURE (F)
 YESTERDAY
  MAXIMUM         83    404 PM 100    1990  81      2
  MINIMUM         56    340 AM  42    1930  55      1
  AVERAGE         70                        68      2

PRECIPITATION (IN)
  YESTERDAY        0.00          0.81 1901   0.01  -0.01
  MONTH TO DATE    0.00                      0.05  -0.05
  SINCE OCT 1      4.61                      6.14  -1.53
  SINCE JAN 1      1.94                      4.18  -2.24

SNOWFALL (IN)
  YESTERDAY        0.0
  MONTH TO DATE    0.0
  SINCE MAR 1      0.0
  SINCE JUL 1      0.0
  SNOW DEPTH       0

DEGREE DAYS
 HEATING
  YESTERDAY        0                               -2
  MONTH TO DATE    0                              -10
  SINCE MAR 1    153                             -225
  SINCE JUL 1   1288                             -864

 COOLING
  YESTERDAY        5                                0
  MONTH TO DATE   48                               27
  SINCE MAR 1    210                              123
  SINCE JAN 1    214                              127
...............................................................


WIND (MPH)
  HIGHEST WIND SPEED    18   HIGHEST WIND DIRECTION    NW (320)
  HIGHEST GUST SPEED    23   HIGHEST GUST DIRECTION    NW (320)
  AVERAGE WIND SPEED     8.2




RELATIVE HUMIDITY (PERCENT)
 HIGHEST    57
 LOWEST     20
 AVERAGE    39

..........................................................


THE BAKERSFIELD CLIMATE NORMALS FOR TODAY
                         NORMAL    RECORD    YEAR
 MAXIMUM TEMPERATURE (F)   81       104      1987
 MINIMUM TEMPERATURE (F)   55        42      1988
                                             1984
                                             1933


SUNRISE AND SUNSET
MAY  6 2015...........SUNRISE   600 AM PDT   SUNSET   746 PM PDT
MAY  7 2015...........SUNRISE   559 AM PDT   SUNSET   747 PM PDT


-  INDICATES NEGATIVE NUMBERS.
R  INDICATES RECORD WAS SET OR TIED.
MM INDICATES DATA IS MISSING.
T  INDICATES TRACE AMOUNT.




$$
