000
CDUS44 KBMX 270720
CLIBHM


CLIMATE REPORT
NATIONAL WEATHER SERVICE BIRMINGHAM, AL
219 AM CDT MON APR 27 2015


...................................

...THE BIRMINGHAM CLIMATE SUMMARY FOR APRIL 26 2015...

CLIMATE NORMAL PERIOD 1981 TO 2010
CLIMATE RECORD PERIOD 2014 TO 2015


WEATHER ITEM   OBSERVED TIME   RECORD YEAR NORMAL DEPARTURE LAST
                VALUE   (LST)  VALUE       VALUE  FROM      YEAR
                                                  NORMAL
..................................................................
TEMPERATURE (F)
 YESTERDAY
  MAXIMUM         84    301 PM  89    1986  77      7       84
  MINIMUM         54   1159 PM  34    1910  54      0       53
  AVERAGE         69                        65      4       69

PRECIPITATION (IN)
  YESTERDAY        0.00          1.98 2007   0.14  -0.14     0.00
  MONTH TO DATE    9.89                      3.80   6.09     6.77
  SINCE MAR 1     14.12                      9.03   5.09    11.49
  SINCE JAN 1     22.82                     18.40   4.42    18.42

SNOWFALL (IN)
  YESTERDAY        0.0                       0.0    0.0      0.0
  MONTH TO DATE    0.0                       0.2   -0.2      0.0
  SINCE MAR 1      0.1                       0.8   -0.7      0.0
  SINCE JUL 1      0.8                       1.6   -0.8      5.0
  SNOW DEPTH       0

DEGREE DAYS
 HEATING
  YESTERDAY        0                         3     -3        0
  MONTH TO DATE   34                       131    -97       97
  SINCE MAR 1    293                       453   -160      470
  SINCE JUL 1   2759                      2643    116     2968

 COOLING
  YESTERDAY        4                         3      1        4
  MONTH TO DATE   77                        50     27       35
  SINCE MAR 1     82                        68     14       35
  SINCE JAN 1     82                        72     10       38
..................................................................


WIND (MPH)
  HIGHEST WIND SPEED    22   HIGHEST WIND DIRECTION     N (360)
  HIGHEST GUST SPEED    26   HIGHEST GUST DIRECTION     N (360)
  AVERAGE WIND SPEED    10.3


SKY COVER
  AVERAGE SKY COVER 0.5


WEATHER CONDITIONS
 THE FOLLOWING WEATHER WAS RECORDED YESTERDAY.
  NO SIGNIFICANT WEATHER WAS OBSERVED.


RELATIVE HUMIDITY (PERCENT)
 HIGHEST   100           600 AM
 LOWEST     45           400 PM
 AVERAGE    73

..........................................................


THE BIRMINGHAM CLIMATE NORMALS FOR TODAY
                         NORMAL    RECORD    YEAR
 MAXIMUM TEMPERATURE (F)   77        89      1987
                                             1986
                                             1899
 MINIMUM TEMPERATURE (F)   54        38      1992
                                             1976


SUNRISE AND SUNSET
APRIL 27 2015.........SUNRISE   603 AM CDT   SUNSET   727 PM CDT
APRIL 28 2015.........SUNRISE   602 AM CDT   SUNSET   728 PM CDT


-  INDICATES NEGATIVE NUMBERS.
R  INDICATES RECORD WAS SET OR TIED.
MM INDICATES DATA IS MISSING.
T  INDICATES TRACE AMOUNT.




$$
