000
CDUS43 KBIS 070041
CLIBIS


CLIMATE REPORT
NATIONAL WEATHER SERVICE BISMARCK ND
741 PM CDT WED MAY 6 2015


...................................

...THE BISMARCK ND CLIMATE SUMMARY FOR MAY 6 2015...
VALID TODAY AS OF 0700 PM LOCAL TIME.

CLIMATE NORMAL PERIOD 1981 TO 2010
CLIMATE RECORD PERIOD 1875 TO 2015


WEATHER ITEM   OBSERVED TIME   RECORD YEAR NORMAL DEPARTURE LAST
                VALUE   (LST)  VALUE       VALUE  FROM      YEAR
                                                  NORMAL
..................................................................
TEMPERATURE (F)
 TODAY
  MAXIMUM         71    405 PM  89    1916  66      5       68
  MINIMUM         58    524 AM  17    1989  39     19       45
  AVERAGE         65                        52     13       57

PRECIPITATION (IN)
  TODAY            0.11          0.62 1950   0.06   0.05     0.01
  MONTH TO DATE    0.11                      0.38  -0.27     0.01
  SINCE MAR 1      0.93                      2.51  -1.58     2.78
  SINCE JAN 1      2.07                      3.45  -1.38     3.35

SNOWFALL (IN)
  TODAY            0.0           2.0  1950   0.0    0.0      0.0
  MONTH TO DATE    0.0                       0.2   -0.2       T
  SINCE MAR 1      1.0                      13.5  -12.5     15.3
  SINCE JUL 1     23.9                      51.0  -27.1     40.5
  SNOW DEPTH       0

DEGREE DAYS
 HEATING
  TODAY            0                        13    -13        8
  MONTH TO DATE   34                        83    -49       96
  SINCE MAR 1   1503                      1807   -304     1970
  SINCE JUL 1   7864                      8238   -374     8822

 COOLING
  TODAY            0                         0      0        0
  MONTH TO DATE    0                         0      0        0
  SINCE MAR 1      0                         1     -1        0
  SINCE JAN 1      0                         1     -1        0
..................................................................


WIND (MPH)
  RESULTANT WIND SPEED  13   RESULTANT WIND DIRECTION  SE (140)
  HIGHEST WIND SPEED    23   HIGHEST WIND DIRECTION    SE (140)
  HIGHEST GUST SPEED    27   HIGHEST GUST DIRECTION    SE (130)
  AVERAGE WIND SPEED    13.0


SKY COVER
  POSSIBLE SUNSHINE  MM
  AVERAGE SKY COVER 0.8


WEATHER CONDITIONS
 THE FOLLOWING WEATHER WAS RECORDED TODAY.
  RAIN
  LIGHT RAIN
  FOG
  HAZE


RELATIVE HUMIDITY (PERCENT)
 HIGHEST    97          1100 AM
 LOWEST     31           500 AM
 AVERAGE    64

..........................................................


THE BISMARCK ND CLIMATE NORMALS FOR TOMORROW
                         NORMAL    RECORD    YEAR
 MAXIMUM TEMPERATURE (F)   66        93      1891
 MINIMUM TEMPERATURE (F)   39        22      1943


SUNRISE AND SUNSET
MAY  6 2015...........SUNRISE   621 AM CDT   SUNSET   859 PM CDT
MAY  7 2015...........SUNRISE   619 AM CDT   SUNSET   901 PM CDT


-  INDICATES NEGATIVE NUMBERS.
R  INDICATES RECORD WAS SET OR TIED.
MM INDICATES DATA IS MISSING.
T  INDICATES TRACE AMOUNT.




$$
